CRAN Package Check Results for Package Ghost

Last updated on 2023-03-25 10:49:57 CET.

Flavor Version Tinstall Tcheck Ttotal Status Flags
r-devel-linux-x86_64-debian-clang 0.1.0 3.46 22.52 25.98 OK
r-devel-linux-x86_64-debian-gcc 0.1.0 2.89 18.21 21.10 OK
r-devel-linux-x86_64-fedora-gcc 0.1.0 32.04 NOTE
r-devel-windows-x86_64 0.1.0 18.00 54.00 72.00 OK
r-patched-linux-x86_64 0.1.0 4.68 23.35 28.03 OK
r-release-linux-x86_64 0.1.0 3.87 23.45 27.32 OK
r-release-macos-arm64 0.1.0 15.00 NOTE
r-release-macos-x86_64 0.1.0 22.00 NOTE
r-release-windows-x86_64 0.1.0 18.00 55.00 73.00 OK
r-oldrel-macos-arm64 0.1.0 19.00 NOTE
r-oldrel-macos-x86_64 0.1.0 32.00 NOTE
r-oldrel-windows-ix86+x86_64 0.1.0 7.00 47.00 54.00 OK

Check Details

Version: 0.1.0
Check: dependencies in R code
Result: NOTE
    Namespace in Imports field not imported from: ‘R6’
     All declared Imports should be used.
Flavors: r-devel-linux-x86_64-fedora-gcc, r-release-macos-arm64, r-release-macos-x86_64, r-oldrel-macos-arm64, r-oldrel-macos-x86_64