Last updated on 2023-03-30 03:52:34 CEST.
Flavor | Version | Tinstall | Tcheck | Ttotal | Status | Flags |
---|---|---|---|---|---|---|
r-devel-linux-x86_64-debian-clang | 1.0.1 | 7.05 | 71.51 | 78.56 | NOTE | |
r-devel-linux-x86_64-debian-gcc | 1.0.1 | 6.84 | 53.48 | 60.32 | NOTE | |
r-devel-linux-x86_64-fedora-clang | 1.0.1 | 95.52 | NOTE | |||
r-devel-linux-x86_64-fedora-gcc | 1.0.1 | 93.70 | NOTE | |||
r-devel-windows-x86_64 | 1.0.1 | 14.00 | 0.00 | 14.00 | OK | |
r-patched-linux-x86_64 | 1.0.1 | 14.38 | 67.70 | 82.08 | NOTE | |
r-release-linux-x86_64 | 1.0.1 | 6.52 | 72.77 | 79.29 | NOTE | |
r-release-macos-arm64 | 1.0.1 | 36.00 | OK | |||
r-release-macos-x86_64 | 1.0.1 | 51.00 | OK | |||
r-release-windows-x86_64 | 1.0.1 | 14.00 | 114.00 | 128.00 | OK | |
r-oldrel-macos-arm64 | 1.0.1 | 51.00 | OK | |||
r-oldrel-macos-x86_64 | 1.0.1 | 70.00 | OK | |||
r-oldrel-windows-ix86+x86_64 | 1.0.1 | 18.00 | 111.00 | 129.00 | OK |
Version: 1.0.1
Check: for non-standard things in the check directory
Result: NOTE
Found the following files/directories:
‘Pictures_analyzed’ ‘cutoff_vals’ ‘cutoff_vals1’ ‘gina_cran.JPG’
Flavors: r-devel-linux-x86_64-debian-clang, r-devel-linux-x86_64-debian-gcc, r-devel-linux-x86_64-fedora-clang, r-devel-linux-x86_64-fedora-gcc, r-patched-linux-x86_64, r-release-linux-x86_64