CRAN Package Check Results for Package GillespieSSA

Last updated on 2016-12-10 16:47:09.

Flavor Version Tinstall Tcheck Ttotal Status Flags
r-devel-linux-x86_64-debian-clang 0.5-4 0.77 15.62 16.39 NOTE
r-devel-linux-x86_64-debian-gcc 0.5-4 0.83 15.71 16.53 NOTE
r-devel-linux-x86_64-fedora-clang 0.5-4 28.32 NOTE --no-stop-on-test-error
r-devel-linux-x86_64-fedora-gcc 0.5-4 26.94 NOTE --no-stop-on-test-error
r-devel-macos-x86_64-clang 0.5-4 22.24 NOTE --no-stop-on-test-error
r-devel-windows-ix86+x86_64 0.5-4 7.00 45.00 52.00 NOTE
r-patched-linux-x86_64 0.5-4 0.81 13.82 14.63 NOTE
r-patched-solaris-sparc 0.5-4 138.00 NOTE
r-patched-solaris-x86 0.5-4 29.20 NOTE
r-release-linux-x86_64 0.5-4 0.67 13.90 14.57 NOTE
r-release-osx-x86_64-mavericks 0.5-4 NOTE
r-release-windows-ix86+x86_64 0.5-4 3.00 29.00 32.00 NOTE
r-oldrel-windows-ix86+x86_64 0.5-4 4.00 26.00 30.00 OK

Check Details

Version: 0.5-4
Check: R code for possible problems
Result: NOTE
    ssa.btl: no visible global function definition for ‘rbinom’
    ssa.btl: no visible global function definition for ‘rpois’
    ssa.btl.diag: no visible global function definition for ‘rbinom’
    ssa.btl.diag: no visible global function definition for ‘rpois’
    ssa.d: no visible global function definition for ‘runif’
    ssa.d.diag: no visible global function definition for ‘runif’
    ssa.etl: no visible global function definition for ‘rpois’
    ssa.etl.diag: no visible global function definition for ‘rpois’
    ssa.otl: no visible global function definition for ‘runif’
    ssa.otl: no visible global function definition for ‘rpois’
    ssa.otl.diag: no visible global function definition for ‘runif’
    ssa.otl.diag: no visible global function definition for ‘rpois’
    ssa.plot: no visible global function definition for ‘rainbow’
    ssa.plot: no visible global function definition for ‘matplot’
    ssa.plot: no visible global function definition for ‘title’
    ssa.plot: no visible global function definition for ‘legend’
    ssa.plot: no visible global function definition for ‘mtext’
    ssa.run: no visible global function definition for ‘flush.console’
    ssa.terminate: no visible global function definition for ‘sd’
    Undefined global functions or variables:
     flush.console legend matplot mtext rainbow rbinom rpois runif sd
     title
    Consider adding
     importFrom("grDevices", "rainbow")
     importFrom("graphics", "legend", "matplot", "mtext", "title")
     importFrom("stats", "rbinom", "rpois", "runif", "sd")
     importFrom("utils", "flush.console")
    to your NAMESPACE file.
Flavors: r-devel-linux-x86_64-debian-clang, r-devel-linux-x86_64-debian-gcc, r-devel-windows-ix86+x86_64, r-patched-linux-x86_64, r-patched-solaris-sparc, r-patched-solaris-x86, r-release-linux-x86_64, r-release-osx-x86_64-mavericks, r-release-windows-ix86+x86_64

Version: 0.5-4
Flags: --no-stop-on-test-error
Check: R code for possible problems
Result: NOTE
    ssa.btl: no visible global function definition for ‘rbinom’
    ssa.btl: no visible global function definition for ‘rpois’
    ssa.btl.diag: no visible global function definition for ‘rbinom’
    ssa.btl.diag: no visible global function definition for ‘rpois’
    ssa.d: no visible global function definition for ‘runif’
    ssa.d.diag: no visible global function definition for ‘runif’
    ssa.etl: no visible global function definition for ‘rpois’
    ssa.etl.diag: no visible global function definition for ‘rpois’
    ssa.otl: no visible global function definition for ‘runif’
    ssa.otl: no visible global function definition for ‘rpois’
    ssa.otl.diag: no visible global function definition for ‘runif’
    ssa.otl.diag: no visible global function definition for ‘rpois’
    ssa.plot: no visible global function definition for ‘rainbow’
    ssa.plot: no visible global function definition for ‘matplot’
    ssa.plot: no visible global function definition for ‘title’
    ssa.plot: no visible global function definition for ‘legend’
    ssa.plot: no visible global function definition for ‘mtext’
    ssa.run: no visible global function definition for ‘flush.console’
    ssa.terminate: no visible global function definition for ‘sd’
    Undefined global functions or variables:
     flush.console legend matplot mtext rainbow rbinom rpois runif sd
     title
    Consider adding
     importFrom("grDevices", "rainbow")
     importFrom("graphics", "legend", "matplot", "mtext", "title")
     importFrom("stats", "rbinom", "rpois", "runif", "sd")
     importFrom("utils", "flush.console")
    to your NAMESPACE file.
Flavors: r-devel-linux-x86_64-fedora-clang, r-devel-linux-x86_64-fedora-gcc, r-devel-macos-x86_64-clang