CRAN Package Check Results for Package GillespieSSA

Last updated on 2015-09-02 03:48:26.

Flavor Version Tinstall Tcheck Ttotal Status Flags
r-devel-linux-x86_64-debian-clang 0.5-4 0.68 12.69 13.37 NOTE
r-devel-linux-x86_64-debian-gcc 0.5-4 0.66 12.61 13.27 NOTE
r-devel-linux-x86_64-fedora-clang 0.5-4 26.75 NOTE
r-devel-linux-x86_64-fedora-gcc 0.5-4 25.07 NOTE
r-devel-osx-x86_64-clang 0.5-4 23.60 OK
r-devel-windows-ix86+x86_64 0.5-4 3.00 23.00 26.00 NOTE
r-patched-linux-x86_64 0.5-4 0.71 13.15 13.86 OK
r-patched-solaris-sparc 0.5-4 161.40 OK
r-patched-solaris-x86 0.5-4 34.20 OK
r-release-linux-x86_64 0.5-4 0.70 13.42 14.11 OK
r-release-osx-x86_64-mavericks 0.5-4 OK
r-release-windows-ix86+x86_64 0.5-4 4.00 30.00 34.00 OK
r-oldrel-windows-ix86+x86_64 0.5-4 5.00 26.00 31.00 OK

Check Details

Version: 0.5-4
Check: R code for possible problems
Result: NOTE
    ssa.btl: no visible global function definition for ‘rbinom’
    ssa.btl: no visible global function definition for ‘rpois’
    ssa.btl.diag: no visible global function definition for ‘rbinom’
    ssa.btl.diag: no visible global function definition for ‘rpois’
    ssa.d: no visible global function definition for ‘runif’
    ssa.d.diag: no visible global function definition for ‘runif’
    ssa.etl: no visible global function definition for ‘rpois’
    ssa.etl.diag: no visible global function definition for ‘rpois’
    ssa.otl: no visible global function definition for ‘runif’
    ssa.otl: no visible global function definition for ‘rpois’
    ssa.otl.diag: no visible global function definition for ‘runif’
    ssa.otl.diag: no visible global function definition for ‘rpois’
    ssa.plot: no visible global function definition for ‘rainbow’
    ssa.plot: no visible global function definition for ‘matplot’
    ssa.plot: no visible global function definition for ‘title’
    ssa.plot: no visible global function definition for ‘legend’
    ssa.plot: no visible global function definition for ‘mtext’
    ssa.run: no visible global function definition for ‘flush.console’
    ssa.terminate: no visible global function definition for ‘sd’
    Undefined global functions or variables:
     flush.console legend matplot mtext rainbow rbinom rpois runif sd
     title
    Consider adding
     importFrom("grDevices", "rainbow")
     importFrom("graphics", "legend", "matplot", "mtext", "title")
     importFrom("stats", "rbinom", "rpois", "runif", "sd")
     importFrom("utils", "flush.console")
    to your NAMESPACE.
Flavors: r-devel-linux-x86_64-debian-clang, r-devel-linux-x86_64-debian-gcc, r-devel-linux-x86_64-fedora-clang, r-devel-linux-x86_64-fedora-gcc, r-devel-windows-ix86+x86_64