Last updated on 2023-05-31 18:52:40 CEST.
Flavor | Version | Tinstall | Tcheck | Ttotal | Status | Flags |
---|---|---|---|---|---|---|
r-devel-linux-x86_64-debian-clang | 0.3.0 | 88.18 | 621.20 | 709.38 | OK | |
r-devel-linux-x86_64-debian-gcc | 0.3.0 | 66.96 | 417.41 | 484.37 | OK | |
r-devel-linux-x86_64-fedora-clang | 0.3.0 | 936.48 | OK | |||
r-devel-linux-x86_64-fedora-gcc | 0.3.0 | 945.03 | OK | |||
r-devel-windows-x86_64 | 0.3.0 | 67.00 | 548.00 | 615.00 | OK | |
r-patched-linux-x86_64 | 0.3.0 | OK | ||||
r-release-linux-x86_64 | 0.3.0 | 77.05 | 523.69 | 600.74 | OK | |
r-release-macos-arm64 | 0.3.0 | 241.00 | NOTE | |||
r-release-macos-x86_64 | 0.3.0 | 422.00 | NOTE | |||
r-release-windows-x86_64 | 0.3.0 | 93.00 | 667.00 | 760.00 | OK | |
r-oldrel-macos-arm64 | 0.3.0 | 204.00 | NOTE | |||
r-oldrel-macos-x86_64 | 0.3.0 | 280.00 | NOTE | |||
r-oldrel-windows-x86_64 | 0.3.0 | 85.00 | 607.00 | 692.00 | OK |
Version: 0.3.0
Check: installed package size
Result: NOTE
installed size is 5.9Mb
sub-directories of 1Mb or more:
doc 1.7Mb
libs 3.7Mb
Flavors: r-release-macos-arm64, r-release-macos-x86_64, r-oldrel-macos-arm64, r-oldrel-macos-x86_64