CRAN Package Check Results for Package Giza

Last updated on 2014-04-24 15:50:38.

Flavor Version Tinstall Tcheck Ttotal Status Flags
r-devel-linux-x86_64-debian-clang 1.0 1.40 47.80 49.20 NOTE
r-devel-linux-x86_64-debian-gcc 1.0 1.39 45.95 47.34 NOTE
r-devel-linux-x86_64-fedora-clang 1.0 97.18 NOTE
r-devel-linux-x86_64-fedora-gcc 1.0 95.65 NOTE
r-devel-osx-x86_64-clang 1.0 81.29 NOTE
r-devel-osx-x86_64-gcc 1.0 NOTE
r-devel-windows-ix86+x86_64 1.0 1.00 1.00 2.00 ERROR
r-patched-linux-x86_64 1.0 1.37 45.75 47.12 NOTE
r-patched-solaris-sparc 1.0 533.90 NOTE
r-patched-solaris-x86 1.0 110.30 NOTE
r-release-linux-ix86 1.0 3.00 74.00 77.00 NOTE
r-release-linux-x86_64 1.0 1.45 48.56 50.01 NOTE
r-release-osx-x86_64-mavericks 1.0 WARN
r-release-osx-x86_64-snowleopard 1.0 NOTE
r-release-windows-ix86+x86_64 1.0 5.00 80.00 85.00 NOTE
r-oldrel-windows-ix86+x86_64 1.0 5.00 67.00 72.00 NOTE

Check Details

Version: 1.0
Check: DESCRIPTION meta-information
Result: NOTE
    Package listed in more than one of Depends, Imports, Suggests, Enhances:
     ‘lattice’
    A package should be listed in only one of these fields.
Flavors: r-devel-linux-x86_64-debian-clang, r-devel-linux-x86_64-debian-gcc, r-devel-linux-x86_64-fedora-clang, r-devel-linux-x86_64-fedora-gcc, r-devel-osx-x86_64-clang, r-devel-osx-x86_64-gcc, r-patched-linux-x86_64, r-patched-solaris-sparc, r-patched-solaris-x86, r-release-linux-ix86, r-release-linux-x86_64, r-release-osx-x86_64-mavericks, r-release-osx-x86_64-snowleopard, r-release-windows-ix86+x86_64, r-oldrel-windows-ix86+x86_64

Version: 1.0
Check: dependencies in R code
Result: NOTE
    Package in Depends field not imported from: ‘lattice’
     These packages need to be imported from (in the NAMESPACE file)
     for when this namespace is loaded but not attached.
    ':::' call which should be '::': ‘lattice:::latticeParseFormula’
     See the note in ?`:::` about the use of this operator.
    Unexported objects imported by ':::' calls:
     ‘lattice:::compute.packet’ ‘lattice:::cond.orders’
     ‘lattice:::construct.scales’ ‘lattice:::cupdate’
     ‘lattice:::limits.and.aspect’ ‘lattice:::logLimits’
     ‘lattice:::needAutoKey’ ‘lattice:::prepanel.null’
     ‘lattice:::scale.limits’ ‘lattice:::trellis.skeleton’
     ‘lattice:::updateList’
     See the note in ?`:::` about the use of this operator.
    See the information on DESCRIPTION files in the chapter ‘Creating R
    packages’ of the ‘Writing R Extensions’ manual.
Flavors: r-devel-linux-x86_64-debian-clang, r-devel-linux-x86_64-debian-gcc, r-devel-linux-x86_64-fedora-clang, r-devel-linux-x86_64-fedora-gcc, r-devel-osx-x86_64-clang, r-devel-osx-x86_64-gcc, r-patched-linux-x86_64, r-patched-solaris-sparc, r-patched-solaris-x86, r-release-linux-ix86, r-release-linux-x86_64, r-release-osx-x86_64-mavericks, r-release-windows-ix86+x86_64, r-oldrel-windows-ix86+x86_64

Version: 1.0
Check: Rd line widths
Result: NOTE
    Rd file 'EduDat.Rd':
     \examples lines wider than 100 characters:
     matplot(as.data.frame(ipop[,-1]),type="l",lwd=3,main=paste("Projected Population 15+ by Education Scenario, ",icountry,sep=""),cex.main ... [TRUNCATED]
    
    Rd file 'Giza-package.Rd':
     \examples lines wider than 100 characters:
     iEduDat <- subset(EduDat,match(cc,getcode(Countries,dictionary)) & match(yr,Years) & match(scen2,Scenarios))
     factor(cc,levels=getcode(Countries,dictionary),labels=Countries) *
     type="l",lwd=1,xlab="Population",ylab="Age",main="Population by Highest Level of Education",
     scales=list(alternating=3,tick.number=5,relation="same",y=list(at=1:length(4:21),labels=agegrs)),
     title="ED-Level",cex.title=1.1,lines.title=2.5,padding.text=1,background="white"),
     iEduDat <- subset(EduDat,match(cc,getcode(Countries,dictionary)) & match(yr,Years) & match(scen2,Scenarios))
     type="l",lwd=1,xlab="Population",ylab="Age",main=paste("Population by Highest Level of Education, ",Countries,sep=""),
     scales=list(alternating=3,tick.number=5,relation="same",y=list(at=1:length(4:21),labels=agegrs)),
     title="ED-Level",cex.title=1.1,lines.title=2.5,padding.text=1,background="white"),
    
    Rd file 'pyramid2.Rd':
     \examples lines wider than 100 characters:
     iEduDat <- subset(EduDat,match(cc,getcode(Countries,dictionary)) & match(yr,Years) & match(scen2,Scenarios))
     factor(cc,levels=getcode(Countries,dictionary),labels=Countries) *
     type="l",lwd=1,xlab="Population",ylab="Age",main="Population by Highest Level of Education",
     scales=list(alternating=3,tick.number=5,relation="same",y=list(at=1:length(4:21),labels=agegrs)),
     title="ED-Level",cex.title=1.1,lines.title=2.5,padding.text=1,background="white"),
     iEduDat <- subset(EduDat,match(cc,getcode(Countries,dictionary)) & match(yr,Years) & match(scen2,Scenarios))
     type="l",lwd=1,xlab="Population",ylab="Age",main=paste("Population by Highest Level of Education, ",Countries,sep=""),
     scales=list(alternating=3,tick.number=5,relation="same",y=list(at=1:length(4:21),labels=agegrs)),
     title="ED-Level",cex.title=1.1,lines.title=2.5,padding.text=1,background="white"),
    
    Rd file 'pyramid2.formula.Rd':
     \examples lines wider than 100 characters:
     iEduDat <- subset(EduDat,match(cc,getcode(Countries,dictionary)) & match(yr,Years) & match(scen2,Scenarios))
     factor(cc,levels=getcode(Countries,dictionary),labels=Countries) *
     type="l",lwd=1,xlab="Population",ylab="Age",main="Population by Highest Level of Education",
     scales=list(alternating=3,tick.number=5,relation="same",y=list(at=1:length(4:21),labels=agegrs)),
     title="ED-Level",cex.title=1.1,lines.title=2.5,padding.text=1,background="white"),
     iEduDat <- subset(EduDat,match(cc,getcode(Countries,dictionary)) & match(yr,Years) & match(scen2,Scenarios))
     type="l",lwd=1,xlab="Population",ylab="Age",main=paste("Population by Highest Level of Education, ",Countries,sep=""),
     scales=list(alternating=3,tick.number=5,relation="same",y=list(at=1:length(4:21),labels=agegrs)),
     title="ED-Level",cex.title=1.1,lines.title=2.5,padding.text=1,background="white"),
    
    Rd file 'pyramidlattice.Rd':
     \examples lines wider than 100 characters:
     iEduDat <- subset(EduDat,match(cc,getcode(Countries,dictionary)) & match(yr,Years) & match(scen2,Scenarios))
     factor(cc,levels=getcode(Countries,dictionary),labels=Countries) *
     type="l",lwd=1,xlab="Population",ylab="Age",main="Population by Highest Level of Education",
     scales=list(alternating=3,tick.number=5,relation="same",y=list(at=1:length(4:21),labels=agegrs)),
     title="ED-Level",cex.title=1.1,lines.title=2.5,padding.text=1,background="white"),
     iEduDat <- subset(EduDat,match(cc,getcode(Countries,dictionary)) & match(yr,Years) & match(scen2,Scenarios))
     type="l",lwd=1,xlab="Population",ylab="Age",main=paste("Population by Highest Level of Education, ",Countries,sep=""),
     scales=list(alternating=3,tick.number=5,relation="same",y=list(at=1:length(4:21),labels=agegrs)),
     title="ED-Level",cex.title=1.1,lines.title=2.5,padding.text=1,background="white"),
    
    Rd file 'useOuterStrips2.Rd':
     \examples lines wider than 100 characters:
     iEduDat <- subset(EduDat,match(cc,getcode(Countries,dictionary)) & match(yr,Years) & match(scen2,Scenarios))
     factor(cc,levels=getcode(Countries,dictionary),labels=Countries) *
     type="l",lwd=1,xlab="Population",ylab="Age",main="Population by Highest Level of Education",
     scales=list(alternating=3,tick.number=5,relation="same",y=list(at=1:length(4:21),labels=agegrs)),
     title="ED-Level",cex.title=1.1,lines.title=2.5,padding.text=1,background="white"),
     iEduDat <- subset(EduDat,match(cc,getcode(Countries,dictionary)) & match(yr,Years) & match(scen2,Scenarios))
     type="l",lwd=1,xlab="Population",ylab="Age",main=paste("Population by Highest Level of Education, ",Countries,sep=""),
     scales=list(alternating=3,tick.number=5,relation="same",y=list(at=1:length(4:21),labels=agegrs)),
     title="ED-Level",cex.title=1.1,lines.title=2.5,padding.text=1,background="white"),
    
    These lines will be truncated in the PDF manual.
Flavors: r-devel-linux-x86_64-fedora-clang, r-devel-linux-x86_64-fedora-gcc

Version: 1.0
Check: whether package can be installed
Result: ERROR
    Installation failed.
    See 'd:/Rcompile/CRANpkg/local/3.2/Giza.Rcheck/00install.out' for details.
Flavor: r-devel-windows-ix86+x86_64

Version: 1.0
Check: PDF version of manual
Result: WARNING
    LaTeX errors when creating PDF version.
    This typically indicates Rd problems.
    LaTeX errors found:
    ! LaTeX Error: File `upquote.sty' not found.
    
    Type X to quit or <RETURN> to proceed,
    or enter new name. (Default extension: sty)
    
    9eba713/Rd2.tex:8: ==> Fatal error occurred, no output PDF file produced!
Flavor: r-release-osx-x86_64-mavericks

Version: 1.0
Check: dependencies in R code
Result: NOTE
    Package in Depends field not imported from: 'lattice'
     These packages need to be imported from for the case when
     this namespace is loaded but not attached.
    ':::' call which should be '::': 'lattice:::latticeParseFormula'
     See the note in ?`:::` about the use of this operator.
    Unexported objects imported by ':::' calls:
     'lattice:::compute.packet' 'lattice:::cond.orders'
     'lattice:::construct.scales' 'lattice:::cupdate'
     'lattice:::limits.and.aspect' 'lattice:::logLimits'
     'lattice:::needAutoKey' 'lattice:::prepanel.null'
     'lattice:::scale.limits' 'lattice:::trellis.skeleton'
     'lattice:::updateList'
     See the note in ?`:::` about the use of this operator.
    See the information on DESCRIPTION files in the chapter 'Creating R
    packages' of the 'Writing R Extensions' manual.
Flavor: r-release-osx-x86_64-snowleopard