CRAN Package Check Results for Package Giza

Last updated on 2014-10-31 16:47:41.

Flavor Version Tinstall Tcheck Ttotal Status Flags
r-devel-linux-x86_64-debian-clang 1.0 1.49 44.39 45.88 NOTE
r-devel-linux-x86_64-debian-gcc 1.0 1.25 42.46 43.71 NOTE
r-devel-linux-x86_64-fedora-clang 1.0 94.85 NOTE
r-devel-linux-x86_64-fedora-gcc 1.0 87.18 NOTE
r-devel-osx-x86_64-clang 1.0 78.51 NOTE
r-devel-windows-ix86+x86_64 1.0 4.00 60.00 64.00 NOTE
r-patched-linux-x86_64 1.0 1.40 47.27 48.67 NOTE
r-patched-solaris-sparc 1.0 540.10 NOTE
r-patched-solaris-x86 1.0 115.30 NOTE
r-release-linux-ix86 1.0 2.00 59.32 61.32 NOTE
r-release-linux-x86_64 1.0 1.34 45.66 47.00 NOTE
r-release-osx-x86_64-mavericks 1.0 NOTE
r-release-osx-x86_64-snowleopard 1.0 NOTE
r-release-windows-ix86+x86_64 1.0 6.00 69.00 75.00 NOTE
r-oldrel-windows-ix86+x86_64 1.0 5.00 72.00 77.00 NOTE

Check Details

Version: 1.0
Check: DESCRIPTION meta-information
Result: NOTE
    Package listed in more than one of Depends, Imports, Suggests, Enhances:
     ‘lattice’
    A package should be listed in only one of these fields.
Flavors: r-devel-linux-x86_64-debian-clang, r-devel-linux-x86_64-debian-gcc, r-devel-linux-x86_64-fedora-clang, r-devel-linux-x86_64-fedora-gcc, r-devel-osx-x86_64-clang, r-devel-windows-ix86+x86_64, r-patched-linux-x86_64, r-patched-solaris-sparc, r-patched-solaris-x86, r-release-linux-ix86, r-release-linux-x86_64, r-release-osx-x86_64-mavericks, r-release-osx-x86_64-snowleopard, r-release-windows-ix86+x86_64, r-oldrel-windows-ix86+x86_64

Version: 1.0
Check: dependencies in R code
Result: NOTE
    Package in Depends field not imported from: ‘lattice’
     These packages need to be imported from (in the NAMESPACE file)
     for when this namespace is loaded but not attached.
    ':::' call which should be '::': ‘lattice:::latticeParseFormula’
     See the note in ?`:::` about the use of this operator.
    Unexported objects imported by ':::' calls:
     ‘lattice:::compute.packet’ ‘lattice:::cond.orders’
     ‘lattice:::construct.scales’ ‘lattice:::cupdate’
     ‘lattice:::limits.and.aspect’ ‘lattice:::logLimits’
     ‘lattice:::needAutoKey’ ‘lattice:::prepanel.null’
     ‘lattice:::scale.limits’ ‘lattice:::trellis.skeleton’
     ‘lattice:::updateList’
     See the note in ?`:::` about the use of this operator.
    See the information on DESCRIPTION files in the chapter ‘Creating R
    packages’ of the ‘Writing R Extensions’ manual.
Flavors: r-devel-linux-x86_64-debian-clang, r-devel-linux-x86_64-debian-gcc, r-devel-linux-x86_64-fedora-clang, r-devel-linux-x86_64-fedora-gcc, r-devel-osx-x86_64-clang, r-devel-windows-ix86+x86_64, r-patched-linux-x86_64, r-patched-solaris-sparc, r-patched-solaris-x86, r-release-linux-ix86, r-release-linux-x86_64, r-release-osx-x86_64-mavericks, r-release-windows-ix86+x86_64, r-oldrel-windows-ix86+x86_64

Version: 1.0
Check: R code for possible problems
Result: NOTE
    panel.pyramid: no visible global function definition for
     ‘trellis.par.get’
    panel.pyramid: no visible global function definition for
     ‘current.panel.limits’
    panel.pyramid: no visible global function definition for ‘panel.abline’
    panel.pyramid: no visible global function definition for ‘panel.rect’
    pyramid2.formula: no visible global function definition for
     ‘lattice.getOption’
    pyramid2.formula: no visible global function definition for
     ‘is.shingle’
    pyramid2.formula: no visible global function definition for
     ‘as.factorOrShingle’
    useOuterStrips2 : new.strip: no visible global function definition for
     ‘strip.default’
    useOuterStrips2 : new.strip.left: no visible global function definition
     for ‘strip.default’
Flavors: r-devel-linux-x86_64-debian-clang, r-devel-linux-x86_64-debian-gcc, r-devel-linux-x86_64-fedora-clang, r-devel-linux-x86_64-fedora-gcc, r-devel-osx-x86_64-clang, r-devel-windows-ix86+x86_64, r-patched-linux-x86_64, r-patched-solaris-sparc, r-patched-solaris-x86

Version: 1.0
Check: Rd line widths
Result: NOTE
    Rd file 'EduDat.Rd':
     \examples lines wider than 100 characters:
     matplot(as.data.frame(ipop[,-1]),type="l",lwd=3,main=paste("Projected Population 15+ by Education Scenario, ",icountry,sep=""),cex.main ... [TRUNCATED]
    
    Rd file 'Giza-package.Rd':
     \examples lines wider than 100 characters:
     iEduDat <- subset(EduDat,match(cc,getcode(Countries,dictionary)) & match(yr,Years) & match(scen2,Scenarios))
     factor(cc,levels=getcode(Countries,dictionary),labels=Countries) *
     type="l",lwd=1,xlab="Population",ylab="Age",main="Population by Highest Level of Education",
     scales=list(alternating=3,tick.number=5,relation="same",y=list(at=1:length(4:21),labels=agegrs)),
     title="ED-Level",cex.title=1.1,lines.title=2.5,padding.text=1,background="white"),
     iEduDat <- subset(EduDat,match(cc,getcode(Countries,dictionary)) & match(yr,Years) & match(scen2,Scenarios))
     type="l",lwd=1,xlab="Population",ylab="Age",main=paste("Population by Highest Level of Education, ",Countries,sep=""),
     scales=list(alternating=3,tick.number=5,relation="same",y=list(at=1:length(4:21),labels=agegrs)),
     title="ED-Level",cex.title=1.1,lines.title=2.5,padding.text=1,background="white"),
    
    Rd file 'pyramid2.Rd':
     \examples lines wider than 100 characters:
     iEduDat <- subset(EduDat,match(cc,getcode(Countries,dictionary)) & match(yr,Years) & match(scen2,Scenarios))
     factor(cc,levels=getcode(Countries,dictionary),labels=Countries) *
     type="l",lwd=1,xlab="Population",ylab="Age",main="Population by Highest Level of Education",
     scales=list(alternating=3,tick.number=5,relation="same",y=list(at=1:length(4:21),labels=agegrs)),
     title="ED-Level",cex.title=1.1,lines.title=2.5,padding.text=1,background="white"),
     iEduDat <- subset(EduDat,match(cc,getcode(Countries,dictionary)) & match(yr,Years) & match(scen2,Scenarios))
     type="l",lwd=1,xlab="Population",ylab="Age",main=paste("Population by Highest Level of Education, ",Countries,sep=""),
     scales=list(alternating=3,tick.number=5,relation="same",y=list(at=1:length(4:21),labels=agegrs)),
     title="ED-Level",cex.title=1.1,lines.title=2.5,padding.text=1,background="white"),
    
    Rd file 'pyramid2.formula.Rd':
     \examples lines wider than 100 characters:
     iEduDat <- subset(EduDat,match(cc,getcode(Countries,dictionary)) & match(yr,Years) & match(scen2,Scenarios))
     factor(cc,levels=getcode(Countries,dictionary),labels=Countries) *
     type="l",lwd=1,xlab="Population",ylab="Age",main="Population by Highest Level of Education",
     scales=list(alternating=3,tick.number=5,relation="same",y=list(at=1:length(4:21),labels=agegrs)),
     title="ED-Level",cex.title=1.1,lines.title=2.5,padding.text=1,background="white"),
     iEduDat <- subset(EduDat,match(cc,getcode(Countries,dictionary)) & match(yr,Years) & match(scen2,Scenarios))
     type="l",lwd=1,xlab="Population",ylab="Age",main=paste("Population by Highest Level of Education, ",Countries,sep=""),
     scales=list(alternating=3,tick.number=5,relation="same",y=list(at=1:length(4:21),labels=agegrs)),
     title="ED-Level",cex.title=1.1,lines.title=2.5,padding.text=1,background="white"),
    
    Rd file 'pyramidlattice.Rd':
     \examples lines wider than 100 characters:
     iEduDat <- subset(EduDat,match(cc,getcode(Countries,dictionary)) & match(yr,Years) & match(scen2,Scenarios))
     factor(cc,levels=getcode(Countries,dictionary),labels=Countries) *
     type="l",lwd=1,xlab="Population",ylab="Age",main="Population by Highest Level of Education",
     scales=list(alternating=3,tick.number=5,relation="same",y=list(at=1:length(4:21),labels=agegrs)),
     title="ED-Level",cex.title=1.1,lines.title=2.5,padding.text=1,background="white"),
     iEduDat <- subset(EduDat,match(cc,getcode(Countries,dictionary)) & match(yr,Years) & match(scen2,Scenarios))
     type="l",lwd=1,xlab="Population",ylab="Age",main=paste("Population by Highest Level of Education, ",Countries,sep=""),
     scales=list(alternating=3,tick.number=5,relation="same",y=list(at=1:length(4:21),labels=agegrs)),
     title="ED-Level",cex.title=1.1,lines.title=2.5,padding.text=1,background="white"),
    
    Rd file 'useOuterStrips2.Rd':
     \examples lines wider than 100 characters:
     iEduDat <- subset(EduDat,match(cc,getcode(Countries,dictionary)) & match(yr,Years) & match(scen2,Scenarios))
     factor(cc,levels=getcode(Countries,dictionary),labels=Countries) *
     type="l",lwd=1,xlab="Population",ylab="Age",main="Population by Highest Level of Education",
     scales=list(alternating=3,tick.number=5,relation="same",y=list(at=1:length(4:21),labels=agegrs)),
     title="ED-Level",cex.title=1.1,lines.title=2.5,padding.text=1,background="white"),
     iEduDat <- subset(EduDat,match(cc,getcode(Countries,dictionary)) & match(yr,Years) & match(scen2,Scenarios))
     type="l",lwd=1,xlab="Population",ylab="Age",main=paste("Population by Highest Level of Education, ",Countries,sep=""),
     scales=list(alternating=3,tick.number=5,relation="same",y=list(at=1:length(4:21),labels=agegrs)),
     title="ED-Level",cex.title=1.1,lines.title=2.5,padding.text=1,background="white"),
    
    These lines will be truncated in the PDF manual.
Flavors: r-devel-linux-x86_64-debian-clang, r-devel-linux-x86_64-debian-gcc, r-devel-linux-x86_64-fedora-clang, r-devel-linux-x86_64-fedora-gcc, r-patched-linux-x86_64, r-release-linux-x86_64

Version: 1.0
Check: dependencies in R code
Result: NOTE
    Package in Depends field not imported from: 'lattice'
     These packages need to be imported from for the case when
     this namespace is loaded but not attached.
    ':::' call which should be '::': 'lattice:::latticeParseFormula'
     See the note in ?`:::` about the use of this operator.
    Unexported objects imported by ':::' calls:
     'lattice:::compute.packet' 'lattice:::cond.orders'
     'lattice:::construct.scales' 'lattice:::cupdate'
     'lattice:::limits.and.aspect' 'lattice:::logLimits'
     'lattice:::needAutoKey' 'lattice:::prepanel.null'
     'lattice:::scale.limits' 'lattice:::trellis.skeleton'
     'lattice:::updateList'
     See the note in ?`:::` about the use of this operator.
    See the information on DESCRIPTION files in the chapter 'Creating R
    packages' of the 'Writing R Extensions' manual.
Flavor: r-release-osx-x86_64-snowleopard