CRAN Package Check Results for Package GlmSimulatoR

Last updated on 2020-03-28 22:47:37 CET.

Flavor Version Tinstall Tcheck Ttotal Status Flags
r-devel-linux-x86_64-debian-clang 0.2.1 OK
r-devel-linux-x86_64-debian-gcc 0.2.1 2.32 139.16 141.48 OK
r-devel-linux-x86_64-fedora-clang 0.2.1 263.54 NOTE
r-devel-linux-x86_64-fedora-gcc 0.2.1 236.64 NOTE
r-devel-windows-ix86+x86_64 0.2.1 9.00 250.00 259.00 OK
r-devel-windows-ix86+x86_64-gcc8 0.2.1 9.00 259.00 268.00 OK
r-patched-linux-x86_64 0.2.1 3.17 189.25 192.42 OK
r-patched-solaris-x86 0.2.1 611.00 NOTE
r-release-linux-x86_64 0.2.1 2.09 191.28 193.37 OK
r-release-windows-ix86+x86_64 0.2.1 12.00 346.00 358.00 OK
r-release-osx-x86_64 0.2.1 NOTE
r-oldrel-windows-ix86+x86_64 0.2.1 7.00 323.00 330.00 OK
r-oldrel-osx-x86_64 0.2.1 NOTE

Check Details

Version: 0.2.1
Check: dependencies in R code
Result: NOTE
    Namespaces in Imports field not imported from:
     ‘cplm’ ‘ggplot2’ ‘rlang’
     All declared Imports should be used.
Flavors: r-devel-linux-x86_64-fedora-clang, r-devel-linux-x86_64-fedora-gcc, r-patched-solaris-x86, r-release-osx-x86_64, r-oldrel-osx-x86_64