CRAN Package Check Results for Package GlmSimulatoR

Last updated on 2019-10-19 04:46:29 CEST.

Flavor Version Tinstall Tcheck Ttotal Status Flags
r-devel-linux-x86_64-debian-clang 0.1.0 2.38 168.48 170.86 OK
r-devel-linux-x86_64-debian-gcc 0.1.0 1.83 119.01 120.84 OK
r-devel-linux-x86_64-fedora-clang 0.1.0 207.25 NOTE
r-devel-linux-x86_64-fedora-gcc 0.1.0 203.97 NOTE
r-devel-windows-ix86+x86_64 0.1.0 13.00 304.00 317.00 OK
r-patched-linux-x86_64 0.1.0 1.98 160.08 162.06 OK
r-patched-solaris-x86 0.1.0 506.30 NOTE
r-release-linux-x86_64 0.1.0 2.13 162.21 164.34 OK
r-release-windows-ix86+x86_64 0.1.0 6.00 253.00 259.00 OK
r-release-osx-x86_64 0.1.0 NOTE
r-oldrel-windows-ix86+x86_64 0.1.0 3.00 231.00 234.00 OK
r-oldrel-osx-x86_64 0.1.0 NOTE

Check Details

Version: 0.1.0
Check: dependencies in R code
Result: NOTE
    Namespaces in Imports field not imported from:
     ‘MASS’ ‘ggplot2’ ‘rlang’
     All declared Imports should be used.
Flavors: r-devel-linux-x86_64-fedora-clang, r-devel-linux-x86_64-fedora-gcc, r-patched-solaris-x86, r-release-osx-x86_64, r-oldrel-osx-x86_64