CRAN Package Check Results for Package Gmisc

Last updated on 2016-06-30 06:47:02.

Flavor Version Tinstall Tcheck Ttotal Status Flags
r-devel-linux-x86_64-debian-gcc 1.3.1 20.45 72.21 92.65 OK
r-devel-linux-x86_64-fedora-clang 1.3.1 178.98 OK
r-devel-linux-x86_64-fedora-gcc 1.3.1 164.39 OK
r-devel-osx-x86_64-clang 1.3.1 70.60 OK
r-devel-windows-ix86+x86_64 1.3.1 55.00 153.00 208.00 OK
r-patched-linux-x86_64 1.3.1 15.71 71.89 87.60 OK
r-patched-solaris-sparc 1.3.1 979.50 NOTE --no-tests
r-patched-solaris-x86 1.3.1 202.60 NOTE --no-tests
r-release-linux-x86_64 1.3.1 15.30 71.03 86.33 OK
r-release-osx-x86_64-mavericks 1.3.1 ERROR
r-release-windows-ix86+x86_64 1.3.1 70.00 199.00 269.00 OK
r-oldrel-windows-ix86+x86_64 1.3.1 68.00 180.00 248.00 OK

Check Details

Version: 1.3.1
Flags: --no-tests
Check: installed package size
Result: NOTE
     installed size is 6.2Mb
     sub-directories of 1Mb or more:
     libs 4.9Mb
Flavors: r-patched-solaris-sparc, r-patched-solaris-x86

Version: 1.3.1
Check: tests
Result: ERROR
    Running the tests in ‘tests/testthat.R’ failed.
    Last 13 lines of output:
     'help.start()' for an HTML browser interface to help.
     Type 'q()' to quit R.
    
     > library('testthat')
     >
     > test_check('Gmisc')
     Loading required package: Gmisc
     Loading required package: Rcpp
     Loading required package: htmlTable
     Error: pandoc version 1.12.3 or higher is required and was not found.
     testthat results ================================================================
     OK: 109 SKIPPED: 0 FAILED: 0
     Execution halted
Flavor: r-release-osx-x86_64-mavericks