CRAN Package Check Results for Package Gmisc

Last updated on 2015-04-19 10:51:49.

Flavor Version Tinstall Tcheck Ttotal Status Flags
r-devel-linux-x86_64-debian-clang 1.1 13.46 52.65 66.12 OK
r-devel-linux-x86_64-debian-gcc 1.1 14.35 53.76 68.11 OK
r-devel-linux-x86_64-fedora-clang 1.1 137.85 OK
r-devel-linux-x86_64-fedora-gcc 1.1 143.46 OK
r-devel-osx-x86_64-clang 1.1 125.65 OK
r-devel-windows-ix86+x86_64 1.1 64.00 144.00 208.00 OK
r-patched-linux-x86_64 1.1 14.49 53.41 67.90 OK
r-patched-solaris-sparc 1.1 808.00 OK
r-patched-solaris-x86 1.1 155.00 OK
r-release-linux-x86_64 1.1 14.48 51.82 66.30 OK
r-release-osx-x86_64-mavericks 1.1 OK
r-release-osx-x86_64-snowleopard 1.1 ERROR
r-release-windows-ix86+x86_64 1.1 37.00 99.00 136.00 OK
r-oldrel-windows-ix86+x86_64 1.1 64.00 214.00 278.00 OK

Check Details

Version: 1.1
Check: package dependencies
Result: ERROR
    Packages required but not available:
     ‘htmlTable’ ‘Hmisc’ ‘forestplot’ ‘knitr’
    
    VignetteBuilder package required for checking but installed: ‘knitr’
    
    See section ‘The DESCRIPTION file’ in the ‘Writing R Extensions’
    manual.
Flavor: r-release-osx-x86_64-snowleopard