CRAN Package Check Results for Package Gmisc

Last updated on 2017-04-26 21:47:15.

Flavor Version Tinstall Tcheck Ttotal Status Flags
r-devel-linux-x86_64-debian-clang 1.4.1 18.65 86.90 105.55 NOTE
r-devel-linux-x86_64-debian-gcc 1.4.1 17.68 85.88 103.56 NOTE
r-devel-linux-x86_64-fedora-clang 1.4.1 224.02 NOTE --no-stop-on-test-error
r-devel-linux-x86_64-fedora-gcc 1.4.1 213.36 NOTE --no-stop-on-test-error
r-devel-windows-ix86+x86_64 1.4.1 79.00 260.00 339.00 NOTE
r-patched-linux-x86_64 1.4.1 15.49 84.54 100.04 NOTE
r-patched-solaris-sparc 1.4.1 1133.10 OK --no-tests
r-patched-solaris-x86 1.4.1 235.90 OK --no-tests
r-release-linux-x86_64 1.4.1 15.39 84.32 99.70 NOTE
r-release-windows-ix86+x86_64 1.4.1 60.00 196.00 256.00 NOTE
r-release-osx-x86_64 1.4.1 ERROR
r-oldrel-windows-ix86+x86_64 1.4.1 62.00 249.00 311.00 OK
r-oldrel-osx-x86_64 1.4.1 ERROR

Check Details

Version: 1.4.1
Check: compiled code
Result: NOTE
    File ‘Gmisc/libs/Gmisc.so’:
     Found no calls to: ‘R_registerRoutines’, ‘R_useDynamicSymbols’
    
    It is good practice to register native routines and to disable symbol
    search.
    
    See ‘Writing portable packages’ in the ‘Writing R Extensions’ manual.
Flavors: r-devel-linux-x86_64-debian-clang, r-devel-linux-x86_64-debian-gcc, r-patched-linux-x86_64, r-release-linux-x86_64

Version: 1.4.1
Flags: --no-stop-on-test-error
Check: compiled code
Result: NOTE
    File ‘Gmisc/libs/Gmisc.so’:
     Found no calls to: ‘R_registerRoutines’, ‘R_useDynamicSymbols’
    
    It is good practice to register native routines and to disable symbol
    search.
    
    See ‘Writing portable packages’ in the ‘Writing R Extensions’ manual.
Flavors: r-devel-linux-x86_64-fedora-clang, r-devel-linux-x86_64-fedora-gcc

Version: 1.4.1
Check: DESCRIPTION meta-information
Result: NOTE
    NeedsCompilation field should likely be 'yes'
Flavors: r-devel-windows-ix86+x86_64, r-release-windows-ix86+x86_64

Version: 1.4.1
Check: tests
Result: ERROR
     Running ‘testthat.R’ [5s/7s]
    Running the tests in ‘tests/testthat.R’ failed.
    Complete output:
     > library('testthat')
     >
     > test_check('Gmisc')
     Loading required package: Gmisc
     Loading required package: Rcpp
     Loading required package: htmlTable
     Error: pandoc version 1.12.3 or higher is required and was not found (see the help page ?rmarkdown::pandoc_available).
     testthat results ================================================================
     OK: 116 SKIPPED: 0 FAILED: 0
     Execution halted
Flavor: r-release-osx-x86_64

Version: 1.4.1
Check: tests
Result: ERROR
    Running the tests in ‘tests/testthat.R’ failed.
    Last 13 lines of output:
     'help.start()' for an HTML browser interface to help.
     Type 'q()' to quit R.
    
     > library('testthat')
     >
     > test_check('Gmisc')
     Loading required package: Gmisc
     Loading required package: Rcpp
     Loading required package: htmlTable
     Error: pandoc version 1.12.3 or higher is required and was not found (see the help page ?rmarkdown::pandoc_available).
     testthat results ================================================================
     OK: 116 SKIPPED: 0 FAILED: 0
     Execution halted
Flavor: r-oldrel-osx-x86_64