CRAN Package Check Results for Package Gmisc

Last updated on 2016-08-25 18:47:17.

Flavor Version Tinstall Tcheck Ttotal Status Flags
r-devel-linux-x86_64-debian-clang 1.3.1 17.66 73.28 90.94 OK
r-devel-linux-x86_64-debian-gcc 1.3.1 17.13 72.18 89.32 OK
r-devel-linux-x86_64-fedora-clang 1.3.1 184.37 OK
r-devel-linux-x86_64-fedora-gcc 1.3.1 171.20 OK
r-devel-osx-x86_64-clang 1.3.1 95.94 OK
r-devel-windows-ix86+x86_64 1.3.1 80.00 203.00 283.00 OK
r-patched-linux-x86_64 1.3.1 15.85 71.84 87.69 OK
r-patched-solaris-sparc 1.3.1 970.90 OK --no-tests
r-patched-solaris-x86 1.3.1 198.10 OK --no-tests
r-release-linux-x86_64 1.3.1 15.83 72.55 88.38 OK
r-release-osx-x86_64-mavericks 1.3.1 ERROR
r-release-windows-ix86+x86_64 1.3.1 75.00 143.00 218.00 OK
r-oldrel-windows-ix86+x86_64 1.3.1 57.00 159.00 216.00 OK

Check Details

Version: 1.3.1
Check: tests
Result: ERROR
    Running the tests in ‘tests/testthat.R’ failed.
    Last 13 lines of output:
     'help.start()' for an HTML browser interface to help.
     Type 'q()' to quit R.
    
     > library('testthat')
     >
     > test_check('Gmisc')
     Loading required package: Gmisc
     Loading required package: Rcpp
     Loading required package: htmlTable
     Error: pandoc version 1.12.3 or higher is required and was not found.
     testthat results ================================================================
     OK: 109 SKIPPED: 0 FAILED: 0
     Execution halted
Flavor: r-release-osx-x86_64-mavericks