CRAN Package Check Results for Package Gmisc

Last updated on 2016-12-04 22:47:12.

Flavor Version Tinstall Tcheck Ttotal Status Flags
r-devel-linux-x86_64-debian-clang 1.4.1 17.87 86.39 104.26 OK
r-devel-linux-x86_64-debian-gcc 1.4.1 16.90 85.84 102.75 OK
r-devel-linux-x86_64-fedora-clang 1.4.1 234.04 OK --no-stop-on-test-error
r-devel-linux-x86_64-fedora-gcc 1.4.1 216.73 OK --no-stop-on-test-error
r-devel-macos-x86_64-clang 1.4.1 162.19 OK --no-stop-on-test-error
r-devel-windows-ix86+x86_64 1.4.1 59.00 182.00 241.00 OK
r-patched-linux-x86_64 1.4.1 15.17 72.54 87.71 OK
r-patched-solaris-sparc 1.4.1 1026.60 OK --no-tests
r-patched-solaris-x86 1.4.1 207.30 OK --no-tests
r-release-linux-x86_64 1.4.1 15.23 72.16 87.39 OK
r-release-osx-x86_64-mavericks 1.4.1 ERROR
r-release-windows-ix86+x86_64 1.4.1 84.00 165.00 249.00 OK
r-oldrel-windows-ix86+x86_64 1.4.1 58.00 184.00 242.00 OK

Check Details

Version: 1.4.1
Check: tests
Result: ERROR
    Running the tests in ‘tests/testthat.R’ failed.
    Last 13 lines of output:
     'help.start()' for an HTML browser interface to help.
     Type 'q()' to quit R.
    
     > library('testthat')
     >
     > test_check('Gmisc')
     Loading required package: Gmisc
     Loading required package: Rcpp
     Loading required package: htmlTable
     Error: pandoc version 1.12.3 or higher is required and was not found (see the help page ?rmarkdown::pandoc_available).
     testthat results ================================================================
     OK: 116 SKIPPED: 0 FAILED: 0
     Execution halted
Flavor: r-release-osx-x86_64-mavericks