CRAN Package Check Results for Package Gmisc

Last updated on 2015-07-03 11:47:05.

Flavor Version Tinstall Tcheck Ttotal Status Flags
r-devel-linux-x86_64-debian-clang 1.1 13.60 45.57 59.17 NOTE
r-devel-linux-x86_64-debian-gcc 1.1 14.52 43.21 57.74 NOTE
r-devel-linux-x86_64-fedora-clang 1.1 120.44 NOTE
r-devel-linux-x86_64-fedora-gcc 1.1 111.15 NOTE
r-devel-osx-x86_64-clang 1.1 107.01 OK
r-devel-windows-ix86+x86_64 1.1 55.00 89.00 144.00 NOTE
r-patched-linux-x86_64 1.1 14.71 43.48 58.18 OK
r-patched-solaris-sparc 1.1 701.20 OK
r-patched-solaris-x86 1.1 145.80 OK
r-release-linux-x86_64 1.1 14.46 45.84 60.30 OK
r-release-osx-x86_64-mavericks 1.1 OK
r-release-windows-ix86+x86_64 1.1 47.00 92.00 139.00 OK
r-oldrel-windows-ix86+x86_64 1.1 60.00 150.00 210.00 OK

Check Details

Version: 1.1
Check: R code for possible problems
Result: NOTE
    Transition: no visible global function definition for ‘new’
    bezierArrowGradient : <anonymous>: no visible global function
     definition for ‘head’
    bezierArrowGradient: no visible global function definition for ‘tail’
    bezierArrowGradient: no visible binding for global variable ‘tail’
    bezierArrowGradient: no visible binding for global variable ‘head’
    bezierArrowGradient : spltVals: no visible global function definition
     for ‘tail’
    bezierArrowGradient : <anonymous> : <anonymous>: no visible global
     function definition for ‘head’
    bezierArrowGradient: no visible global function definition for
     ‘colorRampPalette’
    bezierArrowSmpl : sqFn: no visible global function definition for
     ‘tail’
    bezierArrowSmpl: no visible global function definition for ‘tail’
    describeMean: no visible global function definition for ‘sd’
    describeMedian: no visible global function definition for ‘median’
    describeMedian: no visible global function definition for ‘quantile’
    figCapNo: no visible global function definition for ‘as.roman’
    figCapNoLast: no visible global function definition for ‘as.roman’
    figCapNoNext: no visible global function definition for ‘as.roman’
    getAbsoluteWidth: no visible global function definition for ‘tail’
    getBezierAdj4Arrw: no visible global function definition for ‘tail’
    getDescriptionStatsBy: no visible global function definition for
     ‘na.omit’
    getPvalAnova: no visible global function definition for ‘lm’
    getPvalAnova: no visible binding for global variable ‘anova’
    getPvalChiSq: no visible global function definition for ‘chisq.test’
    getPvalFisher: no visible global function definition for ‘fisher.test’
    getPvalFisher : <anonymous>: no visible global function definition for
     ‘fisher.test’
    getPvalKruskal: no visible global function definition for
     ‘kruskal.test’
    getPvalWilcox: no visible global function definition for ‘wilcox.test’
    getSvdMostInfluential : plotSvdSelection: no visible global function
     definition for ‘colorRampPalette’
    getSvdMostInfluential : plotSvdSelection: no visible global function
     definition for ‘grey’
    getSvdMostInfluential : plotSvdSelection: no visible global function
     definition for ‘par’
    mergeDesc: no visible global function definition for ‘tail’
    prGetStatistics: no visible global function definition for ‘na.omit’
    prTpGetBoxPositions: no visible global function definition for ‘head’
    prTpGetBoxPositions: no visible global function definition for ‘tail’
    prTpGetColors: no visible global function definition for ‘tail’
    prTpGetColors: no visible global function definition for
     ‘colorRampPalette’
    transitionPlot: no visible global function definition for ‘as.raster’
    transitionPlot: no visible global function definition for ‘grey’
    Undefined global functions or variables:
     anova as.raster as.roman chisq.test colorRampPalette fisher.test grey
     head kruskal.test lm median na.omit new par quantile sd tail
     wilcox.test
Flavors: r-devel-linux-x86_64-debian-clang, r-devel-linux-x86_64-debian-gcc, r-devel-linux-x86_64-fedora-clang, r-devel-linux-x86_64-fedora-gcc, r-devel-windows-ix86+x86_64