CRAN Package Check Results for Package Gmisc

Last updated on 2014-09-01 21:48:51.

Flavor Version Tinstall Tcheck Ttotal Status Flags
r-devel-linux-x86_64-debian-clang 0.6.7 2.18 35.56 37.74 NOTE
r-devel-linux-x86_64-debian-gcc 0.6.7 2.14 35.68 37.82 NOTE
r-devel-linux-x86_64-fedora-clang 0.6.7 78.99 NOTE
r-devel-linux-x86_64-fedora-gcc 0.6.7 75.68 NOTE
r-devel-osx-x86_64-clang 0.6.7 70.07 NOTE
r-devel-windows-ix86+x86_64 0.6.7 7.00 52.00 59.00 NOTE
r-patched-linux-x86_64 0.6.7 2.06 36.93 38.99 OK
r-patched-solaris-sparc 0.6.7 453.40 OK
r-patched-solaris-x86 0.6.7 100.40 OK
r-release-linux-ix86 0.6.7 2.68 47.80 50.48 OK
r-release-linux-x86_64 0.6.7 2.12 38.48 40.60 OK
r-release-osx-x86_64-mavericks 0.6.7 OK
r-release-osx-x86_64-snowleopard 0.6.7 OK
r-release-windows-ix86+x86_64 0.6.7 7.00 56.00 63.00 OK
r-oldrel-windows-ix86+x86_64 0.6.7 8.00 58.00 66.00 OK

Check Details

Version: 0.6.7
Check: R code for possible problems
Result: NOTE
    getDescriptionStatsBy: no visible global function definition for
     ‘label<-’
Flavors: r-devel-linux-x86_64-debian-clang, r-devel-linux-x86_64-debian-gcc, r-devel-linux-x86_64-fedora-clang, r-devel-linux-x86_64-fedora-gcc, r-devel-osx-x86_64-clang, r-devel-windows-ix86+x86_64