CRAN Package Check Results for Package Gmisc

Last updated on 2015-05-29 11:48:51.

Flavor Version Tinstall Tcheck Ttotal Status Flags
r-devel-linux-x86_64-debian-clang 1.1 13.45 44.28 57.74 OK
r-devel-linux-x86_64-debian-gcc 1.1 14.47 43.88 58.35 OK
r-devel-linux-x86_64-fedora-clang 1.1 127.47 OK
r-devel-linux-x86_64-fedora-gcc 1.1 110.32 OK
r-devel-osx-x86_64-clang 1.1 108.02 OK
r-devel-windows-ix86+x86_64 1.1 51.00 88.00 139.00 OK
r-patched-linux-x86_64 1.1 14.72 43.79 58.50 OK
r-patched-solaris-sparc 1.1 701.20 OK
r-patched-solaris-x86 1.1 144.10 OK
r-release-linux-x86_64 1.1 15.34 44.66 60.00 OK
r-release-osx-x86_64-mavericks 1.1 OK
r-release-osx-x86_64-snowleopard 1.1 ERROR
r-release-windows-ix86+x86_64 1.1 53.00 96.00 149.00 OK
r-oldrel-windows-ix86+x86_64 1.1 54.00 152.00 206.00 OK

Check Details

Version: 1.1
Check: whether package can be installed
Result: ERROR
    Installation failed.
Flavor: r-release-osx-x86_64-snowleopard