CRAN Package Check Results for Package Gmisc

Last updated on 2015-09-03 23:47:33.

Flavor Version Tinstall Tcheck Ttotal Status Flags
r-devel-linux-x86_64-debian-clang 1.1 13.87 45.54 59.40 NOTE
r-devel-linux-x86_64-debian-gcc 1.1 15.05 42.76 57.82 NOTE
r-devel-linux-x86_64-fedora-clang 1.1 117.31 NOTE
r-devel-linux-x86_64-fedora-gcc 1.1 109.19 NOTE
r-devel-osx-x86_64-clang 1.1 96.21 OK
r-devel-windows-ix86+x86_64 1.1 52.00 95.00 147.00 NOTE
r-patched-linux-x86_64 1.1 14.71 45.62 60.33 OK
r-patched-solaris-sparc 1.1 707.70 OK
r-patched-solaris-x86 1.1 144.30 OK
r-release-linux-x86_64 1.1 14.15 44.14 58.28 OK
r-release-osx-x86_64-mavericks 1.1 OK
r-release-windows-ix86+x86_64 1.1 68.00 102.00 170.00 OK
r-oldrel-windows-ix86+x86_64 1.1 75.00 162.00 237.00 OK

Check Details

Version: 1.1
Check: R code for possible problems
Result: NOTE
    Transition: no visible global function definition for ‘new’
    bezierArrowGradient : <anonymous>: no visible global function
     definition for ‘head’
    bezierArrowGradient: no visible global function definition for ‘tail’
    bezierArrowGradient: no visible binding for global variable ‘tail’
    bezierArrowGradient: no visible binding for global variable ‘head’
    bezierArrowGradient : spltVals: no visible global function definition
     for ‘tail’
    bezierArrowGradient : <anonymous> : <anonymous>: no visible global
     function definition for ‘head’
    bezierArrowGradient: no visible global function definition for
     ‘colorRampPalette’
    bezierArrowSmpl : sqFn: no visible global function definition for
     ‘tail’
    bezierArrowSmpl: no visible global function definition for ‘tail’
    describeMean: no visible global function definition for ‘sd’
    describeMedian: no visible global function definition for ‘median’
    describeMedian: no visible global function definition for ‘quantile’
    figCapNo: no visible global function definition for ‘as.roman’
    figCapNoLast: no visible global function definition for ‘as.roman’
    figCapNoNext: no visible global function definition for ‘as.roman’
    getAbsoluteWidth: no visible global function definition for ‘tail’
    getBezierAdj4Arrw: no visible global function definition for ‘tail’
    getDescriptionStatsBy: no visible global function definition for
     ‘na.omit’
    getPvalAnova: no visible global function definition for ‘lm’
    getPvalAnova: no visible binding for global variable ‘anova’
    getPvalChiSq: no visible global function definition for ‘chisq.test’
    getPvalFisher: no visible global function definition for ‘fisher.test’
    getPvalFisher : <anonymous>: no visible global function definition for
     ‘fisher.test’
    getPvalKruskal: no visible global function definition for
     ‘kruskal.test’
    getPvalWilcox: no visible global function definition for ‘wilcox.test’
    getSvdMostInfluential : plotSvdSelection: no visible global function
     definition for ‘colorRampPalette’
    getSvdMostInfluential : plotSvdSelection: no visible global function
     definition for ‘grey’
    getSvdMostInfluential : plotSvdSelection: no visible global function
     definition for ‘par’
    mergeDesc: no visible global function definition for ‘tail’
    prGetStatistics: no visible global function definition for ‘na.omit’
    prTpGetBoxPositions: no visible global function definition for ‘head’
    prTpGetBoxPositions: no visible global function definition for ‘tail’
    prTpGetColors: no visible global function definition for ‘tail’
    prTpGetColors: no visible global function definition for
     ‘colorRampPalette’
    transitionPlot: no visible global function definition for ‘as.raster’
    transitionPlot: no visible global function definition for ‘grey’
    Undefined global functions or variables:
     anova as.raster as.roman chisq.test colorRampPalette fisher.test grey
     head kruskal.test lm median na.omit new par quantile sd tail
     wilcox.test
    Consider adding
     importFrom("grDevices", "as.raster", "colorRampPalette", "grey")
     importFrom("graphics", "par")
     importFrom("methods", "new")
     importFrom("stats", "anova", "chisq.test", "fisher.test",
     "kruskal.test", "lm", "median", "na.omit", "quantile", "sd",
     "wilcox.test")
     importFrom("utils", "as.roman", "head", "tail")
    to your NAMESPACE (and ensure that your DESCRIPTION Imports field
    contains 'methods').
Flavors: r-devel-linux-x86_64-debian-clang, r-devel-linux-x86_64-debian-gcc, r-devel-linux-x86_64-fedora-clang, r-devel-linux-x86_64-fedora-gcc, r-devel-windows-ix86+x86_64