CRAN Package Check Results for Package Gmisc

Last updated on 2017-10-23 14:48:41.

Flavor Version Tinstall Tcheck Ttotal Status Flags
r-devel-linux-x86_64-debian-clang 1.5 19.90 87.39 107.29 OK
r-devel-linux-x86_64-debian-gcc 1.5 21.07 95.74 116.81 OK
r-devel-linux-x86_64-fedora-clang 1.5 226.71 OK
r-devel-linux-x86_64-fedora-gcc 1.5 138.87 OK
r-devel-windows-ix86+x86_64 1.5 80.00 190.00 270.00 OK
r-patched-linux-x86_64 1.5 19.35 87.99 107.33 OK
r-patched-solaris-x86 1.5 236.10 OK --no-tests
r-release-linux-x86_64 1.5 19.92 86.60 106.53 OK
r-release-windows-ix86+x86_64 1.5 80.00 268.00 348.00 OK
r-release-osx-x86_64 1.5 ERROR
r-oldrel-windows-ix86+x86_64 1.5 57.00 161.00 218.00 OK
r-oldrel-osx-x86_64 1.5 ERROR

Check Details

Version: 1.5
Check: tests
Result: ERROR
     Running ‘testthat.R’ [4s/4s]
    Running the tests in ‘tests/testthat.R’ failed.
    Complete output:
     > library('testthat')
     >
     > test_check('Gmisc')
     Loading required package: Gmisc
     Loading required package: Rcpp
     Loading required package: htmlTable
     Error: pandoc version 1.12.3 or higher is required and was not found (see the help page ?rmarkdown::pandoc_available).
     testthat results ================================================================
     OK: 117 SKIPPED: 0 FAILED: 0
     Execution halted
Flavor: r-release-osx-x86_64

Version: 1.5
Check: tests
Result: ERROR
    Running the tests in ‘tests/testthat.R’ failed.
    Last 13 lines of output:
     'help.start()' for an HTML browser interface to help.
     Type 'q()' to quit R.
    
     > library('testthat')
     >
     > test_check('Gmisc')
     Loading required package: Gmisc
     Loading required package: Rcpp
     Loading required package: htmlTable
     Error: pandoc version 1.12.3 or higher is required and was not found (see the help page ?rmarkdown::pandoc_available).
     testthat results ================================================================
     OK: 117 SKIPPED: 0 FAILED: 0
     Execution halted
Flavor: r-oldrel-osx-x86_64