CRAN Package Check Results for Package Gmisc

Last updated on 2014-10-23 00:47:58.

Flavor Version Tinstall Tcheck Ttotal Status Flags
r-devel-linux-x86_64-debian-clang 0.6.7 2.29 38.48 40.77 NOTE
r-devel-linux-x86_64-debian-gcc 0.6.7 2.04 38.49 40.53 NOTE
r-devel-linux-x86_64-fedora-clang 0.6.7 83.82 NOTE
r-devel-linux-x86_64-fedora-gcc 0.6.7 78.31 NOTE
r-devel-osx-x86_64-clang 0.6.7 75.29 NOTE
r-devel-windows-ix86+x86_64 0.6.7 9.00 59.00 68.00 NOTE
r-patched-linux-x86_64 0.6.7 2.11 40.00 42.11 NOTE
r-patched-solaris-sparc 0.6.7 466.80 NOTE
r-patched-solaris-x86 0.6.7 103.50 NOTE
r-release-linux-ix86 0.6.7 2.80 50.35 53.15 OK
r-release-linux-x86_64 0.6.7 2.20 40.62 42.83 OK
r-release-osx-x86_64-mavericks 0.6.7 OK
r-release-osx-x86_64-snowleopard 0.6.7 OK
r-release-windows-ix86+x86_64 0.6.7 7.00 59.00 66.00 OK
r-oldrel-windows-ix86+x86_64 0.6.7 10.00 63.00 73.00 OK

Check Details

Version: 0.6.7
Check: R code for possible problems
Result: NOTE
    getDescriptionStatsBy: no visible global function definition for
     ‘label<-’
Flavors: r-devel-linux-x86_64-debian-clang, r-devel-linux-x86_64-debian-gcc, r-devel-linux-x86_64-fedora-clang, r-devel-linux-x86_64-fedora-gcc, r-devel-osx-x86_64-clang, r-devel-windows-ix86+x86_64, r-patched-linux-x86_64, r-patched-solaris-sparc, r-patched-solaris-x86