CRAN Package Check Results for Package Gmisc

Last updated on 2016-04-30 03:51:12.

Flavor Version Tinstall Tcheck Ttotal Status Flags
r-devel-linux-x86_64-debian-gcc 1.3.1 15.02 67.43 82.46 OK
r-devel-linux-x86_64-fedora-clang 1.3.1 172.89 OK
r-devel-linux-x86_64-fedora-gcc 1.3.1 160.01 OK
r-devel-osx-x86_64-clang 1.3.1 173.53 OK
r-devel-windows-ix86+x86_64 1.3.1 58.00 154.00 212.00 OK
r-patched-linux-x86_64 1.3.1 15.15 59.56 74.71 WARN
r-patched-solaris-sparc 1.3.1 699.70 OK --no-tests
r-patched-solaris-x86 1.3.1 194.50 OK --no-tests
r-release-linux-x86_64 1.3.1 15.22 72.29 87.51 OK
r-release-osx-x86_64-mavericks 1.3.1 ERROR
r-release-windows-ix86+x86_64 1.3.1 55.00 157.00 212.00 OK
r-oldrel-windows-ix86+x86_64 1.3 82.00 214.00 296.00 ERROR

Check Details

Version: 1.3.1
Check: re-building of vignette outputs
Result: WARN
    Error in re-building vignettes:
     ...
     9: eval(expr, envir, enclos)
    10: eval(expr, envir, enclos)
    11: withVisible(eval(expr, envir, enclos))
    12: withCallingHandlers(withVisible(eval(expr, envir, enclos)), warning = wHandler, error = eHandler, message = mHandler)
    13: handle(ev <- withCallingHandlers(withVisible(eval(expr, envir, enclos)), warning = wHandler, error = eHandler, message = mHandler))
    14: evaluate_call(expr, parsed$src[[i]], envir = envir, enclos = enclos, debug = debug, last = i == length(out), use_try = stop_on_error != 2L, keep_warning = keep_warning, keep_message = keep_message, output_handler = output_handler)
    15: evaluate::evaluate(code, envir = env, new_device = FALSE, keep_warning = !isFALSE(options$warning), keep_message = !isFALSE(options$message), stop_on_error = if (options$error && options$include) 0L else 2L, output_handler = knit_handlers(options$render, options))
    16: in_dir(opts_knit$get("root.dir") %n% input_dir(), evaluate::evaluate(code, envir = env, new_device = FALSE, keep_warning = !isFALSE(options$warning), keep_message = !isFALSE(options$message), stop_on_error = if (options$error && options$include) 0L else 2L, output_handler = knit_handlers(options$render, options)))
    17: block_exec(params)
    18: call_block(x)
    19: process_group.block(group)
    20: process_group(group)
    21: withCallingHandlers(if (tangle) process_tangle(group) else process_group(group), error = function(e) { setwd(wd) cat(res, sep = "\n", file = output %n% "") message("Quitting from lines ", paste(current_lines(i), collapse = "-"), " (", knit_concord$get("infile"), ") ") })
    22: process_file(text, output)
    23: knitr::knit(knit_input, knit_output, envir = envir, quiet = quiet, encoding = encoding)
    24: rmarkdown::render(file, encoding = encoding, quiet = quiet, envir = globalenv())
    25: vweave_rmarkdown(...)
    26: engine$weave(file, quiet = quiet, encoding = enc)
    27: doTryCatch(return(expr), name, parentenv, handler)
    28: tryCatchOne(expr, names, parentenv, handlers[[1L]])
    29: tryCatchList(expr, classes, parentenv, handlers)
    30: tryCatch({ engine$weave(file, quiet = quiet, encoding = enc) setwd(startdir) find_vignette_product(name, by = "weave", engine = engine)}, error = function(e) { stop(gettextf("processing vignette '%s' failed with diagnostics:\n%s", file, conditionMessage(e)), domain = NA, call. = FALSE)})
    31: buildVignettes(dir = "/home/hornik/tmp/R.check/r-patched-gcc/Work/PKGS/Gmisc.Rcheck/vign_test/Gmisc")
    An irrecoverable exception occurred. R is aborting now ...
    Segmentation fault
Flavor: r-patched-linux-x86_64

Version: 1.3.1
Check: tests
Result: ERROR
    Running the tests in ‘tests/testthat.R’ failed.
    Last 13 lines of output:
     'help.start()' for an HTML browser interface to help.
     Type 'q()' to quit R.
    
     > library('testthat')
     >
     > test_check('Gmisc')
     Loading required package: Gmisc
     Loading required package: Rcpp
     Loading required package: htmlTable
     Error: pandoc version 1.12.3 or higher is required and was not found.
     testthat results ================================================================
     OK: 109 SKIPPED: 0 FAILED: 0
     Execution halted
Flavor: r-release-osx-x86_64-mavericks

Version: 1.3
Check: running tests for arch ‘i386’
Result: ERROR
    Running the tests in 'tests/testthat.R' failed.
    Last 13 lines of output:
     List of 1
     $ echo: logi TRUE
    
     ordinary text without R code
    
     output file: Full_test_suite.knit.md
    
     "D:/compiler/pandoc/pandoc" +RTS -K512m -RTS Full_test_suite.utf8.md --to html --from markdown+autolink_bare_uris+ascii_identifiers+tex_math_single_backslash --output "D:\temp\RtmpEveI4V/tmp.html" --smart --email-obfuscation none --standalone --section-divs --template "D:\temp\RtmpAH4dYp\RLIBS_7d60727b6687\rmarkdown\rmd\h\default.html" --css docx.css --no-highlight
    
     Output created: D:\temp\RtmpEveI4V/tmp.html
     Error in eval(expr, envir, enclos) : could not find function "dir.exists"
     Calls: test_check ... test_files -> lapply -> FUN -> sys.source2 -> eval -> eval
     Execution halted
Flavor: r-oldrel-windows-ix86+x86_64

Version: 1.3
Check: running tests for arch ‘x64’
Result: ERROR
    Running the tests in 'tests/testthat.R' failed.
    Last 13 lines of output:
     List of 1
     $ echo: logi TRUE
    
     ordinary text without R code
    
     output file: Full_test_suite.knit.md
    
     "D:/compiler/pandoc/pandoc" +RTS -K512m -RTS Full_test_suite.utf8.md --to html --from markdown+autolink_bare_uris+ascii_identifiers+tex_math_single_backslash --output "D:\temp\RtmpSSAq1o/tmp.html" --smart --email-obfuscation none --standalone --section-divs --template "D:\temp\RtmpAH4dYp\RLIBS_7d60727b6687\rmarkdown\rmd\h\default.html" --css docx.css --no-highlight
    
     Output created: D:\temp\RtmpSSAq1o/tmp.html
     Error in eval(expr, envir, enclos) : could not find function "dir.exists"
     Calls: test_check ... test_files -> lapply -> FUN -> sys.source2 -> eval -> eval
     Execution halted
Flavor: r-oldrel-windows-ix86+x86_64