CRAN Package Check Results for Package Gmisc

Last updated on 2017-06-26 16:46:57.

Flavor Version Tinstall Tcheck Ttotal Status Flags
r-devel-linux-x86_64-debian-clang 1.4.1 19.39 86.54 105.93 NOTE
r-devel-linux-x86_64-debian-gcc 1.4.1 20.25 85.29 105.54 NOTE
r-devel-linux-x86_64-fedora-clang 1.4.1 222.03 NOTE
r-devel-linux-x86_64-fedora-gcc 1.4.1 214.36 NOTE
r-devel-windows-ix86+x86_64 1.4.1 80.00 240.00 320.00 WARN
r-patched-linux-x86_64 1.4.1 19.09 87.14 106.24 NOTE
r-patched-solaris-sparc 1.4.1 1133.10 OK --no-tests
r-patched-solaris-x86 1.4.1 240.50 OK --no-tests
r-release-linux-x86_64 1.4.1 19.32 86.20 105.52 NOTE
r-release-windows-ix86+x86_64 1.4.1 69.00 198.00 267.00 WARN
r-release-osx-x86_64 1.4.1 ERROR
r-oldrel-windows-ix86+x86_64 1.4.1 65.00 231.00 296.00 OK
r-oldrel-osx-x86_64 1.4.1 ERROR

Check Details

Version: 1.4.1
Check: compiled code
Result: NOTE
    File ‘Gmisc/libs/Gmisc.so’:
     Found no calls to: ‘R_registerRoutines’, ‘R_useDynamicSymbols’
    
    It is good practice to register native routines and to disable symbol
    search.
    
    See ‘Writing portable packages’ in the ‘Writing R Extensions’ manual.
Flavors: r-devel-linux-x86_64-debian-clang, r-devel-linux-x86_64-debian-gcc, r-devel-linux-x86_64-fedora-clang, r-devel-linux-x86_64-fedora-gcc, r-patched-linux-x86_64, r-release-linux-x86_64

Version: 1.4.1
Check: DESCRIPTION meta-information
Result: NOTE
    NeedsCompilation field should likely be 'yes'
Flavors: r-devel-windows-ix86+x86_64, r-release-windows-ix86+x86_64

Version: 1.4.1
Check: re-building of vignette outputs
Result: WARN
    Error in re-building vignettes:
     ...
    Loading required package: lattice
    Loading required package: survival
    Loading required package: Formula
    Loading required package: ggplot2
    
    Attaching package: 'Hmisc'
    
    The following objects are masked from 'package:base':
    
     format.pval, round.POSIXt, trunc.POSIXt, units
    
    Quitting from lines 89-93 (Transition-class.Rmd)
    Error: processing vignette 'Transition-class.Rmd' failed with diagnostics:
    unimplemented type 'builtin' in 'coerceToReal'
    Execution halted
Flavor: r-devel-windows-ix86+x86_64

Version: 1.4.1
Check: re-building of vignette outputs
Result: WARN
    Error in re-building vignettes:
     ...
    Loading required package: lattice
    Loading required package: survival
    Loading required package: Formula
    Loading required package: ggplot2
    
    Attaching package: 'Hmisc'
    
    The following objects are masked from 'package:base':
    
     format.pval, round.POSIXt, trunc.POSIXt, units
    
    The minimum width reached and the arrow at box no. '1' to no. '2' will not be shown. This is due to the fact that the lwd will generate a falsely strong arrow.
    The minimum width reached and the arrow at box no. '1' to no. '2' will not be shown. This is due to the fact that the lwd will generate a falsely strong arrow.
    The minimum width reached and the arrow at box no. '2' to no. '1' will not be shown. This is due to the fact that the lwd will generate a falsely strong arrow.
    The minimum width reached and the arrow at box no. '2' to no. '1' will not be shown. This is due to the fact that the lwd will generate a falsely strong arrow.
Flavor: r-release-windows-ix86+x86_64

Version: 1.4.1
Check: tests
Result: ERROR
     Running ‘testthat.R’ [5s/7s]
    Running the tests in ‘tests/testthat.R’ failed.
    Complete output:
     > library('testthat')
     >
     > test_check('Gmisc')
     Loading required package: Gmisc
     Loading required package: Rcpp
     Loading required package: htmlTable
     Error: pandoc version 1.12.3 or higher is required and was not found (see the help page ?rmarkdown::pandoc_available).
     testthat results ================================================================
     OK: 116 SKIPPED: 0 FAILED: 0
     Execution halted
Flavor: r-release-osx-x86_64

Version: 1.4.1
Check: tests
Result: ERROR
    Running the tests in ‘tests/testthat.R’ failed.
    Last 13 lines of output:
     'help.start()' for an HTML browser interface to help.
     Type 'q()' to quit R.
    
     > library('testthat')
     >
     > test_check('Gmisc')
     Loading required package: Gmisc
     Loading required package: Rcpp
     Loading required package: htmlTable
     Error: pandoc version 1.12.3 or higher is required and was not found (see the help page ?rmarkdown::pandoc_available).
     testthat results ================================================================
     OK: 116 SKIPPED: 0 FAILED: 0
     Execution halted
Flavor: r-oldrel-osx-x86_64