CRAN Package Check Results for Package Gmisc

Last updated on 2014-12-20 09:53:45.

Flavor Version Tinstall Tcheck Ttotal Status Flags
r-devel-linux-x86_64-debian-clang 0.6.7 2.18 38.84 41.01 NOTE
r-devel-linux-x86_64-debian-gcc 0.6.7 2.11 37.64 39.75 NOTE
r-devel-linux-x86_64-fedora-clang 0.6.7 85.05 NOTE
r-devel-linux-x86_64-fedora-gcc 0.6.7 80.31 NOTE
r-devel-osx-x86_64-clang 0.6.7 75.72 NOTE
r-devel-windows-ix86+x86_64 0.6.7 9.00 59.00 68.00 NOTE
r-patched-linux-x86_64 0.6.7 3.37 39.21 42.58 NOTE
r-patched-solaris-sparc 0.6.7 466.80 NOTE
r-patched-solaris-x86 0.6.7 104.80 NOTE
r-release-linux-ix86 0.6.7 2.78 47.56 50.35 NOTE
r-release-linux-x86_64 0.6.7 2.25 40.10 42.35 NOTE
r-release-osx-x86_64-mavericks 0.6.7 OK
r-release-osx-x86_64-snowleopard 0.6.7 OK
r-release-windows-ix86+x86_64 0.6.7 9.00 61.00 70.00 NOTE
r-oldrel-windows-ix86+x86_64 0.6.7 9.00 64.00 73.00 OK

Check Details

Version: 0.6.7
Check: R code for possible problems
Result: NOTE
    getDescriptionStatsBy: no visible global function definition for
     ‘label<-’
Flavors: r-devel-linux-x86_64-debian-clang, r-devel-linux-x86_64-debian-gcc, r-devel-linux-x86_64-fedora-clang, r-devel-linux-x86_64-fedora-gcc, r-devel-osx-x86_64-clang, r-devel-windows-ix86+x86_64, r-patched-linux-x86_64, r-patched-solaris-sparc, r-patched-solaris-x86, r-release-linux-ix86, r-release-linux-x86_64, r-release-windows-ix86+x86_64