CRAN Package Check Results for Package Gmisc

Last updated on 2016-02-06 22:47:02.

Flavor Version Tinstall Tcheck Ttotal Status Flags
r-devel-linux-x86_64-debian-gcc 1.3 13.11 48.11 61.22 OK
r-devel-linux-x86_64-fedora-clang 1.3 126.72 OK
r-devel-linux-x86_64-fedora-gcc 1.3 116.08 OK
r-devel-osx-x86_64-clang 1.3 127.75 ERROR
r-devel-windows-ix86+x86_64 1.3 75.00 112.00 187.00 OK
r-patched-linux-x86_64 1.3 13.43 51.59 65.02 OK
r-patched-solaris-sparc 1.3 679.00 OK --no-tests
r-patched-solaris-x86 1.3 144.70 OK --no-tests
r-release-linux-x86_64 1.3 13.72 51.85 65.57 OK
r-release-osx-x86_64-mavericks 1.3 ERROR
r-release-windows-ix86+x86_64 1.3 52.00 116.00 168.00 OK
r-oldrel-windows-ix86+x86_64 1.3 77.00 139.00 216.00 ERROR

Check Details

Version: 1.3
Check: tests
Result: ERROR
    Running the tests in ‘tests/testthat.R’ failed.
    Last 13 lines of output:
     $ echo: logi TRUE
    
     ordinary text without R code
    
     output file: Full_test_suite.knit.md
    
     /usr/local/bin/pandoc +RTS -K512m -RTS Full_test_suite.utf8.md --to html --from markdown+autolink_bare_uris+ascii_identifiers+tex_math_single_backslash --output /var/folders/gv/f60jb6tn7fxb9sz1yfr7d_vm0000gp/T//Rtmpn2CmfZ/tmp.html --smart --email-obfuscation none --standalone --section-divs --template /Users/ripley/R/test-3.3/rmarkdown/rmd/h/default.html --css docx.css --no-highlight
    
     Output created: /var/folders/gv/f60jb6tn7fxb9sz1yfr7d_vm0000gp/T//Rtmpn2CmfZ/tmp.html
    
     *** caught segfault ***
     address 0x0, cause 'unknown'
     aborting ...
Flavor: r-devel-osx-x86_64-clang

Version: 1.3
Check: tests
Result: ERROR
    Running the tests in ‘tests/testthat.R’ failed.
    Last 13 lines of output:
    
     Type 'demo()' for some demos, 'help()' for on-line help, or
     'help.start()' for an HTML browser interface to help.
     Type 'q()' to quit R.
    
     > library('testthat')
     >
     > test_check('Gmisc')
     Loading required package: Gmisc
     Loading required package: Rcpp
     Loading required package: htmlTable
     Error: pandoc version 1.12.3 or higher is required and was not found.
     Execution halted
Flavor: r-release-osx-x86_64-mavericks

Version: 1.3
Check: running tests for arch ‘i386’
Result: ERROR
    Running the tests in 'tests/testthat.R' failed.
    Last 13 lines of output:
     List of 1
     $ echo: logi TRUE
    
     ordinary text without R code
    
     output file: Full_test_suite.knit.md
    
     "D:/compiler/pandoc/pandoc" +RTS -K512m -RTS Full_test_suite.utf8.md --to html --from markdown+autolink_bare_uris+ascii_identifiers+tex_math_single_backslash --output "D:\temp\RtmpGM6MHg/tmp.html" --smart --email-obfuscation none --standalone --section-divs --template "D:\temp\RtmpMlKtGM\RLIBS_d6c85921aa8\rmarkdown\rmd\h\default.html" --css docx.css --no-highlight
    
     Output created: D:\temp\RtmpGM6MHg/tmp.html
     Error in eval(expr, envir, enclos) : could not find function "dir.exists"
     Calls: test_check ... test_files -> lapply -> FUN -> sys.source2 -> eval -> eval
     Execution halted
Flavor: r-oldrel-windows-ix86+x86_64

Version: 1.3
Check: running tests for arch ‘x64’
Result: ERROR
    Running the tests in 'tests/testthat.R' failed.
    Last 13 lines of output:
     List of 1
     $ echo: logi TRUE
    
     ordinary text without R code
    
     output file: Full_test_suite.knit.md
    
     "D:/compiler/pandoc/pandoc" +RTS -K512m -RTS Full_test_suite.utf8.md --to html --from markdown+autolink_bare_uris+ascii_identifiers+tex_math_single_backslash --output "D:\temp\RtmpA52m3Q/tmp.html" --smart --email-obfuscation none --standalone --section-divs --template "D:\temp\RtmpMlKtGM\RLIBS_d6c85921aa8\rmarkdown\rmd\h\default.html" --css docx.css --no-highlight
    
     Output created: D:\temp\RtmpA52m3Q/tmp.html
     Error in eval(expr, envir, enclos) : could not find function "dir.exists"
     Calls: test_check ... test_files -> lapply -> FUN -> sys.source2 -> eval -> eval
     Execution halted
Flavor: r-oldrel-windows-ix86+x86_64