CRAN Package Check Results for Package Gmisc

Last updated on 2016-07-28 21:47:53.

Flavor Version Tinstall Tcheck Ttotal Status Flags
r-devel-linux-x86_64-debian-clang 1.3.1 22.62 82.79 105.42 OK
r-devel-linux-x86_64-debian-gcc 1.3.1 22.64 82.05 104.69 OK
r-devel-linux-x86_64-fedora-clang 1.3.1 195.58 OK
r-devel-linux-x86_64-fedora-gcc 1.3.1 170.43 OK
r-devel-osx-x86_64-clang 1.3.1 139.05 OK
r-devel-windows-ix86+x86_64 1.3.1 77.00 207.00 284.00 OK
r-patched-linux-x86_64 1.3.1 18.31 85.13 103.44 OK
r-patched-solaris-sparc 1.3.1 970.90 OK --no-tests
r-patched-solaris-x86 1.3.1 199.80 OK --no-tests
r-release-linux-x86_64 1.3.1 18.39 83.89 102.27 OK
r-release-osx-x86_64-mavericks 1.3.1 ERROR
r-release-windows-ix86+x86_64 1.3.1 77.00 201.00 278.00 OK
r-oldrel-windows-ix86+x86_64 1.3.1 77.00 220.00 297.00 OK

Check Details

Version: 1.3.1
Check: tests
Result: ERROR
    Running the tests in ‘tests/testthat.R’ failed.
    Last 13 lines of output:
     'help.start()' for an HTML browser interface to help.
     Type 'q()' to quit R.
    
     > library('testthat')
     >
     > test_check('Gmisc')
     Loading required package: Gmisc
     Loading required package: Rcpp
     Loading required package: htmlTable
     Error: pandoc version 1.12.3 or higher is required and was not found.
     testthat results ================================================================
     OK: 109 SKIPPED: 0 FAILED: 0
     Execution halted
Flavor: r-release-osx-x86_64-mavericks