CRAN Package Check Results for Package Gmisc

Last updated on 2015-03-28 19:50:05.

Flavor Version Tinstall Tcheck Ttotal Status Flags
r-devel-linux-x86_64-debian-clang 1.1 14.24 53.18 67.43 OK
r-devel-linux-x86_64-debian-gcc 1.1 14.18 52.87 67.05 OK
r-devel-linux-x86_64-fedora-clang 1.1 141.29 OK
r-devel-linux-x86_64-fedora-gcc 1.1 128.93 OK
r-devel-osx-x86_64-clang 1.1 119.04 OK
r-prerel-windows-ix86+x86_64 1.1 70.00 138.00 208.00 OK
r-prerel-linux-x86_64 1.1 14.35 51.46 65.81 OK
r-prerel-solaris-sparc 1.1 808.00 OK
r-prerel-solaris-x86 1.1 162.00 OK
r-release-linux-x86_64 1.1 15.70 72.41 88.11 OK
r-release-osx-x86_64-mavericks 1.1 OK
r-release-osx-x86_64-snowleopard 1.1 ERROR
r-release-windows-ix86+x86_64 1.1 56.00 166.00 222.00 OK
r-oldrel-windows-ix86+x86_64 1.1 50.00 168.00 218.00 OK

Check Details

Version: 1.1
Check: whether package can be installed
Result: ERROR
    Installation failed.
Flavor: r-release-osx-x86_64-snowleopard