CRAN Package Check Results for Package Gmisc

Last updated on 2016-09-28 11:50:08.

Flavor Version Tinstall Tcheck Ttotal Status Flags
r-devel-linux-x86_64-debian-clang 1.3.1 18.08 71.23 89.31 OK
r-devel-linux-x86_64-debian-gcc 1.3.1 17.02 68.87 85.89 OK
r-devel-linux-x86_64-fedora-clang 1.3.1 176.12 OK
r-devel-linux-x86_64-fedora-gcc 1.3.1 168.61 OK
r-devel-macos-x86_64-clang 1.3.1 129.87 OK
r-devel-windows-ix86+x86_64 1.3.1 85.00 202.00 287.00 OK
r-patched-linux-x86_64 1.3.1 15.09 69.58 84.67 OK
r-patched-solaris-sparc 1.3.1 970.90 OK --no-tests
r-patched-solaris-x86 1.3.1 199.20 OK --no-tests
r-release-linux-x86_64 1.3.1 16.09 71.89 87.98 OK
r-release-osx-x86_64-mavericks 1.3.1 ERROR
r-release-windows-ix86+x86_64 1.3.1 74.00 204.00 278.00 OK
r-oldrel-windows-ix86+x86_64 1.3.1 77.00 215.00 292.00 OK

Check Details

Version: 1.3.1
Check: tests
Result: ERROR
    Running the tests in ‘tests/testthat.R’ failed.
    Last 13 lines of output:
     'help.start()' for an HTML browser interface to help.
     Type 'q()' to quit R.
    
     > library('testthat')
     >
     > test_check('Gmisc')
     Loading required package: Gmisc
     Loading required package: Rcpp
     Loading required package: htmlTable
     Error: pandoc version 1.12.3 or higher is required and was not found.
     testthat results ================================================================
     OK: 109 SKIPPED: 0 FAILED: 0
     Execution halted
Flavor: r-release-osx-x86_64-mavericks