CRAN Package Check Results for Package Gmisc

Last updated on 2017-01-16 17:49:13.

Flavor Version Tinstall Tcheck Ttotal Status Flags
r-devel-linux-x86_64-debian-clang 1.4.1 20.93 84.44 105.37 OK
r-devel-linux-x86_64-debian-gcc 1.4.1 17.26 81.99 99.25 OK
r-devel-linux-x86_64-fedora-clang 1.4.1 212.86 OK --no-stop-on-test-error
r-devel-linux-x86_64-fedora-gcc 1.4.1 206.82 NOTE --no-stop-on-test-error
r-devel-macos-x86_64-clang 1.4.1 160.90 OK --no-stop-on-test-error
r-devel-windows-ix86+x86_64 1.4.1 81.00 193.00 274.00 NOTE
r-patched-linux-x86_64 1.4.1 15.06 73.29 88.35 OK
r-patched-solaris-sparc 1.4.1 1035.30 OK --no-tests
r-patched-solaris-x86 1.4.1 209.90 OK --no-tests
r-release-linux-x86_64 1.4.1 15.37 73.71 89.08 OK
r-release-osx-x86_64-mavericks 1.4.1 ERROR
r-release-windows-ix86+x86_64 1.4.1 79.00 182.00 261.00 OK
r-oldrel-windows-ix86+x86_64 1.4.1 54.00 184.00 238.00 OK

Check Details

Version: 1.4.1
Flags: --no-stop-on-test-error
Check: compiled code
Result: NOTE
    File ‘Gmisc/libs/Gmisc.so’:
     Found no calls to: ‘R_registerRoutines’, ‘R_useDynamicSymbols’
    
    It is good practice to use registered native symbols and disable symbol
    search.
    
    See ‘Writing portable packages’ in the ‘Writing R Extensions’ manual.
Flavor: r-devel-linux-x86_64-fedora-gcc

Version: 1.4.1
Check: DESCRIPTION meta-information
Result: NOTE
    NeedsCompilation field should likely be 'yes'
Flavor: r-devel-windows-ix86+x86_64

Version: 1.4.1
Check: tests
Result: ERROR
    Running the tests in ‘tests/testthat.R’ failed.
    Last 13 lines of output:
     'help.start()' for an HTML browser interface to help.
     Type 'q()' to quit R.
    
     > library('testthat')
     >
     > test_check('Gmisc')
     Loading required package: Gmisc
     Loading required package: Rcpp
     Loading required package: htmlTable
     Error: pandoc version 1.12.3 or higher is required and was not found (see the help page ?rmarkdown::pandoc_available).
     testthat results ================================================================
     OK: 116 SKIPPED: 0 FAILED: 0
     Execution halted
Flavor: r-release-osx-x86_64-mavericks