CRAN Package Check Results for Package Gmisc

Last updated on 2018-04-27 02:54:43 CEST.

Flavor Version Tinstall Tcheck Ttotal Status Flags
r-devel-linux-x86_64-debian-clang 1.6.1 32.14 111.23 143.37 OK
r-devel-linux-x86_64-debian-gcc 1.6.1 28.70 98.09 126.79 OK
r-devel-linux-x86_64-fedora-clang 1.6.1 128.63 OK
r-devel-linux-x86_64-fedora-gcc 1.6.1 190.96 OK
r-devel-windows-ix86+x86_64 1.6.1 89.00 264.00 353.00 OK
r-patched-linux-x86_64 1.6.1 33.35 123.50 156.85 OK
r-patched-solaris-x86 1.6.1 220.00 OK --no-tests
r-release-linux-x86_64 1.6.1 32.64 124.80 157.44 OK
r-release-windows-ix86+x86_64 1.6.1 89.00 264.00 353.00 OK
r-release-osx-x86_64 1.6.1 OK
r-oldrel-windows-ix86+x86_64 1.6.1 58.00 200.00 258.00 OK
r-oldrel-osx-x86_64 1.5 ERROR

Check Details

Version: 1.5
Check: tests
Result: ERROR
     Running ‘testthat.R’ [6s/6s]
    Running the tests in ‘tests/testthat.R’ failed.
    Last 13 lines of output:
     Loading required package: Gmisc
     Loading required package: Rcpp
     Loading required package: htmlTable
     ── 1. Error: (unknown) (@test-fig_caption.R#6) ────────────────────────────────
     pandoc version 1.12.3 or higher is required and was not found (see the help page ?rmarkdown::pandoc_available).
     1: rmarkdown::render(fn, output_file = file.path(td, "tmp.html")) at testthat/test-fig_caption.R:6
     2: pandoc_available(required_pandoc, error = TRUE)
     3: stop(paste(msg, collapse = " "), call. = FALSE)
    
     ══ testthat results ═══════════════════════════════════════════════════════════
     OK: 311 SKIPPED: 0 FAILED: 1
     1. Error: (unknown) (@test-fig_caption.R#6)
    
     Error: testthat unit tests failed
     Execution halted
Flavor: r-oldrel-osx-x86_64