CRAN Package Check Results for Package Gmisc

Last updated on 2014-08-30 04:48:12.

Flavor Version Tinstall Tcheck Ttotal Status Flags
r-devel-linux-x86_64-debian-clang 0.6.7 2.27 38.88 41.15 NOTE
r-devel-linux-x86_64-debian-gcc 0.6.7 2.16 35.12 37.28 NOTE
r-devel-linux-x86_64-fedora-clang 0.6.7 78.99 NOTE
r-devel-linux-x86_64-fedora-gcc 0.6.7 76.99 NOTE
r-devel-osx-x86_64-clang 0.6.7 69.36 NOTE
r-devel-windows-ix86+x86_64 0.6.7 11.00 53.00 64.00 NOTE
r-patched-linux-x86_64 0.6.7 2.09 38.04 40.13 OK
r-patched-solaris-sparc 0.6.7 453.40 OK
r-patched-solaris-x86 0.6.7 100.40 OK
r-release-linux-ix86 0.6.7 2.67 47.34 50.01 OK
r-release-linux-x86_64 0.6.7 2.58 37.80 40.38 OK
r-release-osx-x86_64-mavericks 0.6.7 OK
r-release-osx-x86_64-snowleopard 0.6.7 OK
r-release-windows-ix86+x86_64 0.6.7 8.00 54.00 62.00 OK
r-oldrel-windows-ix86+x86_64 0.6.7 7.00 57.00 64.00 OK

Check Details

Version: 0.6.7
Check: R code for possible problems
Result: NOTE
    getDescriptionStatsBy: no visible global function definition for
     ‘label<-’
Flavors: r-devel-linux-x86_64-debian-clang, r-devel-linux-x86_64-debian-gcc, r-devel-linux-x86_64-fedora-clang, r-devel-linux-x86_64-fedora-gcc, r-devel-osx-x86_64-clang, r-devel-windows-ix86+x86_64