CRAN Package Check Results for Package Gmisc

Last updated on 2016-05-27 23:47:14.

Flavor Version Tinstall Tcheck Ttotal Status Flags
r-devel-linux-x86_64-debian-gcc 1.3.1 20.81 72.44 93.25 OK
r-devel-linux-x86_64-fedora-clang 1.3.1 175.18 OK
r-devel-linux-x86_64-fedora-gcc 1.3.1 167.44 OK
r-devel-osx-x86_64-clang 1.3.1 181.18 OK
r-devel-windows-ix86+x86_64 1.3.1 57.00 162.00 219.00 OK
r-patched-linux-x86_64 1.3.1 15.59 70.61 86.20 OK
r-patched-solaris-sparc 1.3.1 969.40 OK --no-tests
r-patched-solaris-x86 1.3.1 203.70 OK --no-tests
r-release-linux-x86_64 1.3.1 15.62 69.93 85.56 OK
r-release-osx-x86_64-mavericks 1.3.1 ERROR
r-release-windows-ix86+x86_64 1.3.1 74.00 163.00 237.00 OK

Check Details

Version: 1.3.1
Check: tests
Result: ERROR
    Running the tests in ‘tests/testthat.R’ failed.
    Last 13 lines of output:
     'help.start()' for an HTML browser interface to help.
     Type 'q()' to quit R.
    
     > library('testthat')
     >
     > test_check('Gmisc')
     Loading required package: Gmisc
     Loading required package: Rcpp
     Loading required package: htmlTable
     Error: pandoc version 1.12.3 or higher is required and was not found.
     testthat results ================================================================
     OK: 109 SKIPPED: 0 FAILED: 0
     Execution halted
Flavor: r-release-osx-x86_64-mavericks