CRAN Package Check Results for Package GofKmt

Last updated on 2023-12-01 18:50:59 CET.

Flavor Version Tinstall Tcheck Ttotal Status Flags
r-devel-linux-x86_64-debian-clang 2.2.0 40.25 51.01 91.26 NOTE
r-devel-linux-x86_64-debian-gcc 2.2.0 24.41 38.73 63.14 NOTE
r-devel-linux-x86_64-fedora-clang 2.2.0 128.31 NOTE
r-devel-linux-x86_64-fedora-gcc 2.2.0 118.57 NOTE
r-devel-windows-x86_64 2.2.0 30.00 79.00 109.00 NOTE
r-patched-linux-x86_64 2.2.0 29.30 49.50 78.80 NOTE
r-release-linux-x86_64 2.2.0 31.73 50.15 81.88 NOTE
r-release-macos-arm64 2.2.0 35.00 NOTE
r-release-macos-x86_64 2.2.0 55.00 NOTE
r-release-windows-x86_64 2.2.0 40.00 93.00 133.00 NOTE
r-oldrel-macos-arm64 2.2.0 37.00 OK
r-oldrel-macos-x86_64 2.2.0 59.00 OK
r-oldrel-windows-x86_64 2.2.0 38.00 89.00 127.00 OK

Check Details

Version: 2.2.0
Check: C++ specification
Result: NOTE Specified C++11: please drop specification unless essential Flavors: r-devel-linux-x86_64-debian-clang, r-devel-linux-x86_64-debian-gcc, r-devel-linux-x86_64-fedora-clang, r-devel-linux-x86_64-fedora-gcc, r-devel-windows-x86_64, r-patched-linux-x86_64, r-release-linux-x86_64, r-release-macos-arm64, r-release-macos-x86_64, r-release-windows-x86_64