CRAN Package Check Results for Package GoogleKnowledgeGraphR

Last updated on 2022-05-19 20:49:02 CEST.

Flavor Version Tinstall Tcheck Ttotal Status Flags
r-devel-linux-x86_64-debian-clang 0.1.0 1.85 33.96 35.81 NOTE
r-devel-linux-x86_64-debian-gcc 0.1.0 1.62 25.80 27.42 NOTE
r-devel-linux-x86_64-fedora-clang 0.1.0 41.17 NOTE
r-devel-linux-x86_64-fedora-gcc 0.1.0 43.63 NOTE
r-devel-windows-x86_64 0.1.0 32.00 47.00 79.00 NOTE
r-patched-linux-x86_64 0.1.0 1.90 32.05 33.95 NOTE
r-release-linux-x86_64 0.1.0 1.73 31.13 32.86 NOTE
r-release-macos-arm64 0.1.0 18.00 NOTE
r-release-macos-x86_64 0.1.0 22.00 NOTE
r-release-windows-x86_64 0.1.0 34.00 50.00 84.00 NOTE
r-oldrel-macos-arm64 0.1.0 22.00 NOTE
r-oldrel-macos-x86_64 0.1.0 31.00 NOTE
r-oldrel-windows-ix86+x86_64 0.1.0 6.00 40.00 46.00 NOTE

Check Details

Version: 0.1.0
Check: LazyData
Result: NOTE
     'LazyData' is specified without a 'data' directory
Flavors: r-devel-linux-x86_64-debian-clang, r-devel-linux-x86_64-debian-gcc, r-devel-linux-x86_64-fedora-clang, r-devel-linux-x86_64-fedora-gcc, r-devel-windows-x86_64, r-patched-linux-x86_64, r-release-linux-x86_64, r-release-macos-arm64, r-release-macos-x86_64, r-release-windows-x86_64, r-oldrel-macos-arm64, r-oldrel-macos-x86_64, r-oldrel-windows-ix86+x86_64