CRAN Package Check Results for Package GpGp

Last updated on 2019-08-21 09:50:22 CEST.

Flavor Version Tinstall Tcheck Ttotal Status Flags
r-devel-linux-x86_64-debian-clang 0.2.1 52.19 48.25 100.44 OK
r-devel-linux-x86_64-debian-gcc 0.2.1 41.41 37.29 78.70 OK
r-devel-linux-x86_64-fedora-clang 0.2.1 147.74 NOTE
r-devel-linux-x86_64-fedora-gcc 0.2.1 139.42 OK
r-devel-windows-ix86+x86_64 0.2.1 118.00 134.00 252.00 OK
r-patched-linux-x86_64 0.2.1 42.06 49.23 91.29 OK
r-patched-solaris-x86 0.2.1 146.90 OK
r-release-linux-x86_64 0.2.1 45.94 49.32 95.26 OK
r-release-windows-ix86+x86_64 0.2.1 80.00 91.00 171.00 OK
r-release-osx-x86_64 0.2.1 NOTE
r-oldrel-windows-ix86+x86_64 0.2.1 121.00 125.00 246.00 OK
r-oldrel-osx-x86_64 0.2.1 NOTE

Check Details

Version: 0.2.1
Check: installed package size
Result: NOTE
     installed size is 6.7Mb
     sub-directories of 1Mb or more:
     data 1.4Mb
     libs 5.0Mb
Flavors: r-devel-linux-x86_64-fedora-clang, r-release-osx-x86_64, r-oldrel-osx-x86_64