CRAN Package Check Results for Package GpGp

Last updated on 2019-12-15 18:50:07 CET.

Flavor Version Tinstall Tcheck Ttotal Status Flags
r-devel-linux-x86_64-debian-clang 0.2.1 59.61 51.78 111.39 OK
r-devel-linux-x86_64-debian-gcc 0.2.1 43.26 38.77 82.03 OK
r-devel-linux-x86_64-fedora-clang 0.2.1 141.78 NOTE
r-devel-linux-x86_64-fedora-gcc 0.2.1 147.24 OK
r-devel-windows-ix86+x86_64 0.2.1 91.00 104.00 195.00 OK
r-devel-windows-ix86+x86_64-gcc8 0.2.1 108.00 159.00 267.00 OK
r-patched-linux-x86_64 0.2.1 46.17 48.52 94.69 OK
r-patched-solaris-x86 0.2.1 149.90 OK
r-release-linux-x86_64 0.2.1 47.52 47.99 95.51 OK
r-release-windows-ix86+x86_64 0.2.1 93.00 105.00 198.00 OK
r-release-osx-x86_64 0.2.1 NOTE
r-oldrel-windows-ix86+x86_64 0.2.1 99.00 97.00 196.00 OK
r-oldrel-osx-x86_64 0.2.1 NOTE

Check Details

Version: 0.2.1
Check: installed package size
Result: NOTE
     installed size is 6.8Mb
     sub-directories of 1Mb or more:
     data 1.4Mb
     libs 5.0Mb
Flavors: r-devel-linux-x86_64-fedora-clang, r-release-osx-x86_64, r-oldrel-osx-x86_64