CRAN Package Check Results for Package Grace

Last updated on 2021-12-02 19:53:11 CET.

Flavor Version Tinstall Tcheck Ttotal Status Flags
r-devel-linux-x86_64-debian-clang 0.5.3 7.81 72.26 80.07 NOTE
r-devel-linux-x86_64-debian-gcc 0.5.3 5.84 55.03 60.87 NOTE
r-devel-linux-x86_64-fedora-clang 0.5.3 109.23 NOTE
r-devel-linux-x86_64-fedora-gcc 0.5.3 97.85 NOTE
r-devel-windows-x86_64-new-UL 0.5.3 14.00 112.00 126.00 NOTE
r-devel-windows-x86_64-new-TK 0.5.3 NOTE
r-devel-windows-x86_64-old 0.5.3 15.00 74.00 89.00 NOTE
r-patched-linux-x86_64 0.5.3 7.60 71.41 79.01 NOTE
r-patched-solaris-x86 0.5.3 136.40 NOTE
r-release-linux-x86_64 0.5.3 7.20 70.54 77.74 NOTE
r-release-macos-arm64 0.5.3 NOTE
r-release-macos-x86_64 0.5.3 NOTE
r-release-windows-ix86+x86_64 0.5.3 18.00 99.00 117.00 NOTE
r-oldrel-macos-x86_64 0.5.3 OK
r-oldrel-windows-ix86+x86_64 0.5.3 17.00 97.00 114.00 OK

Check Details

Version: 0.5.3
Check: LazyData
Result: NOTE
     'LazyData' is specified without a 'data' directory
Flavors: r-devel-linux-x86_64-debian-clang, r-devel-linux-x86_64-debian-gcc, r-devel-linux-x86_64-fedora-clang, r-devel-linux-x86_64-fedora-gcc, r-devel-windows-x86_64-new-UL, r-devel-windows-x86_64-new-TK, r-devel-windows-x86_64-old, r-patched-linux-x86_64, r-patched-solaris-x86, r-release-linux-x86_64, r-release-macos-arm64, r-release-macos-x86_64, r-release-windows-ix86+x86_64