CRAN Package Check Results for Package GrassmannOptim

Last updated on 2014-09-01 14:46:29.

Flavor Version Tinstall Tcheck Ttotal Status Flags
r-devel-linux-x86_64-debian-clang 2.0 3.36 36.75 40.12 NOTE
r-devel-linux-x86_64-debian-gcc 2.0 2.90 36.82 39.72 NOTE
r-devel-linux-x86_64-fedora-clang 2.0 92.89 NOTE
r-devel-linux-x86_64-fedora-gcc 2.0 89.47 NOTE
r-devel-osx-x86_64-clang 2.0 77.15 NOTE
r-devel-windows-ix86+x86_64 2.0 7.00 58.00 65.00 NOTE
r-patched-linux-x86_64 2.0 3.09 39.60 42.69 NOTE
r-patched-solaris-sparc 2.0 541.00 NOTE
r-patched-solaris-x86 2.0 127.10 NOTE
r-release-linux-ix86 2.0 3.72 49.76 53.48 NOTE
r-release-linux-x86_64 2.0 3.12 40.92 44.05 NOTE
r-release-osx-x86_64-mavericks 2.0 NOTE
r-release-osx-x86_64-snowleopard 2.0 OK
r-release-windows-ix86+x86_64 2.0 7.00 56.00 63.00 NOTE
r-oldrel-windows-ix86+x86_64 2.0 9.00 56.00 65.00 NOTE

Check Details

Version: 2.0
Check: dependencies in R code
Result: NOTE
    Package in Depends field not imported from: ‘Matrix’
     These packages need to be imported from (in the NAMESPACE file)
     for when this namespace is loaded but not attached.
    See the information on DESCRIPTION files in the chapter ‘Creating R
    packages’ of the ‘Writing R Extensions’ manual.
Flavors: r-devel-linux-x86_64-debian-clang, r-devel-linux-x86_64-debian-gcc, r-devel-linux-x86_64-fedora-clang, r-devel-linux-x86_64-fedora-gcc, r-devel-osx-x86_64-clang, r-devel-windows-ix86+x86_64, r-patched-linux-x86_64, r-patched-solaris-sparc, r-patched-solaris-x86, r-release-linux-ix86, r-release-linux-x86_64, r-release-osx-x86_64-mavericks, r-release-windows-ix86+x86_64, r-oldrel-windows-ix86+x86_64

Version: 2.0
Check: R code for possible problems
Result: NOTE
    GrassmannOptim : <anonymous>: no visible global function definition for
     ‘expm’
    GrassmannOptim : <anonymous>: no visible global function definition for
     ‘Matrix’
Flavors: r-devel-linux-x86_64-debian-clang, r-devel-linux-x86_64-debian-gcc, r-devel-linux-x86_64-fedora-clang, r-devel-linux-x86_64-fedora-gcc, r-devel-osx-x86_64-clang, r-devel-windows-ix86+x86_64