CRAN Package Check Results for Package GrassmannOptim

Last updated on 2014-10-24 16:46:45.

Flavor Version Tinstall Tcheck Ttotal Status Flags
r-devel-linux-x86_64-debian-clang 2.0 3.00 38.42 41.42 NOTE
r-devel-linux-x86_64-debian-gcc 2.0 2.94 36.66 39.60 NOTE
r-devel-linux-x86_64-fedora-clang 2.0 91.69 NOTE
r-devel-linux-x86_64-fedora-gcc 2.0 85.35 NOTE
r-devel-osx-x86_64-clang 2.0 77.30 NOTE
r-devel-windows-ix86+x86_64 2.0 7.00 52.00 59.00 NOTE
r-patched-linux-x86_64 2.0 3.12 38.53 41.65 NOTE
r-patched-solaris-sparc 2.0 517.00 NOTE
r-patched-solaris-x86 2.0 120.80 NOTE
r-release-linux-ix86 2.0 3.85 50.14 53.99 NOTE
r-release-linux-x86_64 2.0 3.10 40.51 43.61 NOTE
r-release-osx-x86_64-mavericks 2.0 NOTE
r-release-osx-x86_64-snowleopard 2.0 OK
r-release-windows-ix86+x86_64 2.0 8.00 58.00 66.00 NOTE
r-oldrel-windows-ix86+x86_64 2.0 9.00 50.00 59.00 NOTE

Check Details

Version: 2.0
Check: dependencies in R code
Result: NOTE
    Package in Depends field not imported from: ‘Matrix’
     These packages need to be imported from (in the NAMESPACE file)
     for when this namespace is loaded but not attached.
    See the information on DESCRIPTION files in the chapter ‘Creating R
    packages’ of the ‘Writing R Extensions’ manual.
Flavors: r-devel-linux-x86_64-debian-clang, r-devel-linux-x86_64-debian-gcc, r-devel-linux-x86_64-fedora-clang, r-devel-linux-x86_64-fedora-gcc, r-devel-osx-x86_64-clang, r-devel-windows-ix86+x86_64, r-patched-linux-x86_64, r-patched-solaris-sparc, r-patched-solaris-x86, r-release-linux-ix86, r-release-linux-x86_64, r-release-osx-x86_64-mavericks, r-release-windows-ix86+x86_64, r-oldrel-windows-ix86+x86_64

Version: 2.0
Check: R code for possible problems
Result: NOTE
    GrassmannOptim : <anonymous>: no visible global function definition for
     ‘expm’
    GrassmannOptim : <anonymous>: no visible global function definition for
     ‘Matrix’
Flavors: r-devel-linux-x86_64-debian-clang, r-devel-linux-x86_64-debian-gcc, r-devel-linux-x86_64-fedora-clang, r-devel-linux-x86_64-fedora-gcc, r-devel-osx-x86_64-clang, r-devel-windows-ix86+x86_64, r-patched-linux-x86_64, r-patched-solaris-sparc, r-patched-solaris-x86