CRAN Package Check Results for Package GrassmannOptim

Last updated on 2016-09-30 15:47:16.

Flavor Version Tinstall Tcheck Ttotal Status Flags
r-devel-linux-x86_64-debian-clang 2.0 2.10 28.00 30.10 NOTE
r-devel-linux-x86_64-debian-gcc 2.0 1.99 26.67 28.66 NOTE
r-devel-linux-x86_64-fedora-clang 2.0 82.16 NOTE
r-devel-linux-x86_64-fedora-gcc 2.0 59.40 NOTE
r-devel-macos-x86_64-clang 2.0 46.67 NOTE
r-devel-windows-ix86+x86_64 2.0 5.00 62.00 67.00 NOTE
r-patched-linux-x86_64 2.0 1.99 27.54 29.53 NOTE
r-patched-solaris-sparc 2.0 367.80 NOTE
r-patched-solaris-x86 2.0 78.40 NOTE
r-release-linux-x86_64 2.0 1.99 27.32 29.32 NOTE
r-release-osx-x86_64-mavericks 2.0 NOTE
r-release-windows-ix86+x86_64 2.0 6.00 71.00 77.00 NOTE
r-oldrel-windows-ix86+x86_64 2.0 8.00 67.00 75.00 NOTE

Check Details

Version: 2.0
Check: DESCRIPTION meta-information
Result: NOTE
    Malformed Description field: should contain one or more complete sentences.
Flavors: r-devel-linux-x86_64-debian-clang, r-devel-linux-x86_64-debian-gcc, r-devel-linux-x86_64-fedora-clang, r-devel-linux-x86_64-fedora-gcc, r-devel-macos-x86_64-clang, r-devel-windows-ix86+x86_64, r-patched-linux-x86_64, r-patched-solaris-sparc, r-patched-solaris-x86, r-release-linux-x86_64, r-release-osx-x86_64-mavericks, r-release-windows-ix86+x86_64, r-oldrel-windows-ix86+x86_64

Version: 2.0
Check: dependencies in R code
Result: NOTE
    Package in Depends field not imported from: ‘Matrix’
     These packages need to be imported from (in the NAMESPACE file)
     for when this namespace is loaded but not attached.
Flavors: r-devel-linux-x86_64-debian-clang, r-devel-linux-x86_64-debian-gcc, r-devel-linux-x86_64-fedora-clang, r-devel-linux-x86_64-fedora-gcc, r-devel-macos-x86_64-clang, r-devel-windows-ix86+x86_64, r-patched-linux-x86_64, r-patched-solaris-sparc, r-patched-solaris-x86, r-release-linux-x86_64, r-release-osx-x86_64-mavericks, r-release-windows-ix86+x86_64, r-oldrel-windows-ix86+x86_64

Version: 2.0
Check: R code for possible problems
Result: NOTE
    GrassmannOptim: no visible global function definition for ‘rnorm’
    GrassmannOptim: no visible global function definition for ‘runif’
    GrassmannOptim : <anonymous>: no visible global function definition for
     ‘expm’
    GrassmannOptim : <anonymous>: no visible global function definition for
     ‘Matrix’
    Undefined global functions or variables:
     Matrix expm rnorm runif
    Consider adding
     importFrom("stats", "rnorm", "runif")
    to your NAMESPACE file.
Flavors: r-devel-linux-x86_64-debian-clang, r-devel-linux-x86_64-debian-gcc, r-devel-linux-x86_64-fedora-clang, r-devel-linux-x86_64-fedora-gcc, r-devel-macos-x86_64-clang, r-devel-windows-ix86+x86_64, r-patched-linux-x86_64, r-patched-solaris-sparc, r-patched-solaris-x86, r-release-linux-x86_64, r-release-osx-x86_64-mavericks, r-release-windows-ix86+x86_64

Version: 2.0
Check: R code for possible problems
Result: NOTE
    GrassmannOptim : <anonymous>: no visible global function definition for
     'expm'
    GrassmannOptim : <anonymous>: no visible global function definition for
     'Matrix'
Flavor: r-oldrel-windows-ix86+x86_64