CRAN Package Check Results for Package GrassmannOptim

Last updated on 2014-12-20 09:53:46.

Flavor Version Tinstall Tcheck Ttotal Status Flags
r-devel-linux-x86_64-debian-clang 2.0 2.96 37.23 40.20 NOTE
r-devel-linux-x86_64-debian-gcc 2.0 3.06 36.00 39.07 NOTE
r-devel-linux-x86_64-fedora-clang 2.0 94.50 NOTE
r-devel-linux-x86_64-fedora-gcc 2.0 89.44 NOTE
r-devel-osx-x86_64-clang 2.0 79.53 NOTE
r-devel-windows-ix86+x86_64 2.0 7.00 55.00 62.00 NOTE
r-patched-linux-x86_64 2.0 3.23 38.78 42.02 NOTE
r-patched-solaris-sparc 2.0 517.00 NOTE
r-patched-solaris-x86 2.0 121.70 NOTE
r-release-linux-ix86 2.0 3.63 46.58 50.21 NOTE
r-release-linux-x86_64 2.0 2.98 37.98 40.97 NOTE
r-release-osx-x86_64-mavericks 2.0 NOTE
r-release-osx-x86_64-snowleopard 2.0 OK
r-release-windows-ix86+x86_64 2.0 9.00 56.00 65.00 NOTE
r-oldrel-windows-ix86+x86_64 2.0 8.00 56.00 64.00 NOTE

Check Details

Version: 2.0
Check: dependencies in R code
Result: NOTE
    Package in Depends field not imported from: ‘Matrix’
     These packages need to be imported from (in the NAMESPACE file)
     for when this namespace is loaded but not attached.
    See the information on DESCRIPTION files in the chapter ‘Creating R
    packages’ of the ‘Writing R Extensions’ manual.
Flavors: r-devel-linux-x86_64-debian-clang, r-devel-linux-x86_64-debian-gcc, r-devel-linux-x86_64-fedora-clang, r-devel-linux-x86_64-fedora-gcc, r-devel-osx-x86_64-clang, r-devel-windows-ix86+x86_64, r-patched-linux-x86_64, r-patched-solaris-sparc, r-patched-solaris-x86, r-release-linux-ix86, r-release-linux-x86_64, r-release-osx-x86_64-mavericks, r-release-windows-ix86+x86_64, r-oldrel-windows-ix86+x86_64

Version: 2.0
Check: R code for possible problems
Result: NOTE
    GrassmannOptim : <anonymous>: no visible global function definition for
     ‘expm’
    GrassmannOptim : <anonymous>: no visible global function definition for
     ‘Matrix’
Flavors: r-devel-linux-x86_64-debian-clang, r-devel-linux-x86_64-debian-gcc, r-devel-linux-x86_64-fedora-clang, r-devel-linux-x86_64-fedora-gcc, r-devel-osx-x86_64-clang, r-devel-windows-ix86+x86_64, r-patched-linux-x86_64, r-patched-solaris-sparc, r-patched-solaris-x86, r-release-linux-ix86, r-release-linux-x86_64, r-release-windows-ix86+x86_64