CRAN Package Check Results for Package GrassmannOptim

Last updated on 2014-04-17 10:47:49.

Flavor Version Tinstall Tcheck Ttotal Status Flags
r-devel-linux-x86_64-debian-clang 2.0 3.64 41.12 44.76 NOTE
r-devel-linux-x86_64-debian-gcc 2.0 3.28 41.58 44.85 NOTE
r-devel-linux-x86_64-fedora-clang 2.0 102.90 NOTE
r-devel-linux-x86_64-fedora-gcc 2.0 96.64 NOTE
r-devel-macosx-x86_64-clang 2.0 82.59 NOTE
r-devel-macosx-x86_64-gcc 2.0 NOTE
r-devel-windows-ix86+x86_64 2.0 9.00 54.00 63.00 NOTE
r-patched-linux-x86_64 2.0 3.23 41.99 45.22 NOTE
r-patched-solaris-sparc 2.0 533.40 NOTE
r-patched-solaris-x86 2.0 125.60 NOTE
r-release-linux-ix86 2.0 7.00 65.00 72.00 NOTE
r-release-linux-x86_64 2.0 3.22 42.32 45.54 NOTE
r-release-macosx-x86_64 2.0 OK
r-release-windows-ix86+x86_64 2.0 8.00 56.00 64.00 NOTE
r-oldrel-windows-ix86+x86_64 2.0 8.00 55.00 63.00 NOTE

Check Details

Version: 2.0
Check: dependencies in R code
Result: NOTE
    Package in Depends field not imported from: ‘Matrix’
     These packages need to be imported from (in the NAMESPACE file)
     for when this namespace is loaded but not attached.
    See the information on DESCRIPTION files in the chapter ‘Creating R
    packages’ of the ‘Writing R Extensions’ manual.
Flavors: r-devel-linux-x86_64-debian-clang, r-devel-linux-x86_64-debian-gcc, r-devel-linux-x86_64-fedora-clang, r-devel-linux-x86_64-fedora-gcc, r-devel-macosx-x86_64-clang, r-devel-macosx-x86_64-gcc, r-devel-windows-ix86+x86_64, r-patched-linux-x86_64, r-patched-solaris-sparc, r-patched-solaris-x86, r-release-linux-ix86, r-release-linux-x86_64, r-release-windows-ix86+x86_64, r-oldrel-windows-ix86+x86_64