CRAN Package Check Results for Package GrassmannOptim

Last updated on 2014-07-24 05:48:26.

Flavor Version Tinstall Tcheck Ttotal Status Flags
r-devel-linux-x86_64-debian-clang 2.0 3.15 38.91 42.06 NOTE
r-devel-linux-x86_64-debian-gcc 2.0 3.07 39.16 42.23 NOTE
r-devel-linux-x86_64-fedora-clang 2.0 99.89 NOTE
r-devel-linux-x86_64-fedora-gcc 2.0 94.43 NOTE
r-devel-osx-x86_64-clang 2.0 80.82 NOTE
r-devel-windows-ix86+x86_64 2.0 8.00 59.00 67.00 NOTE
r-patched-linux-x86_64 2.0 3.10 39.07 42.16 NOTE
r-patched-solaris-sparc 2.0 533.40 NOTE
r-patched-solaris-x86 2.0 125.20 NOTE
r-release-linux-ix86 2.0 3.71 49.24 52.94 NOTE
r-release-linux-x86_64 2.0 3.15 40.98 44.13 NOTE
r-release-osx-x86_64-mavericks 2.0 NOTE
r-release-osx-x86_64-snowleopard 2.0 OK
r-release-windows-ix86+x86_64 2.0 8.00 58.00 66.00 NOTE
r-oldrel-windows-ix86+x86_64 2.0 7.00 52.00 59.00 NOTE

Check Details

Version: 2.0
Check: dependencies in R code
Result: NOTE
    Package in Depends field not imported from: ‘Matrix’
     These packages need to be imported from (in the NAMESPACE file)
     for when this namespace is loaded but not attached.
    See the information on DESCRIPTION files in the chapter ‘Creating R
    packages’ of the ‘Writing R Extensions’ manual.
Flavors: r-devel-linux-x86_64-debian-clang, r-devel-linux-x86_64-debian-gcc, r-devel-linux-x86_64-fedora-clang, r-devel-linux-x86_64-fedora-gcc, r-devel-osx-x86_64-clang, r-devel-windows-ix86+x86_64, r-patched-linux-x86_64, r-patched-solaris-sparc, r-patched-solaris-x86, r-release-linux-ix86, r-release-linux-x86_64, r-release-osx-x86_64-mavericks, r-release-windows-ix86+x86_64, r-oldrel-windows-ix86+x86_64