CRAN Package Check Results for Package GrassmannOptim

Last updated on 2015-07-30 17:47:12.

Flavor Version Tinstall Tcheck Ttotal Status Flags
r-devel-linux-x86_64-debian-clang 2.0 2.56 30.02 32.57 NOTE
r-devel-linux-x86_64-debian-gcc 2.0 2.57 29.30 31.87 NOTE
r-devel-linux-x86_64-fedora-clang 2.0 68.92 NOTE
r-devel-linux-x86_64-fedora-gcc 2.0 66.86 NOTE
r-devel-osx-x86_64-clang 2.0 61.11 NOTE
r-devel-windows-ix86+x86_64 2.0 10.00 73.00 83.00 NOTE
r-patched-linux-x86_64 2.0 2.38 29.71 32.09 NOTE
r-patched-solaris-sparc 2.0 409.70 NOTE
r-patched-solaris-x86 2.0 90.90 NOTE
r-release-linux-x86_64 2.0 2.41 29.67 32.08 NOTE
r-release-osx-x86_64-mavericks 2.0 NOTE
r-release-windows-ix86+x86_64 2.0 8.00 70.00 78.00 NOTE
r-oldrel-windows-ix86+x86_64 2.0 12.00 86.00 98.00 NOTE

Check Details

Version: 2.0
Check: DESCRIPTION meta-information
Result: NOTE
    Malformed Description field: should contain one or more complete sentences.
Flavors: r-devel-linux-x86_64-debian-clang, r-devel-linux-x86_64-debian-gcc, r-devel-linux-x86_64-fedora-clang, r-devel-linux-x86_64-fedora-gcc, r-devel-osx-x86_64-clang, r-devel-windows-ix86+x86_64, r-patched-linux-x86_64, r-patched-solaris-sparc, r-patched-solaris-x86, r-release-linux-x86_64, r-release-osx-x86_64-mavericks, r-release-windows-ix86+x86_64

Version: 2.0
Check: dependencies in R code
Result: NOTE
    Package in Depends field not imported from: ‘Matrix’
     These packages need to be imported from (in the NAMESPACE file)
     for when this namespace is loaded but not attached.
Flavors: r-devel-linux-x86_64-debian-clang, r-devel-linux-x86_64-debian-gcc, r-devel-linux-x86_64-fedora-clang, r-devel-linux-x86_64-fedora-gcc, r-devel-osx-x86_64-clang, r-devel-windows-ix86+x86_64, r-patched-linux-x86_64, r-patched-solaris-sparc, r-patched-solaris-x86, r-release-linux-x86_64, r-release-osx-x86_64-mavericks, r-release-windows-ix86+x86_64, r-oldrel-windows-ix86+x86_64

Version: 2.0
Check: R code for possible problems
Result: NOTE
    GrassmannOptim: no visible global function definition for ‘rnorm’
    GrassmannOptim: no visible global function definition for ‘runif’
    GrassmannOptim : <anonymous>: no visible global function definition for
     ‘expm’
    GrassmannOptim : <anonymous>: no visible global function definition for
     ‘Matrix’
    Undefined global functions or variables:
     Matrix expm rnorm runif
    Consider adding
     importFrom("stats", "rnorm", "runif")
    to your NAMESPACE.
Flavors: r-devel-linux-x86_64-debian-clang, r-devel-linux-x86_64-debian-gcc, r-devel-linux-x86_64-fedora-clang, r-devel-linux-x86_64-fedora-gcc, r-devel-windows-ix86+x86_64

Version: 2.0
Check: R code for possible problems
Result: NOTE
    GrassmannOptim : <anonymous>: no visible global function definition for
     ‘expm’
    GrassmannOptim : <anonymous>: no visible global function definition for
     ‘Matrix’
    Undefined global functions or variables:
     Matrix expm
Flavor: r-devel-osx-x86_64-clang

Version: 2.0
Check: R code for possible problems
Result: NOTE
    GrassmannOptim : <anonymous>: no visible global function definition for
     ‘expm’
    GrassmannOptim : <anonymous>: no visible global function definition for
     ‘Matrix’
Flavors: r-patched-linux-x86_64, r-patched-solaris-sparc, r-patched-solaris-x86, r-release-linux-x86_64, r-release-osx-x86_64-mavericks, r-release-windows-ix86+x86_64, r-oldrel-windows-ix86+x86_64