CRAN Package Check Results for Package GrassmannOptim

Last updated on 2016-08-29 14:47:36.

Flavor Version Tinstall Tcheck Ttotal Status Flags
r-devel-linux-x86_64-debian-clang 2.0 2.42 29.58 32.00 NOTE
r-devel-linux-x86_64-debian-gcc 2.0 2.42 29.09 31.50 NOTE
r-devel-linux-x86_64-fedora-clang 2.0 63.32 NOTE
r-devel-linux-x86_64-fedora-gcc 2.0 61.04 NOTE
r-devel-osx-x86_64-clang 2.0 50.49 NOTE
r-devel-windows-ix86+x86_64 2.0 9.00 56.00 65.00 NOTE
r-patched-linux-x86_64 2.0 2.46 29.41 31.87 NOTE
r-patched-solaris-sparc 2.0 367.80 NOTE
r-patched-solaris-x86 2.0 78.90 NOTE
r-release-linux-x86_64 2.0 1.96 27.94 29.90 NOTE
r-release-osx-x86_64-mavericks 2.0 NOTE
r-release-windows-ix86+x86_64 2.0 12.00 73.00 85.00 NOTE
r-oldrel-windows-ix86+x86_64 2.0 9.00 72.00 81.00 NOTE

Check Details

Version: 2.0
Check: DESCRIPTION meta-information
Result: NOTE
    Malformed Description field: should contain one or more complete sentences.
Flavors: r-devel-linux-x86_64-debian-clang, r-devel-linux-x86_64-debian-gcc, r-devel-linux-x86_64-fedora-clang, r-devel-linux-x86_64-fedora-gcc, r-devel-osx-x86_64-clang, r-devel-windows-ix86+x86_64, r-patched-linux-x86_64, r-patched-solaris-sparc, r-patched-solaris-x86, r-release-linux-x86_64, r-release-osx-x86_64-mavericks, r-release-windows-ix86+x86_64, r-oldrel-windows-ix86+x86_64

Version: 2.0
Check: dependencies in R code
Result: NOTE
    Package in Depends field not imported from: ‘Matrix’
     These packages need to be imported from (in the NAMESPACE file)
     for when this namespace is loaded but not attached.
Flavors: r-devel-linux-x86_64-debian-clang, r-devel-linux-x86_64-debian-gcc, r-devel-linux-x86_64-fedora-clang, r-devel-linux-x86_64-fedora-gcc, r-devel-osx-x86_64-clang, r-devel-windows-ix86+x86_64, r-patched-linux-x86_64, r-patched-solaris-sparc, r-patched-solaris-x86, r-release-linux-x86_64, r-release-osx-x86_64-mavericks, r-release-windows-ix86+x86_64, r-oldrel-windows-ix86+x86_64

Version: 2.0
Check: R code for possible problems
Result: NOTE
    GrassmannOptim: no visible global function definition for ‘rnorm’
    GrassmannOptim: no visible global function definition for ‘runif’
    GrassmannOptim : <anonymous>: no visible global function definition for
     ‘expm’
    GrassmannOptim : <anonymous>: no visible global function definition for
     ‘Matrix’
    Undefined global functions or variables:
     Matrix expm rnorm runif
    Consider adding
     importFrom("stats", "rnorm", "runif")
    to your NAMESPACE file.
Flavors: r-devel-linux-x86_64-debian-clang, r-devel-linux-x86_64-debian-gcc, r-devel-linux-x86_64-fedora-clang, r-devel-linux-x86_64-fedora-gcc, r-devel-osx-x86_64-clang, r-devel-windows-ix86+x86_64, r-patched-linux-x86_64, r-patched-solaris-sparc, r-patched-solaris-x86, r-release-linux-x86_64, r-release-osx-x86_64-mavericks, r-release-windows-ix86+x86_64

Version: 2.0
Check: R code for possible problems
Result: NOTE
    GrassmannOptim : <anonymous>: no visible global function definition for
     'expm'
    GrassmannOptim : <anonymous>: no visible global function definition for
     'Matrix'
Flavor: r-oldrel-windows-ix86+x86_64