CRAN Package Check Results for Package GrassmannOptim

Last updated on 2017-09-21 17:48:07.

Flavor Version Tinstall Tcheck Ttotal Status Flags
r-devel-linux-x86_64-debian-clang 2.0 2.21 29.54 31.75 NOTE
r-devel-linux-x86_64-debian-gcc 2.0 2.24 29.49 31.73 NOTE
r-devel-linux-x86_64-fedora-clang 2.0 71.70 NOTE
r-devel-linux-x86_64-fedora-gcc 2.0 70.60 NOTE
r-devel-windows-ix86+x86_64 2.0 7.00 55.00 62.00 NOTE
r-patched-linux-x86_64 2.0 2.18 29.50 31.68 NOTE
r-patched-solaris-x86 2.0 93.70 NOTE
r-release-linux-x86_64 2.0 2.25 29.57 31.82 NOTE
r-release-windows-ix86+x86_64 2.0 6.00 57.00 63.00 NOTE
r-release-osx-x86_64 2.0 NOTE
r-oldrel-windows-ix86+x86_64 2.0 5.00 52.00 57.00 NOTE
r-oldrel-osx-x86_64 2.0 NOTE

Check Details

Version: 2.0
Check: DESCRIPTION meta-information
Result: NOTE
    Malformed Description field: should contain one or more complete sentences.
Flavors: r-devel-linux-x86_64-debian-clang, r-devel-linux-x86_64-debian-gcc, r-devel-linux-x86_64-fedora-clang, r-devel-linux-x86_64-fedora-gcc, r-devel-windows-ix86+x86_64, r-patched-linux-x86_64, r-patched-solaris-x86, r-release-linux-x86_64, r-release-windows-ix86+x86_64, r-release-osx-x86_64, r-oldrel-windows-ix86+x86_64, r-oldrel-osx-x86_64

Version: 2.0
Check: dependencies in R code
Result: NOTE
    Package in Depends field not imported from: ‘Matrix’
     These packages need to be imported from (in the NAMESPACE file)
     for when this namespace is loaded but not attached.
Flavors: r-devel-linux-x86_64-debian-clang, r-devel-linux-x86_64-debian-gcc, r-devel-linux-x86_64-fedora-clang, r-devel-linux-x86_64-fedora-gcc, r-devel-windows-ix86+x86_64, r-patched-linux-x86_64, r-patched-solaris-x86, r-release-linux-x86_64, r-release-windows-ix86+x86_64, r-release-osx-x86_64, r-oldrel-windows-ix86+x86_64, r-oldrel-osx-x86_64

Version: 2.0
Check: R code for possible problems
Result: NOTE
    GrassmannOptim: no visible global function definition for ‘rnorm’
    GrassmannOptim: no visible global function definition for ‘runif’
    GrassmannOptim : <anonymous>: no visible global function definition for
     ‘expm’
    GrassmannOptim : <anonymous>: no visible global function definition for
     ‘Matrix’
    Undefined global functions or variables:
     Matrix expm rnorm runif
    Consider adding
     importFrom("stats", "rnorm", "runif")
    to your NAMESPACE file.
Flavors: r-devel-linux-x86_64-debian-clang, r-devel-linux-x86_64-debian-gcc, r-devel-linux-x86_64-fedora-clang, r-devel-linux-x86_64-fedora-gcc, r-devel-windows-ix86+x86_64, r-patched-linux-x86_64, r-patched-solaris-x86, r-release-linux-x86_64, r-release-windows-ix86+x86_64, r-release-osx-x86_64, r-oldrel-windows-ix86+x86_64, r-oldrel-osx-x86_64