CRAN Package Check Results for Package Grid2Polygons

Last updated on 2017-03-28 17:49:03.

Flavor Version Tinstall Tcheck Ttotal Status Flags
r-devel-linux-x86_64-debian-clang 0.1.6 1.32 20.72 22.04 NOTE
r-devel-linux-x86_64-debian-gcc 0.1.6 1.36 19.61 20.97 NOTE
r-devel-linux-x86_64-fedora-clang 0.1.6 37.71 NOTE --no-stop-on-test-error
r-devel-linux-x86_64-fedora-gcc 0.1.6 36.64 NOTE --no-stop-on-test-error
r-devel-macos-x86_64-clang 0.1.6 31.02 NOTE --no-stop-on-test-error
r-devel-windows-ix86+x86_64 0.1.6 5.00 51.00 56.00 OK
r-patched-linux-x86_64 0.1.6 1.31 20.31 21.62 NOTE
r-patched-solaris-sparc 0.1.6 256.70 NOTE
r-patched-solaris-x86 0.1.6 52.00 NOTE
r-release-linux-x86_64 0.1.6 1.23 17.13 18.35 OK
r-release-osx-x86_64-mavericks 0.1.6 NOTE
r-release-windows-ix86+x86_64 0.1.6 7.00 58.00 65.00 OK
r-oldrel-windows-ix86+x86_64 0.1.6 5.00 41.00 46.00 NOTE

Check Details

Version: 0.1.6
Check: compiled code
Result: NOTE
    File ‘Grid2Polygons/libs/Grid2Polygons.so’:
     Found no calls to: ‘R_registerRoutines’, ‘R_useDynamicSymbols’
    
    It is good practice to register native routines and to disable symbol
    search.
    
    See ‘Writing portable packages’ in the ‘Writing R Extensions’ manual.
Flavors: r-devel-linux-x86_64-debian-clang, r-devel-linux-x86_64-debian-gcc, r-patched-linux-x86_64

Version: 0.1.6
Flags: --no-stop-on-test-error
Check: dependencies in R code
Result: NOTE
    Namespace in Imports field not imported from: ‘rgeos’
     All declared Imports should be used.
Flavors: r-devel-linux-x86_64-fedora-clang, r-devel-linux-x86_64-fedora-gcc, r-devel-macos-x86_64-clang

Version: 0.1.6
Flags: --no-stop-on-test-error
Check: compiled code
Result: NOTE
    File ‘Grid2Polygons/libs/Grid2Polygons.so’:
     Found no calls to: ‘R_registerRoutines’, ‘R_useDynamicSymbols’
    
    It is good practice to register native routines and to disable symbol
    search.
    
    See ‘Writing portable packages’ in the ‘Writing R Extensions’ manual.
Flavors: r-devel-linux-x86_64-fedora-clang, r-devel-linux-x86_64-fedora-gcc, r-devel-macos-x86_64-clang

Version: 0.1.6
Check: dependencies in R code
Result: NOTE
    Namespace in Imports field not imported from: ‘rgeos’
     All declared Imports should be used.
Flavors: r-patched-solaris-sparc, r-patched-solaris-x86, r-release-osx-x86_64-mavericks, r-oldrel-windows-ix86+x86_64