CRAN Package Check Results for Package Grid2Polygons

Last updated on 2017-11-20 12:47:39.

Flavor Version Tinstall Tcheck Ttotal Status Flags
r-devel-linux-x86_64-debian-clang 0.2.1 0.56 11.35 11.91 OK
r-devel-linux-x86_64-debian-gcc 0.2.1 0.71 30.05 30.76 OK
r-devel-linux-x86_64-fedora-clang 0.2.1 18.71 NOTE
r-devel-linux-x86_64-fedora-gcc 0.2.1 21.53 NOTE
r-devel-windows-ix86+x86_64 0.2.1 3.00 28.00 31.00 OK
r-patched-linux-x86_64 0.2.1 0.63 11.88 12.51 OK
r-patched-solaris-x86 0.2.1 29.90 NOTE
r-release-linux-x86_64 0.2.1 0.71 11.47 12.18 OK
r-release-windows-ix86+x86_64 0.2.1 3.00 26.00 29.00 OK
r-release-osx-x86_64 0.2.1 NOTE
r-oldrel-windows-ix86+x86_64 0.2.1 2.00 40.00 42.00 OK
r-oldrel-osx-x86_64 0.2.1 NOTE

Check Details

Version: 0.2.1
Check: dependencies in R code
Result: NOTE
    Namespaces in Imports field not imported from:
     ‘methods’ ‘raster’ ‘rgeos’ ‘sp’
     All declared Imports should be used.
Flavors: r-devel-linux-x86_64-fedora-clang, r-devel-linux-x86_64-fedora-gcc, r-patched-solaris-x86, r-release-osx-x86_64, r-oldrel-osx-x86_64