CRAN Package Check Results for Package Grid2Polygons

Last updated on 2014-04-24 07:52:28.

Flavor Version Tinstall Tcheck Ttotal Status Flags
r-devel-linux-x86_64-debian-clang 0.1-4 1.70 20.30 22.00 NOTE
r-devel-linux-x86_64-debian-gcc 0.1-4 1.85 19.56 21.41 NOTE
r-devel-linux-x86_64-fedora-clang 0.1-4 43.99 NOTE
r-devel-linux-x86_64-fedora-gcc 0.1-4 43.31 NOTE
r-devel-osx-x86_64-clang 0.1-4 43.09 NOTE
r-devel-osx-x86_64-gcc 0.1-4 ERROR
r-devel-windows-ix86+x86_64 0.1-4 7.00 41.00 48.00 NOTE
r-patched-linux-x86_64 0.1-4 1.74 19.38 21.13 NOTE
r-patched-solaris-sparc 0.1-4 242.30 NOTE
r-patched-solaris-x86 0.1-4 62.00 NOTE
r-release-linux-ix86 0.1-4 3.00 37.00 40.00 NOTE
r-release-linux-x86_64 0.1-4 1.72 19.73 21.46 NOTE
r-release-osx-x86_64-mavericks 0.1-4 ERROR
r-release-osx-x86_64-snowleopard 0.1-4 OK
r-release-windows-ix86+x86_64 0.1-4 7.00 39.00 46.00 NOTE
r-oldrel-windows-ix86+x86_64 0.1-4 8.00 41.00 49.00 NOTE

Check Details

Version: 0.1-4
Check: dependencies in R code
Result: NOTE
    Packages in Depends field not imported from:
     ‘rgeos’ ‘sp’
     These packages need to be imported from (in the NAMESPACE file)
     for when this namespace is loaded but not attached.
    See the information on DESCRIPTION files in the chapter ‘Creating R
    packages’ of the ‘Writing R Extensions’ manual.
Flavors: r-devel-linux-x86_64-debian-clang, r-devel-linux-x86_64-debian-gcc, r-devel-linux-x86_64-fedora-clang, r-devel-linux-x86_64-fedora-gcc, r-devel-osx-x86_64-clang, r-devel-windows-ix86+x86_64, r-patched-linux-x86_64, r-patched-solaris-sparc, r-patched-solaris-x86, r-release-linux-ix86, r-release-linux-x86_64, r-release-windows-ix86+x86_64, r-oldrel-windows-ix86+x86_64

Version: 0.1-4
Check: package dependencies
Result: ERROR
    Package required but not available: ‘rgeos’
    
    See the information on DESCRIPTION files in the chapter ‘Creating R
    packages’ of the ‘Writing R Extensions’ manual.
Flavor: r-devel-osx-x86_64-gcc

Version: 0.1-4
Check: package dependencies
Result: ERROR
    Package required but not available: ‘rgeos’
    
    Package suggested but not available for checking: ‘rgdal’
    
    See the information on DESCRIPTION files in the chapter ‘Creating R
    packages’ of the ‘Writing R Extensions’ manual.
Flavor: r-release-osx-x86_64-mavericks