CRAN Package Check Results for Package Grid2Polygons

Last updated on 2017-09-26 22:46:51.

Flavor Version Tinstall Tcheck Ttotal Status Flags
r-devel-linux-x86_64-debian-clang 0.2.1 0.65 11.71 12.35 OK
r-devel-linux-x86_64-debian-gcc 0.2.1 0.72 11.89 12.61 OK
r-devel-linux-x86_64-fedora-clang 0.2.1 20.98 NOTE
r-devel-linux-x86_64-fedora-gcc 0.2.1 19.68 NOTE
r-devel-windows-ix86+x86_64 0.2.1 2.00 27.00 29.00 OK
r-patched-linux-x86_64 0.2.1 0.63 11.65 12.29 OK
r-patched-solaris-x86 0.2.1 29.80 NOTE
r-release-linux-x86_64 0.2.1 0.71 11.45 12.16 OK
r-release-windows-ix86+x86_64 0.2.1 2.00 25.00 27.00 OK
r-release-osx-x86_64 0.2.1 NOTE
r-oldrel-windows-ix86+x86_64 0.2.1 3.00 27.00 30.00 OK
r-oldrel-osx-x86_64 0.2.1 NOTE

Check Details

Version: 0.2.1
Check: dependencies in R code
Result: NOTE
    Namespaces in Imports field not imported from:
     ‘methods’ ‘raster’ ‘rgeos’ ‘sp’
     All declared Imports should be used.
Flavors: r-devel-linux-x86_64-fedora-clang, r-devel-linux-x86_64-fedora-gcc, r-patched-solaris-x86, r-release-osx-x86_64, r-oldrel-osx-x86_64