CRAN Package Check Results for Package Grid2Polygons

Last updated on 2016-06-29 12:46:57.

Flavor Version Tinstall Tcheck Ttotal Status Flags
r-devel-linux-x86_64-debian-gcc 0.1-5 1.64 19.31 20.96 NOTE
r-devel-linux-x86_64-fedora-clang 0.1-5 34.81 NOTE
r-devel-linux-x86_64-fedora-gcc 0.1-5 33.08 NOTE
r-devel-osx-x86_64-clang 0.1-5 29.18 NOTE
r-devel-windows-ix86+x86_64 0.1-5 5.00 45.00 50.00 NOTE
r-patched-linux-x86_64 0.1-5 1.50 18.54 20.04 NOTE
r-patched-solaris-sparc 0.1-5 202.20 NOTE
r-patched-solaris-x86 0.1-5 46.50 NOTE
r-release-linux-x86_64 0.1-5 1.45 17.71 19.16 NOTE
r-release-osx-x86_64-mavericks 0.1-5 NOTE
r-release-windows-ix86+x86_64 0.1-5 7.00 62.00 69.00 NOTE
r-oldrel-windows-ix86+x86_64 0.1-5 7.00 49.00 56.00 OK

Check Details

Version: 0.1-5
Check: R code for possible problems
Result: NOTE
    Grid2Polygons: no visible global function definition for ‘slot’
    Grid2Polygons: no visible global function definition for ‘na.omit’
    Grid2Polygons: no visible global function definition for ‘as’
    Grid2Polygons : <anonymous>: no visible global function definition for
     ‘slot<-’
    Undefined global functions or variables:
     as na.omit slot slot<-
    Consider adding
     importFrom("methods", "as", "slot", "slot<-")
     importFrom("stats", "na.omit")
    to your NAMESPACE file (and ensure that your DESCRIPTION Imports field
    contains 'methods').
Flavors: r-devel-linux-x86_64-debian-gcc, r-devel-linux-x86_64-fedora-clang, r-devel-linux-x86_64-fedora-gcc, r-devel-osx-x86_64-clang, r-devel-windows-ix86+x86_64, r-patched-linux-x86_64, r-patched-solaris-sparc, r-patched-solaris-x86, r-release-linux-x86_64, r-release-osx-x86_64-mavericks, r-release-windows-ix86+x86_64