CRAN Package Check Results for Package Grid2Polygons

Last updated on 2016-08-24 02:48:26.

Flavor Version Tinstall Tcheck Ttotal Status Flags
r-devel-linux-x86_64-debian-clang 0.1-5 1.46 17.92 19.38 NOTE
r-devel-linux-x86_64-debian-gcc 0.1-5 1.62 17.75 19.37 NOTE
r-devel-linux-x86_64-fedora-clang 0.1-5 35.86 NOTE
r-devel-linux-x86_64-fedora-gcc 0.1-5 34.15 NOTE
r-devel-osx-x86_64-clang 0.1-5 29.39 NOTE
r-devel-windows-ix86+x86_64 0.1-5 8.00 55.00 63.00 NOTE
r-patched-linux-x86_64 0.1-5 1.52 17.53 19.04 NOTE
r-patched-solaris-sparc 0.1-5 202.20 NOTE
r-patched-solaris-x86 0.1-5 45.40 NOTE
r-release-linux-x86_64 0.1-5 1.45 18.07 19.53 NOTE
r-release-osx-x86_64-mavericks 0.1-5 NOTE
r-release-windows-ix86+x86_64 0.1-5 10.00 64.00 74.00 NOTE
r-oldrel-windows-ix86+x86_64 0.1-5 9.00 44.00 53.00 OK

Check Details

Version: 0.1-5
Check: R code for possible problems
Result: NOTE
    Grid2Polygons: no visible global function definition for ‘slot’
    Grid2Polygons: no visible global function definition for ‘na.omit’
    Grid2Polygons: no visible global function definition for ‘as’
    Grid2Polygons : <anonymous>: no visible global function definition for
     ‘slot<-’
    Undefined global functions or variables:
     as na.omit slot slot<-
    Consider adding
     importFrom("methods", "as", "slot", "slot<-")
     importFrom("stats", "na.omit")
    to your NAMESPACE file (and ensure that your DESCRIPTION Imports field
    contains 'methods').
Flavors: r-devel-linux-x86_64-debian-clang, r-devel-linux-x86_64-debian-gcc, r-devel-linux-x86_64-fedora-clang, r-devel-linux-x86_64-fedora-gcc, r-devel-osx-x86_64-clang, r-devel-windows-ix86+x86_64, r-patched-linux-x86_64, r-patched-solaris-sparc, r-patched-solaris-x86, r-release-linux-x86_64, r-release-osx-x86_64-mavericks, r-release-windows-ix86+x86_64