CRAN Package Check Results for Package Grid2Polygons

Last updated on 2016-02-12 21:47:33.

Flavor Version Tinstall Tcheck Ttotal Status Flags
r-devel-linux-x86_64-debian-gcc 0.1-5 1.45 16.28 17.73 NOTE
r-devel-linux-x86_64-fedora-clang 0.1-5 34.02 NOTE
r-devel-linux-x86_64-fedora-gcc 0.1-5 32.23 NOTE
r-devel-osx-x86_64-clang 0.1-5 37.67 NOTE
r-devel-windows-ix86+x86_64 0.1-5 10.00 40.00 50.00 NOTE
r-patched-linux-x86_64 0.1-5 1.58 17.37 18.95 OK
r-patched-solaris-sparc 0.1-5 216.40 OK
r-patched-solaris-x86 0.1-5 49.00 OK
r-release-linux-x86_64 0.1-5 1.52 17.38 18.91 OK
r-release-osx-x86_64-mavericks 0.1-5 OK
r-release-windows-ix86+x86_64 0.1-5 8.00 40.00 48.00 OK
r-oldrel-windows-ix86+x86_64 0.1-5 11.00 50.00 61.00 OK

Check Details

Version: 0.1-5
Check: R code for possible problems
Result: NOTE
    Grid2Polygons: no visible global function definition for ‘slot’
    Grid2Polygons: no visible global function definition for ‘na.omit’
    Grid2Polygons: no visible global function definition for ‘as’
    Grid2Polygons : <anonymous>: no visible global function definition for
     ‘slot<-’
    Undefined global functions or variables:
     as na.omit slot slot<-
    Consider adding
     importFrom("methods", "as", "slot", "slot<-")
     importFrom("stats", "na.omit")
    to your NAMESPACE file (and ensure that your DESCRIPTION Imports field
    contains 'methods').
Flavors: r-devel-linux-x86_64-debian-gcc, r-devel-linux-x86_64-fedora-clang, r-devel-linux-x86_64-fedora-gcc, r-devel-osx-x86_64-clang, r-devel-windows-ix86+x86_64