CRAN Package Check Results for Package Grid2Polygons

Last updated on 2016-12-06 21:48:19.

Flavor Version Tinstall Tcheck Ttotal Status Flags
r-devel-linux-x86_64-debian-clang 0.1-5 1.76 20.55 22.31 NOTE
r-devel-linux-x86_64-debian-gcc 0.1-5 1.63 20.53 22.16 NOTE
r-devel-linux-x86_64-fedora-clang 0.1-5 46.04 NOTE --no-stop-on-test-error
r-devel-linux-x86_64-fedora-gcc 0.1-5 40.21 NOTE --no-stop-on-test-error
r-devel-macos-x86_64-clang 0.1-5 33.63 NOTE
r-devel-windows-ix86+x86_64 0.1-5 6.00 59.00 65.00 NOTE
r-patched-linux-x86_64 0.1-5 1.34 17.53 18.87 NOTE
r-patched-solaris-sparc 0.1-5 202.20 NOTE
r-patched-solaris-x86 0.1-5 45.30 NOTE
r-release-linux-x86_64 0.1-5 1.46 17.72 19.19 NOTE
r-release-osx-x86_64-mavericks 0.1-5 NOTE
r-release-windows-ix86+x86_64 0.1-5 7.00 44.00 51.00 NOTE
r-oldrel-windows-ix86+x86_64 0.1-5 8.00 46.00 54.00 OK

Check Details

Version: 0.1-5
Check: R code for possible problems
Result: NOTE
    Grid2Polygons: no visible global function definition for ‘slot’
    Grid2Polygons: no visible global function definition for ‘na.omit’
    Grid2Polygons: no visible global function definition for ‘as’
    Grid2Polygons : <anonymous>: no visible global function definition for
     ‘slot<-’
    Undefined global functions or variables:
     as na.omit slot slot<-
    Consider adding
     importFrom("methods", "as", "slot", "slot<-")
     importFrom("stats", "na.omit")
    to your NAMESPACE file (and ensure that your DESCRIPTION Imports field
    contains 'methods').
Flavors: r-devel-linux-x86_64-debian-clang, r-devel-linux-x86_64-debian-gcc, r-devel-macos-x86_64-clang, r-devel-windows-ix86+x86_64, r-patched-linux-x86_64, r-patched-solaris-sparc, r-patched-solaris-x86, r-release-linux-x86_64, r-release-osx-x86_64-mavericks, r-release-windows-ix86+x86_64

Version: 0.1-5
Flags: --no-stop-on-test-error
Check: R code for possible problems
Result: NOTE
    Grid2Polygons: no visible global function definition for ‘slot’
    Grid2Polygons: no visible global function definition for ‘na.omit’
    Grid2Polygons: no visible global function definition for ‘as’
    Grid2Polygons : <anonymous>: no visible global function definition for
     ‘slot<-’
    Undefined global functions or variables:
     as na.omit slot slot<-
    Consider adding
     importFrom("methods", "as", "slot", "slot<-")
     importFrom("stats", "na.omit")
    to your NAMESPACE file (and ensure that your DESCRIPTION Imports field
    contains 'methods').
Flavors: r-devel-linux-x86_64-fedora-clang, r-devel-linux-x86_64-fedora-gcc