CRAN Package Check Results for Package Grid2Polygons

Last updated on 2018-01-21 07:47:16 CET.

Flavor Version Tinstall Tcheck Ttotal Status Flags
r-devel-linux-x86_64-debian-clang 0.2.1 0.78 18.24 19.02 OK
r-devel-linux-x86_64-debian-gcc 0.2.1 0.68 14.44 15.12 OK
r-devel-linux-x86_64-fedora-clang 0.2.1 22.07 NOTE
r-devel-linux-x86_64-fedora-gcc 0.2.1 20.77 NOTE
r-devel-windows-ix86+x86_64 0.2.1 3.00 30.00 33.00 OK
r-patched-linux-x86_64 0.2.1 0.84 16.33 17.17 OK
r-patched-solaris-x86 0.2.1 34.00 NOTE
r-release-linux-x86_64 0.2.1 0.86 16.39 17.25 OK
r-release-windows-ix86+x86_64 0.2.1 4.00 26.00 30.00 OK
r-release-osx-x86_64 0.2.1 NOTE
r-oldrel-windows-ix86+x86_64 0.2.1 4.00 31.00 35.00 OK
r-oldrel-osx-x86_64 0.2.1 NOTE

Check Details

Version: 0.2.1
Check: dependencies in R code
Result: NOTE
    Namespaces in Imports field not imported from:
     ‘methods’ ‘raster’ ‘rgeos’ ‘sp’
     All declared Imports should be used.
Flavors: r-devel-linux-x86_64-fedora-clang, r-devel-linux-x86_64-fedora-gcc, r-patched-solaris-x86, r-release-osx-x86_64, r-oldrel-osx-x86_64