CRAN Package Check Results for Package Grid2Polygons

Last updated on 2015-03-04 23:47:20.

Flavor Version Tinstall Tcheck Ttotal Status Flags
r-devel-linux-x86_64-debian-clang 0.1-5 1.47 17.72 19.19 OK
r-devel-linux-x86_64-debian-gcc 0.1-5 1.39 17.38 18.77 OK
r-devel-linux-x86_64-fedora-clang 0.1-5 39.51 OK
r-devel-linux-x86_64-fedora-gcc 0.1-5 36.75 OK
r-devel-osx-x86_64-clang 0.1-5 40.00 OK
r-devel-windows-ix86+x86_64 0.1-5 6.00 39.00 45.00 OK
r-patched-linux-x86_64 0.1-5 1.62 20.82 22.44 OK
r-patched-solaris-sparc 0.1-5 282.30 OK
r-patched-solaris-x86 0.1-5 63.80 OK
r-release-linux-ix86 0.1-5 2.42 29.99 32.41 OK
r-release-linux-x86_64 0.1-5 1.92 20.93 22.85 OK
r-release-osx-x86_64-mavericks 0.1-5 ERROR
r-release-osx-x86_64-snowleopard 0.1-5 OK
r-release-windows-ix86+x86_64 0.1-5 8.00 43.00 51.00 OK
r-oldrel-windows-ix86+x86_64 0.1-5 7.00 45.00 52.00 OK

Check Details

Version: 0.1-5
Check: package dependencies
Result: ERROR
    Package required but not available: ‘rgeos’
    
    Package suggested but not available for checking: ‘rgdal’
    
    See section ‘The DESCRIPTION file’ in the ‘Writing R Extensions’
    manual.
Flavor: r-release-osx-x86_64-mavericks