CRAN Package Check Results for Package Grid2Polygons

Last updated on 2016-09-26 05:47:32.

Flavor Version Tinstall Tcheck Ttotal Status Flags
r-devel-linux-x86_64-debian-clang 0.1-5 1.57 17.61 19.18 NOTE
r-devel-linux-x86_64-debian-gcc 0.1-5 1.52 17.25 18.77 NOTE
r-devel-linux-x86_64-fedora-clang 0.1-5 35.74 NOTE
r-devel-linux-x86_64-fedora-gcc 0.1-5 32.45 NOTE
r-devel-macos-x86_64-clang 0.1-5 28.98 NOTE
r-devel-windows-ix86+x86_64 0.1-5 8.00 59.00 67.00 NOTE
r-patched-linux-x86_64 0.1-5 1.54 17.43 18.97 NOTE
r-patched-solaris-sparc 0.1-5 202.20 NOTE
r-patched-solaris-x86 0.1-5 45.70 NOTE
r-release-linux-x86_64 0.1-5 1.51 17.81 19.32 NOTE
r-release-osx-x86_64-mavericks 0.1-5 NOTE
r-release-windows-ix86+x86_64 0.1-5 19.00 60.00 79.00 NOTE
r-oldrel-windows-ix86+x86_64 0.1-5 10.00 64.00 74.00 OK

Check Details

Version: 0.1-5
Check: R code for possible problems
Result: NOTE
    Grid2Polygons: no visible global function definition for ‘slot’
    Grid2Polygons: no visible global function definition for ‘na.omit’
    Grid2Polygons: no visible global function definition for ‘as’
    Grid2Polygons : <anonymous>: no visible global function definition for
     ‘slot<-’
    Undefined global functions or variables:
     as na.omit slot slot<-
    Consider adding
     importFrom("methods", "as", "slot", "slot<-")
     importFrom("stats", "na.omit")
    to your NAMESPACE file (and ensure that your DESCRIPTION Imports field
    contains 'methods').
Flavors: r-devel-linux-x86_64-debian-clang, r-devel-linux-x86_64-debian-gcc, r-devel-linux-x86_64-fedora-clang, r-devel-linux-x86_64-fedora-gcc, r-devel-macos-x86_64-clang, r-devel-windows-ix86+x86_64, r-patched-linux-x86_64, r-patched-solaris-sparc, r-patched-solaris-x86, r-release-linux-x86_64, r-release-osx-x86_64-mavericks, r-release-windows-ix86+x86_64