CRAN Package Check Results for Package Grid2Polygons

Last updated on 2018-04-19 14:47:54 CEST.

Flavor Version Tinstall Tcheck Ttotal Status Flags
r-devel-linux-x86_64-debian-clang 0.2.1 0.89 15.07 15.96 OK
r-devel-linux-x86_64-debian-gcc 0.2.1 0.74 13.45 14.19 OK
r-devel-linux-x86_64-fedora-clang 0.2.1 20.68 NOTE
r-devel-linux-x86_64-fedora-gcc 0.2.1 19.63 NOTE
r-devel-windows-ix86+x86_64 0.2.1 3.00 49.00 52.00 OK
r-devel-osx-x86_64 0.2.1 NOTE
r-patched-linux-x86_64 0.2.1 0.91 16.13 17.04 OK
r-patched-solaris-x86 0.2.1 33.90 NOTE
r-release-linux-x86_64 0.2.1 1.06 15.21 16.27 OK
r-release-windows-ix86+x86_64 0.2.1 5.00 34.00 39.00 OK
r-release-osx-x86_64 0.2.1 NOTE
r-oldrel-windows-ix86+x86_64 0.2.1 3.00 25.00 28.00 OK

Check Details

Version: 0.2.1
Check: dependencies in R code
Result: NOTE
    Namespaces in Imports field not imported from:
     ‘methods’ ‘raster’ ‘rgeos’ ‘sp’
     All declared Imports should be used.
Flavors: r-devel-linux-x86_64-fedora-clang, r-devel-linux-x86_64-fedora-gcc, r-devel-osx-x86_64, r-patched-solaris-x86, r-release-osx-x86_64