CRAN Package Check Results for Package Grid2Polygons

Last updated on 2014-12-20 03:49:32.

Flavor Version Tinstall Tcheck Ttotal Status Flags
r-devel-linux-x86_64-debian-clang 0.1-4 1.64 19.32 20.96 NOTE
r-devel-linux-x86_64-debian-gcc 0.1-4 1.48 19.20 20.68 NOTE
r-devel-linux-x86_64-fedora-clang 0.1-4 45.56 NOTE
r-devel-linux-x86_64-fedora-gcc 0.1-4 41.31 NOTE
r-devel-osx-x86_64-clang 0.1-4 42.62 NOTE
r-devel-windows-ix86+x86_64 0.1-4 8.00 38.00 46.00 NOTE
r-patched-linux-x86_64 0.1-4 1.57 19.00 20.57 NOTE
r-patched-solaris-sparc 0.1-4 245.80 NOTE
r-patched-solaris-x86 0.1-4 59.40 NOTE
r-release-linux-ix86 0.1-4 2.14 25.18 27.32 NOTE
r-release-linux-x86_64 0.1-4 1.61 19.05 20.66 NOTE
r-release-osx-x86_64-mavericks 0.1-4 ERROR
r-release-osx-x86_64-snowleopard 0.1-4 OK
r-release-windows-ix86+x86_64 0.1-4 8.00 38.00 46.00 NOTE
r-oldrel-windows-ix86+x86_64 0.1-4 7.00 42.00 49.00 NOTE

Check Details

Version: 0.1-4
Check: dependencies in R code
Result: NOTE
    Packages in Depends field not imported from:
     ‘rgeos’ ‘sp’
     These packages need to be imported from (in the NAMESPACE file)
     for when this namespace is loaded but not attached.
    See the information on DESCRIPTION files in the chapter ‘Creating R
    packages’ of the ‘Writing R Extensions’ manual.
Flavors: r-devel-linux-x86_64-debian-clang, r-devel-linux-x86_64-debian-gcc, r-devel-linux-x86_64-fedora-clang, r-devel-linux-x86_64-fedora-gcc, r-devel-osx-x86_64-clang, r-devel-windows-ix86+x86_64, r-patched-linux-x86_64, r-patched-solaris-sparc, r-patched-solaris-x86, r-release-linux-ix86, r-release-linux-x86_64, r-release-windows-ix86+x86_64, r-oldrel-windows-ix86+x86_64

Version: 0.1-4
Check: R code for possible problems
Result: NOTE
    Grid2Polygons: no visible global function definition for ‘bbox’
    Grid2Polygons: no visible global function definition for
     ‘SpatialPolygons’
    Grid2Polygons: no visible global function definition for ‘Polygons’
    Grid2Polygons: no visible global function definition for ‘Polygon’
    Grid2Polygons: no visible global function definition for
     ‘proj4string<-’
    Grid2Polygons: no visible global function definition for ‘CRS’
    Grid2Polygons: no visible global function definition for ‘proj4string’
    Grid2Polygons: no visible global function definition for ‘over’
    Grid2Polygons: no visible global function definition for
     ‘gridparameters’
    Grid2Polygons : fun : <anonymous>: no visible global function
     definition for ‘Polygon’
    Grid2Polygons : fun: no visible global function definition for
     ‘Polygons’
    Grid2Polygons: no visible global function definition for
     ‘SpatialPolygonsDataFrame’
Flavors: r-devel-linux-x86_64-debian-clang, r-devel-linux-x86_64-debian-gcc, r-devel-linux-x86_64-fedora-clang, r-devel-linux-x86_64-fedora-gcc, r-devel-osx-x86_64-clang, r-devel-windows-ix86+x86_64, r-patched-linux-x86_64, r-patched-solaris-sparc, r-patched-solaris-x86, r-release-linux-ix86, r-release-linux-x86_64, r-release-windows-ix86+x86_64

Version: 0.1-4
Check: package dependencies
Result: ERROR
    Package required but not available: ‘rgeos’
    
    Package suggested but not available for checking: ‘rgdal’
    
    See the information on DESCRIPTION files in the chapter ‘Creating R
    packages’ of the ‘Writing R Extensions’ manual.
Flavor: r-release-osx-x86_64-mavericks