CRAN Package Check Results for Package Grid2Polygons

Last updated on 2015-04-27 15:46:33.

Flavor Version Tinstall Tcheck Ttotal Status Flags
r-devel-linux-x86_64-debian-clang 0.1-5 1.54 18.74 20.28 OK
r-devel-linux-x86_64-debian-gcc 0.1-5 1.41 17.69 19.10 OK
r-devel-linux-x86_64-fedora-clang 0.1-5 38.86 OK
r-devel-linux-x86_64-fedora-gcc 0.1-5 36.24 OK
r-devel-osx-x86_64-clang 0.1-5 39.91 OK
r-devel-windows-ix86+x86_64 0.1-5 6.00 37.00 43.00 OK
r-patched-linux-x86_64 0.1-5 1.47 17.56 19.03 OK
r-patched-solaris-sparc 0.1-5 264.10 OK
r-patched-solaris-x86 0.1-5 53.20 OK
r-release-linux-x86_64 0.1-5 1.40 17.65 19.05 OK
r-release-osx-x86_64-mavericks 0.1-5 ERROR
r-release-osx-x86_64-snowleopard 0.1-5 ERROR
r-release-windows-ix86+x86_64 0.1-5 7.00 50.00 57.00 OK
r-oldrel-windows-ix86+x86_64 0.1-5 6.00 40.00 46.00 OK

Check Details

Version: 0.1-5
Check: package dependencies
Result: ERROR
    Package required but not available: ‘rgeos’
    
    Package suggested but not available for checking: ‘rgdal’
    
    See section ‘The DESCRIPTION file’ in the ‘Writing R Extensions’
    manual.
Flavor: r-release-osx-x86_64-mavericks

Version: 0.1-5
Check: package dependencies
Result: ERROR
    Package required but not available: ‘rgeos’
    
    See section ‘The DESCRIPTION file’ in the ‘Writing R Extensions’
    manual.
Flavor: r-release-osx-x86_64-snowleopard