CRAN Package Check Results for Package Grid2Polygons

Last updated on 2015-07-31 08:49:58.

Flavor Version Tinstall Tcheck Ttotal Status Flags
r-devel-linux-x86_64-debian-clang 0.1-5 1.47 17.66 19.13 NOTE
r-devel-linux-x86_64-debian-gcc 0.1-5 2.20 17.60 19.81 NOTE
r-devel-linux-x86_64-fedora-clang 0.1-5 38.37 NOTE
r-devel-linux-x86_64-fedora-gcc 0.1-5 37.66 NOTE
r-devel-osx-x86_64-clang 0.1-5 34.99 OK
r-devel-windows-ix86+x86_64 0.1-5 11.00 41.00 52.00 NOTE
r-patched-linux-x86_64 0.1-5 1.43 17.38 18.81 OK
r-patched-solaris-sparc 0.1-5 228.50 OK
r-patched-solaris-x86 0.1-5 55.30 OK
r-release-linux-x86_64 0.1-5 1.55 17.26 18.81 OK
r-release-osx-x86_64-mavericks 0.1-5 OK
r-release-windows-ix86+x86_64 0.1-5 10.00 38.00 48.00 OK
r-oldrel-windows-ix86+x86_64 0.1-5 7.00 64.00 71.00 OK

Check Details

Version: 0.1-5
Check: R code for possible problems
Result: NOTE
    Grid2Polygons: no visible global function definition for ‘slot’
    Grid2Polygons: no visible global function definition for ‘na.omit’
    Grid2Polygons: no visible global function definition for ‘as’
    Grid2Polygons : <anonymous>: no visible global function definition for
     ‘slot<-’
    Undefined global functions or variables:
     as na.omit slot slot<-
    Consider adding
     importFrom("methods", "as", "slot", "slot<-")
     importFrom("stats", "na.omit")
    to your NAMESPACE.
Flavors: r-devel-linux-x86_64-debian-clang, r-devel-linux-x86_64-debian-gcc, r-devel-linux-x86_64-fedora-clang, r-devel-linux-x86_64-fedora-gcc, r-devel-windows-ix86+x86_64