CRAN Package Check Results for Package Grid2Polygons

Last updated on 2014-07-22 08:47:10.

Flavor Version Tinstall Tcheck Ttotal Status Flags
r-devel-linux-x86_64-debian-clang 0.1-4 1.73 18.34 20.07 NOTE
r-devel-linux-x86_64-debian-gcc 0.1-4 1.54 18.12 19.66 NOTE
r-devel-linux-x86_64-fedora-clang 0.1-4 44.72 NOTE
r-devel-linux-x86_64-fedora-gcc 0.1-4 41.89 NOTE
r-devel-osx-x86_64-clang 0.1-4 40.50 NOTE
r-devel-windows-ix86+x86_64 0.1-4 6.00 41.00 47.00 NOTE
r-patched-linux-x86_64 0.1-4 1.70 18.53 20.23 NOTE
r-patched-solaris-sparc 0.1-4 242.30 NOTE
r-patched-solaris-x86 0.1-4 58.30 NOTE
r-release-linux-ix86 0.1-4 2.27 26.19 28.46 NOTE
r-release-linux-x86_64 0.1-4 1.62 19.44 21.06 NOTE
r-release-osx-x86_64-mavericks 0.1-4 ERROR
r-release-osx-x86_64-snowleopard 0.1-4 OK
r-release-windows-ix86+x86_64 0.1-4 7.00 38.00 45.00 NOTE
r-oldrel-windows-ix86+x86_64 0.1-4 8.00 46.00 54.00 NOTE

Check Details

Version: 0.1-4
Check: dependencies in R code
Result: NOTE
    Packages in Depends field not imported from:
     ‘rgeos’ ‘sp’
     These packages need to be imported from (in the NAMESPACE file)
     for when this namespace is loaded but not attached.
    See the information on DESCRIPTION files in the chapter ‘Creating R
    packages’ of the ‘Writing R Extensions’ manual.
Flavors: r-devel-linux-x86_64-debian-clang, r-devel-linux-x86_64-debian-gcc, r-devel-linux-x86_64-fedora-clang, r-devel-linux-x86_64-fedora-gcc, r-devel-osx-x86_64-clang, r-devel-windows-ix86+x86_64, r-patched-linux-x86_64, r-patched-solaris-sparc, r-patched-solaris-x86, r-release-linux-ix86, r-release-linux-x86_64, r-release-windows-ix86+x86_64, r-oldrel-windows-ix86+x86_64

Version: 0.1-4
Check: package dependencies
Result: ERROR
    Package required but not available: ‘rgeos’
    
    Package suggested but not available for checking: ‘rgdal’
    
    See the information on DESCRIPTION files in the chapter ‘Creating R
    packages’ of the ‘Writing R Extensions’ manual.
Flavor: r-release-osx-x86_64-mavericks