CRAN Package Check Results for Package Grid2Polygons

Last updated on 2015-09-04 14:47:01.

Flavor Version Tinstall Tcheck Ttotal Status Flags
r-devel-linux-x86_64-debian-clang 0.1-5 1.39 17.54 18.94 NOTE
r-devel-linux-x86_64-debian-gcc 0.1-5 1.42 16.80 18.22 NOTE
r-devel-linux-x86_64-fedora-clang 0.1-5 36.93 NOTE
r-devel-linux-x86_64-fedora-gcc 0.1-5 34.18 NOTE
r-devel-osx-x86_64-clang 0.1-5 32.97 OK
r-devel-windows-ix86+x86_64 0.1-5 6.00 37.00 43.00 NOTE
r-patched-linux-x86_64 0.1-5 1.43 17.84 19.27 OK
r-patched-solaris-sparc 0.1-5 228.50 OK
r-patched-solaris-x86 0.1-5 56.10 OK
r-release-linux-x86_64 0.1-5 1.49 17.84 19.33 OK
r-release-osx-x86_64-mavericks 0.1-5 OK
r-release-windows-ix86+x86_64 0.1-5 11.00 44.00 55.00 OK
r-oldrel-windows-ix86+x86_64 0.1-5 11.00 48.00 59.00 OK

Check Details

Version: 0.1-5
Check: R code for possible problems
Result: NOTE
    Grid2Polygons: no visible global function definition for ‘slot’
    Grid2Polygons: no visible global function definition for ‘na.omit’
    Grid2Polygons: no visible global function definition for ‘as’
    Grid2Polygons : <anonymous>: no visible global function definition for
     ‘slot<-’
    Undefined global functions or variables:
     as na.omit slot slot<-
    Consider adding
     importFrom("methods", "as", "slot", "slot<-")
     importFrom("stats", "na.omit")
    to your NAMESPACE (and ensure that your DESCRIPTION Imports field
    contains 'methods').
Flavors: r-devel-linux-x86_64-debian-clang, r-devel-linux-x86_64-debian-gcc, r-devel-linux-x86_64-fedora-clang, r-devel-linux-x86_64-fedora-gcc, r-devel-windows-ix86+x86_64