CRAN Package Check Results for Package Grid2Polygons

Last updated on 2017-07-21 01:50:36.

Flavor Version Tinstall Tcheck Ttotal Status Flags
r-devel-linux-x86_64-debian-clang 0.1.6 1.48 26.61 28.09 NOTE
r-devel-linux-x86_64-debian-gcc 0.1.6 1.29 26.11 27.40 NOTE
r-devel-linux-x86_64-fedora-clang 0.1.6 37.54 NOTE
r-devel-linux-x86_64-fedora-gcc 0.1.6 36.42 NOTE
r-devel-windows-ix86+x86_64 0.1.6 8.00 65.00 73.00 OK
r-patched-linux-x86_64 0.1.6 1.46 26.21 27.68 NOTE
r-patched-solaris-x86 0.1.6 52.50 NOTE
r-release-linux-x86_64 0.1.6 1.35 26.18 27.53 NOTE
r-release-windows-ix86+x86_64 0.1.6 6.00 74.00 80.00 OK
r-release-osx-x86_64 0.1.6 NOTE
r-oldrel-windows-ix86+x86_64 0.1.6 9.00 66.00 75.00 OK
r-oldrel-osx-x86_64 0.1.6 NOTE

Check Details

Version: 0.1.6
Check: compiled code
Result: NOTE
    File ‘Grid2Polygons/libs/Grid2Polygons.so’:
     Found no calls to: ‘R_registerRoutines’, ‘R_useDynamicSymbols’
    
    It is good practice to register native routines and to disable symbol
    search.
    
    See ‘Writing portable packages’ in the ‘Writing R Extensions’ manual.
Flavors: r-devel-linux-x86_64-debian-clang, r-devel-linux-x86_64-debian-gcc, r-devel-linux-x86_64-fedora-clang, r-devel-linux-x86_64-fedora-gcc, r-patched-linux-x86_64, r-release-linux-x86_64

Version: 0.1.6
Check: dependencies in R code
Result: NOTE
    Namespace in Imports field not imported from: ‘rgeos’
     All declared Imports should be used.
Flavors: r-devel-linux-x86_64-fedora-clang, r-devel-linux-x86_64-fedora-gcc, r-patched-solaris-x86, r-release-osx-x86_64, r-oldrel-osx-x86_64

Version: 0.1.6
Check: package dependencies
Result: NOTE
    Package suggested but not available for checking: ‘rgdal’
Flavor: r-release-osx-x86_64