CRAN Package Check Results for Package Grid2Polygons

Last updated on 2015-05-22 21:46:31.

Flavor Version Tinstall Tcheck Ttotal Status Flags
r-devel-linux-x86_64-debian-clang 0.1-5 1.50 17.68 19.18 OK
r-devel-linux-x86_64-debian-gcc 0.1-5 1.46 17.52 18.98 OK
r-devel-linux-x86_64-fedora-clang 0.1-5 39.55 OK
r-devel-linux-x86_64-fedora-gcc 0.1-5 35.76 OK
r-devel-osx-x86_64-clang 0.1-5 40.79 OK
r-devel-windows-ix86+x86_64 0.1-5 10.00 36.00 46.00 OK
r-patched-linux-x86_64 0.1-5 1.42 17.62 19.04 OK
r-patched-solaris-sparc 0.1-5 234.00 OK
r-patched-solaris-x86 0.1-5 53.70 OK
r-release-linux-x86_64 0.1-5 1.47 17.91 19.38 OK
r-release-osx-x86_64-mavericks 0.1-5 OK
r-release-osx-x86_64-snowleopard 0.1-5 ERROR
r-release-windows-ix86+x86_64 0.1-5 5.00 44.00 49.00 OK
r-oldrel-windows-ix86+x86_64 0.1-5 9.00 43.00 52.00 OK

Check Details

Version: 0.1-5
Check: package dependencies
Result: ERROR
    Package required but not available: ‘rgeos’
    
    See section ‘The DESCRIPTION file’ in the ‘Writing R Extensions’
    manual.
Flavor: r-release-osx-x86_64-snowleopard