CRAN Package Check Results for Package Grid2Polygons

Last updated on 2016-07-27 06:47:58.

Flavor Version Tinstall Tcheck Ttotal Status Flags
r-devel-linux-x86_64-debian-clang 0.1-5 1.85 21.95 23.80 NOTE
r-devel-linux-x86_64-debian-gcc 0.1-5 1.72 20.47 22.19 NOTE
r-devel-linux-x86_64-fedora-clang 0.1-5 38.96 NOTE
r-devel-linux-x86_64-fedora-gcc 0.1-5 33.52 NOTE
r-devel-osx-x86_64-clang 0.1-5 29.66 NOTE
r-devel-windows-ix86+x86_64 0.1-5 9.00 66.00 75.00 NOTE
r-patched-linux-x86_64 0.1-5 1.85 20.97 22.81 NOTE
r-patched-solaris-sparc 0.1-5 202.20 NOTE
r-patched-solaris-x86 0.1-5 45.30 NOTE
r-release-linux-x86_64 0.1-5 2.00 20.65 22.65 NOTE
r-release-osx-x86_64-mavericks 0.1-5 NOTE
r-release-windows-ix86+x86_64 0.1-5 10.00 69.00 79.00 NOTE
r-oldrel-windows-ix86+x86_64 0.1-5 10.00 65.00 75.00 OK

Check Details

Version: 0.1-5
Check: R code for possible problems
Result: NOTE
    Grid2Polygons: no visible global function definition for ‘slot’
    Grid2Polygons: no visible global function definition for ‘na.omit’
    Grid2Polygons: no visible global function definition for ‘as’
    Grid2Polygons : <anonymous>: no visible global function definition for
     ‘slot<-’
    Undefined global functions or variables:
     as na.omit slot slot<-
    Consider adding
     importFrom("methods", "as", "slot", "slot<-")
     importFrom("stats", "na.omit")
    to your NAMESPACE file (and ensure that your DESCRIPTION Imports field
    contains 'methods').
Flavors: r-devel-linux-x86_64-debian-clang, r-devel-linux-x86_64-debian-gcc, r-devel-linux-x86_64-fedora-clang, r-devel-linux-x86_64-fedora-gcc, r-devel-osx-x86_64-clang, r-devel-windows-ix86+x86_64, r-patched-linux-x86_64, r-patched-solaris-sparc, r-patched-solaris-x86, r-release-linux-x86_64, r-release-osx-x86_64-mavericks, r-release-windows-ix86+x86_64