CRAN Package Check Results for Package Grid2Polygons

Last updated on 2018-06-23 16:46:41 CEST.

Flavor Version Tinstall Tcheck Ttotal Status Flags
r-devel-linux-x86_64-debian-clang 0.2.1 1.01 17.70 18.71 OK
r-devel-linux-x86_64-debian-gcc 0.2.1 0.75 14.20 14.95 OK
r-devel-linux-x86_64-fedora-clang 0.2.1 21.68 NOTE
r-devel-linux-x86_64-fedora-gcc 0.2.1 20.34 NOTE
r-devel-windows-ix86+x86_64 0.2.1 2.00 27.00 29.00 OK
r-patched-linux-x86_64 0.2.1 0.92 16.41 17.33 OK
r-patched-solaris-x86 0.2.1 33.10 NOTE
r-release-linux-x86_64 0.2.1 0.96 16.54 17.50 OK
r-release-windows-ix86+x86_64 0.2.1 5.00 30.00 35.00 OK
r-release-osx-x86_64 0.2.1 NOTE
r-oldrel-windows-ix86+x86_64 0.2.1 6.00 27.00 33.00 OK
r-oldrel-osx-x86_64 0.2.1 NOTE

Check Details

Version: 0.2.1
Check: dependencies in R code
Result: NOTE
    Namespaces in Imports field not imported from:
     ‘methods’ ‘raster’ ‘rgeos’ ‘sp’
     All declared Imports should be used.
Flavors: r-devel-linux-x86_64-fedora-clang, r-devel-linux-x86_64-fedora-gcc, r-patched-solaris-x86, r-release-osx-x86_64, r-oldrel-osx-x86_64