CRAN Package Check Results for Package GroupSeq

Last updated on 2016-08-29 21:49:07.

Flavor Version Tinstall Tcheck Ttotal Status Flags
r-devel-linux-x86_64-debian-clang 1.3.3 0.76 25.30 26.06 OK
r-devel-linux-x86_64-debian-gcc 1.3.3 0.80 24.64 25.43 OK
r-devel-linux-x86_64-fedora-clang 1.3.3 39.47 OK
r-devel-linux-x86_64-fedora-gcc 1.3.3 36.65 OK
r-devel-osx-x86_64-clang 1.3.3 36.88 OK
r-devel-windows-ix86+x86_64 1.3.3 6.00 39.00 45.00 OK
r-patched-linux-x86_64 1.3.3 0.80 24.31 25.11 OK
r-patched-solaris-sparc 1.3.3 240.30 OK
r-patched-solaris-x86 1.3.3 49.90 OK
r-release-linux-x86_64 1.3.3 0.81 25.56 26.37 OK
r-release-osx-x86_64-mavericks 1.3.3 ERROR
r-release-windows-ix86+x86_64 1.3.3 4.00 44.00 48.00 OK
r-oldrel-windows-ix86+x86_64 1.3.3 3.00 30.00 33.00 OK

Check Details

Version: 1.3.3
Check: whether package can be installed
Result: ERROR
    Installation failed.
Flavor: r-release-osx-x86_64-mavericks