CRAN Package Check Results for Package GroupSeq

Last updated on 2016-07-29 22:49:12.

Flavor Version Tinstall Tcheck Ttotal Status Flags
r-devel-linux-x86_64-debian-clang 1.3.3 0.79 23.64 24.43 OK
r-devel-linux-x86_64-debian-gcc 1.3.3 0.84 24.89 25.72 OK
r-devel-linux-x86_64-fedora-clang 1.3.3 41.94 OK
r-devel-linux-x86_64-fedora-gcc 1.3.3 36.36 OK
r-devel-osx-x86_64-clang 1.3.3 36.65 OK
r-devel-windows-ix86+x86_64 1.3.3 3.00 41.00 44.00 OK
r-patched-linux-x86_64 1.3.3 0.91 32.00 32.91 OK
r-patched-solaris-sparc 1.3.3 240.30 OK
r-patched-solaris-x86 1.3.3 48.80 OK
r-release-linux-x86_64 1.3.3 0.82 29.21 30.03 OK
r-release-osx-x86_64-mavericks 1.3.3 ERROR
r-release-windows-ix86+x86_64 1.3.3 4.00 44.00 48.00 OK
r-oldrel-windows-ix86+x86_64 1.3.3 3.00 30.00 33.00 OK

Check Details

Version: 1.3.3
Check: whether package can be installed
Result: ERROR
    Installation failed.
Flavor: r-release-osx-x86_64-mavericks