CRAN Package Check Results for Package GroupSeq

Last updated on 2016-12-07 12:53:49.

Flavor Version Tinstall Tcheck Ttotal Status Flags
r-devel-linux-x86_64-debian-clang 1.3.3 0.95 26.08 27.02 OK
r-devel-linux-x86_64-debian-gcc 1.3.3 0.90 25.37 26.28 OK
r-devel-linux-x86_64-fedora-clang 1.3.3 47.00 OK --no-stop-on-test-error
r-devel-linux-x86_64-fedora-gcc 1.3.3 41.76 OK --no-stop-on-test-error
r-devel-macos-x86_64-clang 1.3.3 39.02 OK
r-devel-windows-ix86+x86_64 1.3.3 8.00 57.00 65.00 OK
r-patched-linux-x86_64 1.3.3 0.78 24.98 25.77 OK
r-patched-solaris-sparc 1.3.3 240.30 OK
r-patched-solaris-x86 1.3.3 49.20 OK
r-release-linux-x86_64 1.3.3 0.78 26.19 26.98 OK
r-release-osx-x86_64-mavericks 1.3.3 ERROR
r-release-windows-ix86+x86_64 1.3.3 4.00 42.00 46.00 OK
r-oldrel-windows-ix86+x86_64 1.3.3 4.00 35.00 39.00 OK

Check Details

Version: 1.3.3
Check: whether package can be installed
Result: ERROR
    Installation failed.
Flavor: r-release-osx-x86_64-mavericks