CRAN Package Check Results for Package GroupSeq

Last updated on 2015-09-02 06:47:59.

Flavor Version Tinstall Tcheck Ttotal Status Flags
r-devel-linux-x86_64-debian-clang 1.3.3 0.72 21.83 22.55 OK
r-devel-linux-x86_64-debian-gcc 1.3.3 0.73 21.33 22.06 OK
r-devel-linux-x86_64-fedora-clang 1.3.3 39.89 OK
r-devel-linux-x86_64-fedora-gcc 1.3.3 38.28 OK
r-devel-osx-x86_64-clang 1.3.3 42.37 OK
r-devel-windows-ix86+x86_64 1.3.3 3.00 30.00 33.00 OK
r-patched-linux-x86_64 1.3.3 0.82 22.26 23.09 OK
r-patched-solaris-sparc 1.3.3 257.30 OK
r-patched-solaris-x86 1.3.3 58.70 OK
r-release-linux-x86_64 1.3.3 0.80 21.97 22.77 OK
r-release-osx-x86_64-mavericks 1.3.3 ERROR
r-release-windows-ix86+x86_64 1.3.3 3.00 48.00 51.00 OK
r-oldrel-windows-ix86+x86_64 1.3.3 6.00 57.00 63.00 OK

Check Details

Version: 1.3.3
Check: whether package can be installed
Result: ERROR
    Installation failed.
Flavor: r-release-osx-x86_64-mavericks