CRAN Package Check Results for Package GroupSeq

Last updated on 2015-03-05 12:48:00.

Flavor Version Tinstall Tcheck Ttotal Status Flags
r-devel-linux-x86_64-debian-clang 1.3.2 0.70 21.19 21.89 NOTE
r-devel-linux-x86_64-debian-gcc 1.3.2 0.69 21.68 22.37 NOTE
r-devel-linux-x86_64-fedora-clang 1.3.2 40.48 NOTE
r-devel-linux-x86_64-fedora-gcc 1.3.2 36.18 NOTE
r-devel-osx-x86_64-clang 1.3.2 43.15 NOTE
r-devel-windows-ix86+x86_64 1.3.2 5.00 27.00 32.00 NOTE
r-patched-linux-x86_64 1.3.2 0.74 22.34 23.09 NOTE
r-patched-solaris-sparc 1.3.2 280.80 NOTE
r-patched-solaris-x86 1.3.2 56.30 NOTE
r-release-linux-ix86 1.3.2 1.23 32.88 34.11 NOTE
r-release-linux-x86_64 1.3.2 0.73 22.09 22.82 NOTE
r-release-osx-x86_64-mavericks 1.3.2 NOTE
r-release-osx-x86_64-snowleopard 1.3.2 OK
r-release-windows-ix86+x86_64 1.3.2 3.00 29.00 32.00 NOTE
r-oldrel-windows-ix86+x86_64 1.3.2 3.00 32.00 35.00 OK

Check Details

Version: 1.3.2
Check: DESCRIPTION meta-information
Result: NOTE
    Malformed Title field: should not end in a period.
Flavors: r-devel-linux-x86_64-debian-clang, r-devel-linux-x86_64-debian-gcc, r-devel-linux-x86_64-fedora-clang, r-devel-linux-x86_64-fedora-gcc, r-devel-osx-x86_64-clang, r-devel-windows-ix86+x86_64

Version: 1.3.2
Check: dependencies in R code
Result: NOTE
    'library' or 'require' call to ‘tcltk’ in package code.
     Please use :: or requireNamespace() instead.
     See section 'Suggested packages' in the 'Writing R Extensions' manual.
Flavors: r-devel-linux-x86_64-debian-clang, r-devel-linux-x86_64-debian-gcc, r-devel-linux-x86_64-fedora-clang, r-devel-linux-x86_64-fedora-gcc, r-devel-osx-x86_64-clang, r-devel-windows-ix86+x86_64, r-patched-linux-x86_64, r-patched-solaris-sparc, r-patched-solaris-x86

Version: 1.3.2
Check: R code for possible problems
Result: NOTE
    calculateTask2: no visible global function definition for
     ‘tkmessageBox’
    guiInputTask1: no visible global function definition for
     ‘tkfont.create’
    guiInputTask1 : onChangeInterimAnalyses: no visible global function
     definition for ‘tkdelete’
    guiInputTask1 : onChangeInterimAnalyses: no visible global function
     definition for ‘tkadd’
    guiInputTask1 : onChangeInterimAnalyses: no visible global function
     definition for ‘tclvalue’
    guiInputTask1 : onChangeInterimAnalyses: no visible global function
     definition for ‘tkgrid.remove’
    guiInputTask1 : onCheckBoxEquallySpacedTimes: no visible global
     function definition for ‘tclvalue’
    guiInputTask1 : onCheckBoxEquallySpacedTimes: no visible global
     function definition for ‘tklabel’
    guiInputTask1 : onCheckBoxEquallySpacedTimes: no visible global
     function definition for ‘tclVar’
    guiInputTask1 : onCheckBoxEquallySpacedTimes: no visible global
     function definition for ‘tkentry’
    guiInputTask1 : onCheckBoxEquallySpacedTimes: no visible global
     function definition for ‘tkgrid’
    guiInputTask1 : onCheckBoxEquallySpacedTimes: no visible global
     function definition for ‘tkgrid.configure’
    guiInputTask1 : onCheckBoxEquallySpacedTimes: no visible global
     function definition for ‘tkgrid.forget’
    guiInputTask1 : onCheckBoxEquallySpacedTimes: no visible global
     function definition for ‘tkgrid.remove’
    guiInputTask1 : onCheckBoxSecondTimeScale: no visible global function
     definition for ‘tclvalue’
    guiInputTask1 : onCheckBoxSecondTimeScale: no visible global function
     definition for ‘tklabel’
    guiInputTask1 : onCheckBoxSecondTimeScale: no visible global function
     definition for ‘tclVar’
    guiInputTask1 : onCheckBoxSecondTimeScale: no visible global function
     definition for ‘tkentry’
    guiInputTask1 : onCheckBoxSecondTimeScale: no visible global function
     definition for ‘tkgrid’
    guiInputTask1 : onCheckBoxSecondTimeScale: no visible global function
     definition for ‘tkgrid.configure’
    guiInputTask1 : onCheckBoxSecondTimeScale: no visible global function
     definition for ‘tkgrid.forget’
    guiInputTask1 : onCheckBoxSecondTimeScale: no visible global function
     definition for ‘tkgrid.remove’
    guiInputTask1 : onConfirmFunction1: no visible global function
     definition for ‘tclvalue’
    guiInputTask1 : onConfirmFunction1: no visible global function
     definition for ‘tkcurselection’
    guiInputTask1 : onConfirmFunction1: no visible global function
     definition for ‘tkmessageBox’
    guiInputTask1 : onConfirmFunction1: no visible global function
     definition for ‘tkgrid.remove’
    guiInputTask1 : onConfirmFunction1: no visible global function
     definition for ‘tklabel’
    guiInputTask1 : onConfirmFunction1: no visible global function
     definition for ‘tkentry’
    guiInputTask1 : onConfirmFunction1: no visible global function
     definition for ‘tkgrid’
    guiInputTask1 : onConfirmFunction2: no visible global function
     definition for ‘tkcurselection’
    guiInputTask1 : onConfirmFunction2: no visible global function
     definition for ‘tkmessageBox’
    guiInputTask1 : onConfirmFunction2: no visible global function
     definition for ‘tkgrid.remove’
    guiInputTask1 : onConfirmFunction2: no visible global function
     definition for ‘tklabel’
    guiInputTask1 : onConfirmFunction2: no visible global function
     definition for ‘tkentry’
    guiInputTask1 : onConfirmFunction2: no visible global function
     definition for ‘tkgrid’
    guiInputTask1 : onBoundsChosen: no visible global function definition
     for ‘tclvalue’
    guiInputTask1 : onBoundsChosen: no visible global function definition
     for ‘tkgrid.remove’
    guiInputTask1 : onBoundsChosen: no visible global function definition
     for ‘tkgrid’
    guiInputTask1 : onTruncateCheckbox: no visible global function
     definition for ‘tclvalue’
    guiInputTask1 : onTruncateCheckbox: no visible global function
     definition for ‘tkgrid’
    guiInputTask1 : onTruncateCheckbox: no visible global function
     definition for ‘tkgrid.forget’
    guiInputTask1 : OnCalculateInputTask1: no visible global function
     definition for ‘tclvalue’
    guiInputTask1 : OnCalculateInputTask1: no visible global function
     definition for ‘tkmessageBox’
    guiInputTask1: no visible global function definition for ‘tktoplevel’
    guiInputTask1: no visible global function definition for ‘tkwm.title’
    guiInputTask1: no visible global function definition for ‘tkframe’
    guiInputTask1: no visible global function definition for ‘tkmenu’
    guiInputTask1: no visible global function definition for ‘tkconfigure’
    guiInputTask1: no visible global function definition for ‘tkadd’
    guiInputTask1: no visible global function definition for ‘tkgrid’
    guiInputTask1: no visible global function definition for ‘tklabel’
    guiInputTask1: no visible global function definition for
     ‘tkcheckbutton’
    guiInputTask1: no visible global function definition for ‘tclVar’
    guiInputTask1: no visible global function definition for
     ‘tkradiobutton’
    guiInputTask1: no visible global function definition for ‘tkentry’
    guiInputTask1: no visible global function definition for ‘tklistbox’
    guiInputTask1: no visible global function definition for ‘tkinsert’
    guiInputTask1: no visible global function definition for
     ‘tkselection.set’
    guiInputTask1: no visible global function definition for ‘tkbutton’
    guiInputTask1: no visible global function definition for
     ‘tkgrid.configure’
    guiInputTask1: no visible global function definition for
     ‘tkgrid.forget’
    guiInputTask1 : onCancel: no visible global function definition for
     ‘tkdestroy’
    guiInputTask1: no visible global function definition for ‘tkfocus’
    guiInputTask2: no visible global function definition for
     ‘tkfont.create’
    guiInputTask2 : onChangeInterimAnalyses: no visible global function
     definition for ‘tkdelete’
    guiInputTask2 : onChangeInterimAnalyses: no visible global function
     definition for ‘tkadd’
    guiInputTask2 : onChangeInterimAnalyses: no visible global function
     definition for ‘tclvalue’
    guiInputTask2 : onChangeInterimAnalyses: no visible global function
     definition for ‘tkgrid.remove’
    guiInputTask2 : onCheckBoxEquallySpacedTimes: no visible global
     function definition for ‘tclvalue’
    guiInputTask2 : onCheckBoxEquallySpacedTimes: no visible global
     function definition for ‘tklabel’
    guiInputTask2 : onCheckBoxEquallySpacedTimes: no visible global
     function definition for ‘tclVar’
    guiInputTask2 : onCheckBoxEquallySpacedTimes: no visible global
     function definition for ‘tkentry’
    guiInputTask2 : onCheckBoxEquallySpacedTimes: no visible global
     function definition for ‘tkgrid’
    guiInputTask2 : onCheckBoxEquallySpacedTimes: no visible global
     function definition for ‘tkgrid.configure’
    guiInputTask2 : onCheckBoxEquallySpacedTimes: no visible global
     function definition for ‘tkgrid.forget’
    guiInputTask2 : onCheckBoxEquallySpacedTimes: no visible global
     function definition for ‘tkgrid.remove’
    guiInputTask2 : onCheckBoxSecondTimeScale: no visible global function
     definition for ‘tclvalue’
    guiInputTask2 : onCheckBoxSecondTimeScale: no visible global function
     definition for ‘tklabel’
    guiInputTask2 : onCheckBoxSecondTimeScale: no visible global function
     definition for ‘tclVar’
    guiInputTask2 : onCheckBoxSecondTimeScale: no visible global function
     definition for ‘tkentry’
    guiInputTask2 : onCheckBoxSecondTimeScale: no visible global function
     definition for ‘tkgrid’
    guiInputTask2 : onCheckBoxSecondTimeScale: no visible global function
     definition for ‘tkgrid.configure’
    guiInputTask2 : onCheckBoxSecondTimeScale: no visible global function
     definition for ‘tkgrid.forget’
    guiInputTask2 : onCheckBoxSecondTimeScale: no visible global function
     definition for ‘tkgrid.remove’
    guiInputTask2 : onManualBounds: no visible global function definition
     for ‘tclvalue’
    guiInputTask2 : onManualBounds: no visible global function definition
     for ‘tkgrid.forget’
    guiInputTask2 : onManualBounds: no visible global function definition
     for ‘tklabel’
    guiInputTask2 : onManualBounds: no visible global function definition
     for ‘tclVar’
    guiInputTask2 : onManualBounds: no visible global function definition
     for ‘tkentry’
    guiInputTask2 : onManualBounds: no visible global function definition
     for ‘tkgrid’
    guiInputTask2 : onManualBounds: no visible global function definition
     for ‘tkgrid.configure’
    guiInputTask2 : onManualBounds: no visible global function definition
     for ‘tkgrid.remove’
    guiInputTask2 : onConfirmFunction1: no visible global function
     definition for ‘tclvalue’
    guiInputTask2 : onConfirmFunction1: no visible global function
     definition for ‘tkcurselection’
    guiInputTask2 : onConfirmFunction1: no visible global function
     definition for ‘tkmessageBox’
    guiInputTask2 : onConfirmFunction1: no visible global function
     definition for ‘tkgrid.remove’
    guiInputTask2 : onConfirmFunction1: no visible global function
     definition for ‘tklabel’
    guiInputTask2 : onConfirmFunction1: no visible global function
     definition for ‘tkentry’
    guiInputTask2 : onConfirmFunction1: no visible global function
     definition for ‘tkgrid’
    guiInputTask2 : onConfirmFunction2: no visible global function
     definition for ‘tkcurselection’
    guiInputTask2 : onConfirmFunction2: no visible global function
     definition for ‘tkmessageBox’
    guiInputTask2 : onConfirmFunction2: no visible global function
     definition for ‘tkgrid.remove’
    guiInputTask2 : onConfirmFunction2: no visible global function
     definition for ‘tklabel’
    guiInputTask2 : onConfirmFunction2: no visible global function
     definition for ‘tkentry’
    guiInputTask2 : onConfirmFunction2: no visible global function
     definition for ‘tkgrid’
    guiInputTask2 : onBoundsChosen: no visible global function definition
     for ‘tclvalue’
    guiInputTask2 : onBoundsChosen: no visible global function definition
     for ‘tkgrid.forget’
    guiInputTask2 : onBoundsChosen: no visible global function definition
     for ‘tkgrid.remove’
    guiInputTask2 : onBoundsChosen: no visible global function definition
     for ‘tkgrid’
    guiInputTask2 : onTruncateCheckbox: no visible global function
     definition for ‘tclvalue’
    guiInputTask2 : onTruncateCheckbox: no visible global function
     definition for ‘tkgrid’
    guiInputTask2 : onTruncateCheckbox: no visible global function
     definition for ‘tkgrid.forget’
    guiInputTask2 : OnCalculateInputTask1: no visible global function
     definition for ‘tclvalue’
    guiInputTask2 : OnCalculateInputTask1: no visible global function
     definition for ‘tkmessageBox’
    guiInputTask2 : OnCalculateInputTask1 : t2maxPrompt: no visible global
     function definition for ‘tktoplevel’
    guiInputTask2 : OnCalculateInputTask1 : t2maxPrompt: no visible global
     function definition for ‘tkwm.deiconify’
    guiInputTask2 : OnCalculateInputTask1 : t2maxPrompt: no visible global
     function definition for ‘tkgrab.set’
    guiInputTask2 : OnCalculateInputTask1 : t2maxPrompt: no visible global
     function definition for ‘tkfocus’
    guiInputTask2 : OnCalculateInputTask1 : t2maxPrompt: no visible global
     function definition for ‘tkwm.title’
    guiInputTask2 : OnCalculateInputTask1 : t2maxPrompt: no visible global
     function definition for ‘tclVar’
    guiInputTask2 : OnCalculateInputTask1 : t2maxPrompt: no visible global
     function definition for ‘tkentry’
    guiInputTask2 : OnCalculateInputTask1 : t2maxPrompt: no visible global
     function definition for ‘tkgrid’
    guiInputTask2 : OnCalculateInputTask1 : t2maxPrompt: no visible global
     function definition for ‘tklabel’
    guiInputTask2 : OnCalculateInputTask1 : t2maxPrompt : onOK: no visible
     global function definition for ‘tclvalue’
    guiInputTask2 : OnCalculateInputTask1 : t2maxPrompt : onOK: no visible
     global function definition for ‘tkmessageBox’
    guiInputTask2 : OnCalculateInputTask1 : t2maxPrompt : onOK: no visible
     global function definition for ‘tkgrab.release’
    guiInputTask2 : OnCalculateInputTask1 : t2maxPrompt : onOK: no visible
     global function definition for ‘tkdestroy’
    guiInputTask2 : OnCalculateInputTask1 : t2maxPrompt : onOK: no visible
     global function definition for ‘tkfocus’
    guiInputTask2 : OnCalculateInputTask1 : t2maxPrompt : onCancel: no
     visible global function definition for ‘tkgrab.release’
    guiInputTask2 : OnCalculateInputTask1 : t2maxPrompt : onCancel: no
     visible global function definition for ‘tkdestroy’
    guiInputTask2 : OnCalculateInputTask1 : t2maxPrompt : onCancel: no
     visible global function definition for ‘tkfocus’
    guiInputTask2 : OnCalculateInputTask1 : t2maxPrompt: no visible global
     function definition for ‘tkbutton’
    guiInputTask2 : OnCalculateInputTask1 : t2maxPrompt: no visible global
     function definition for ‘tkbind’
    guiInputTask2 : OnCalculateInputTask1 : t2maxPrompt : <anonymous>: no
     visible global function definition for ‘tkgrab.release’
    guiInputTask2 : OnCalculateInputTask1 : t2maxPrompt : <anonymous>: no
     visible global function definition for ‘tkfocus’
    guiInputTask2 : OnCalculateInputTask1 : t2maxPrompt: no visible global
     function definition for ‘tkwait.window’
    guiInputTask2: no visible global function definition for ‘tktoplevel’
    guiInputTask2: no visible global function definition for ‘tkwm.title’
    guiInputTask2: no visible global function definition for ‘tkframe’
    guiInputTask2: no visible global function definition for ‘tkmenu’
    guiInputTask2: no visible global function definition for ‘tkconfigure’
    guiInputTask2: no visible global function definition for ‘tkadd’
    guiInputTask2: no visible global function definition for ‘tkgrid’
    guiInputTask2: no visible global function definition for ‘tklabel’
    guiInputTask2: no visible global function definition for
     ‘tkcheckbutton’
    guiInputTask2: no visible global function definition for ‘tclVar’
    guiInputTask2: no visible global function definition for ‘tkentry’
    guiInputTask2: no visible global function definition for
     ‘tkradiobutton’
    guiInputTask2: no visible global function definition for
     ‘tkgrid.configure’
    guiInputTask2: no visible global function definition for ‘tklistbox’
    guiInputTask2: no visible global function definition for ‘tkinsert’
    guiInputTask2: no visible global function definition for
     ‘tkselection.set’
    guiInputTask2: no visible global function definition for ‘tkbutton’
    guiInputTask2: no visible global function definition for
     ‘tkgrid.forget’
    guiInputTask2 : onCancel: no visible global function definition for
     ‘tkdestroy’
    guiInputTask2: no visible global function definition for ‘tkfocus’
    guiInputTask3: no visible global function definition for
     ‘tkfont.create’
    guiInputTask3 : onChangeInterimAnalyses: no visible global function
     definition for ‘tkdelete’
    guiInputTask3 : onChangeInterimAnalyses: no visible global function
     definition for ‘tkadd’
    guiInputTask3 : onChangeInterimAnalyses: no visible global function
     definition for ‘tclvalue’
    guiInputTask3 : onChangeInterimAnalyses: no visible global function
     definition for ‘tkgrid.remove’
    guiInputTask3 : onCheckBoxEquallySpacedTimes: no visible global
     function definition for ‘tclvalue’
    guiInputTask3 : onCheckBoxEquallySpacedTimes: no visible global
     function definition for ‘tklabel’
    guiInputTask3 : onCheckBoxEquallySpacedTimes: no visible global
     function definition for ‘tclVar’
    guiInputTask3 : onCheckBoxEquallySpacedTimes: no visible global
     function definition for ‘tkentry’
    guiInputTask3 : onCheckBoxEquallySpacedTimes: no visible global
     function definition for ‘tkgrid’
    guiInputTask3 : onCheckBoxEquallySpacedTimes: no visible global
     function definition for ‘tkgrid.configure’
    guiInputTask3 : onCheckBoxEquallySpacedTimes: no visible global
     function definition for ‘tkgrid.forget’
    guiInputTask3 : onCheckBoxEquallySpacedTimes: no visible global
     function definition for ‘tkgrid.remove’
    guiInputTask3 : onCheckBoxSecondTimeScale: no visible global function
     definition for ‘tclvalue’
    guiInputTask3 : onCheckBoxSecondTimeScale: no visible global function
     definition for ‘tklabel’
    guiInputTask3 : onCheckBoxSecondTimeScale: no visible global function
     definition for ‘tclVar’
    guiInputTask3 : onCheckBoxSecondTimeScale: no visible global function
     definition for ‘tkentry’
    guiInputTask3 : onCheckBoxSecondTimeScale: no visible global function
     definition for ‘tkgrid’
    guiInputTask3 : onCheckBoxSecondTimeScale: no visible global function
     definition for ‘tkgrid.configure’
    guiInputTask3 : onCheckBoxSecondTimeScale: no visible global function
     definition for ‘tkgrid.forget’
    guiInputTask3 : onCheckBoxSecondTimeScale: no visible global function
     definition for ‘tkgrid.remove’
    guiInputTask3 : onManualBounds: no visible global function definition
     for ‘tclvalue’
    guiInputTask3 : onManualBounds: no visible global function definition
     for ‘tkgrid.forget’
    guiInputTask3 : onManualBounds: no visible global function definition
     for ‘tklabel’
    guiInputTask3 : onManualBounds: no visible global function definition
     for ‘tclVar’
    guiInputTask3 : onManualBounds: no visible global function definition
     for ‘tkentry’
    guiInputTask3 : onManualBounds: no visible global function definition
     for ‘tkgrid’
    guiInputTask3 : onManualBounds: no visible global function definition
     for ‘tkgrid.configure’
    guiInputTask3 : onManualBounds: no visible global function definition
     for ‘tkgrid.remove’
    guiInputTask3 : onConfirmFunction1: no visible global function
     definition for ‘tclvalue’
    guiInputTask3 : onConfirmFunction1: no visible global function
     definition for ‘tkcurselection’
    guiInputTask3 : onConfirmFunction1: no visible global function
     definition for ‘tkmessageBox’
    guiInputTask3 : onConfirmFunction1: no visible global function
     definition for ‘tkgrid.remove’
    guiInputTask3 : onConfirmFunction1: no visible global function
     definition for ‘tklabel’
    guiInputTask3 : onConfirmFunction1: no visible global function
     definition for ‘tkentry’
    guiInputTask3 : onConfirmFunction1: no visible global function
     definition for ‘tkgrid’
    guiInputTask3 : onConfirmFunction2: no visible global function
     definition for ‘tkcurselection’
    guiInputTask3 : onConfirmFunction2: no visible global function
     definition for ‘tkmessageBox’
    guiInputTask3 : onConfirmFunction2: no visible global function
     definition for ‘tkgrid.remove’
    guiInputTask3 : onConfirmFunction2: no visible global function
     definition for ‘tklabel’
    guiInputTask3 : onConfirmFunction2: no visible global function
     definition for ‘tkentry’
    guiInputTask3 : onConfirmFunction2: no visible global function
     definition for ‘tkgrid’
    guiInputTask3 : onBoundsChosen: no visible global function definition
     for ‘tclvalue’
    guiInputTask3 : onBoundsChosen: no visible global function definition
     for ‘tkgrid.forget’
    guiInputTask3 : onBoundsChosen: no visible global function definition
     for ‘tkgrid.remove’
    guiInputTask3 : onBoundsChosen: no visible global function definition
     for ‘tkgrid’
    guiInputTask3 : onTruncateCheckbox: no visible global function
     definition for ‘tclvalue’
    guiInputTask3 : onTruncateCheckbox: no visible global function
     definition for ‘tkgrid’
    guiInputTask3 : onTruncateCheckbox: no visible global function
     definition for ‘tkgrid.forget’
    guiInputTask3 : OnCalculateInputTask1: no visible global function
     definition for ‘tclvalue’
    guiInputTask3 : OnCalculateInputTask1: no visible global function
     definition for ‘tkmessageBox’
    guiInputTask3 : OnCalculateInputTask1 : t2maxPrompt: no visible global
     function definition for ‘tktoplevel’
    guiInputTask3 : OnCalculateInputTask1 : t2maxPrompt: no visible global
     function definition for ‘tkwm.deiconify’
    guiInputTask3 : OnCalculateInputTask1 : t2maxPrompt: no visible global
     function definition for ‘tkgrab.set’
    guiInputTask3 : OnCalculateInputTask1 : t2maxPrompt: no visible global
     function definition for ‘tkfocus’
    guiInputTask3 : OnCalculateInputTask1 : t2maxPrompt: no visible global
     function definition for ‘tkwm.title’
    guiInputTask3 : OnCalculateInputTask1 : t2maxPrompt: no visible global
     function definition for ‘tclVar’
    guiInputTask3 : OnCalculateInputTask1 : t2maxPrompt: no visible global
     function definition for ‘tkentry’
    guiInputTask3 : OnCalculateInputTask1 : t2maxPrompt: no visible global
     function definition for ‘tkgrid’
    guiInputTask3 : OnCalculateInputTask1 : t2maxPrompt: no visible global
     function definition for ‘tklabel’
    guiInputTask3 : OnCalculateInputTask1 : t2maxPrompt : onOK: no visible
     global function definition for ‘tclvalue’
    guiInputTask3 : OnCalculateInputTask1 : t2maxPrompt : onOK: no visible
     global function definition for ‘tkmessageBox’
    guiInputTask3 : OnCalculateInputTask1 : t2maxPrompt : onOK: no visible
     global function definition for ‘tkgrab.release’
    guiInputTask3 : OnCalculateInputTask1 : t2maxPrompt : onOK: no visible
     global function definition for ‘tkdestroy’
    guiInputTask3 : OnCalculateInputTask1 : t2maxPrompt : onOK: no visible
     global function definition for ‘tkfocus’
    guiInputTask3 : OnCalculateInputTask1 : t2maxPrompt : onCancel: no
     visible global function definition for ‘tkgrab.release’
    guiInputTask3 : OnCalculateInputTask1 : t2maxPrompt : onCancel: no
     visible global function definition for ‘tkdestroy’
    guiInputTask3 : OnCalculateInputTask1 : t2maxPrompt : onCancel: no
     visible global function definition for ‘tkfocus’
    guiInputTask3 : OnCalculateInputTask1 : t2maxPrompt: no visible global
     function definition for ‘tkbutton’
    guiInputTask3 : OnCalculateInputTask1 : t2maxPrompt: no visible global
     function definition for ‘tkbind’
    guiInputTask3 : OnCalculateInputTask1 : t2maxPrompt : <anonymous>: no
     visible global function definition for ‘tkgrab.release’
    guiInputTask3 : OnCalculateInputTask1 : t2maxPrompt : <anonymous>: no
     visible global function definition for ‘tkfocus’
    guiInputTask3 : OnCalculateInputTask1 : t2maxPrompt: no visible global
     function definition for ‘tkwait.window’
    guiInputTask3: no visible global function definition for ‘tktoplevel’
    guiInputTask3: no visible global function definition for ‘tkwm.title’
    guiInputTask3: no visible global function definition for ‘tkframe’
    guiInputTask3: no visible global function definition for ‘tkmenu’
    guiInputTask3: no visible global function definition for ‘tkconfigure’
    guiInputTask3: no visible global function definition for ‘tkadd’
    guiInputTask3: no visible global function definition for ‘tkgrid’
    guiInputTask3: no visible global function definition for ‘tklabel’
    guiInputTask3: no visible global function definition for
     ‘tkcheckbutton’
    guiInputTask3: no visible global function definition for ‘tclVar’
    guiInputTask3: no visible global function definition for ‘tkentry’
    guiInputTask3: no visible global function definition for
     ‘tkradiobutton’
    guiInputTask3: no visible global function definition for
     ‘tkgrid.configure’
    guiInputTask3: no visible global function definition for ‘tklistbox’
    guiInputTask3: no visible global function definition for ‘tkinsert’
    guiInputTask3: no visible global function definition for
     ‘tkselection.set’
    guiInputTask3: no visible global function definition for ‘tkbutton’
    guiInputTask3: no visible global function definition for
     ‘tkgrid.forget’
    guiInputTask3 : onCancel: no visible global function definition for
     ‘tkdestroy’
    guiInputTask3: no visible global function definition for ‘tkfocus’
    guiInputTask4: no visible global function definition for
     ‘tkfont.create’
    guiInputTask4 : onChangeInterimAnalyses: no visible global function
     definition for ‘tkdelete’
    guiInputTask4 : onChangeInterimAnalyses: no visible global function
     definition for ‘tkadd’
    guiInputTask4 : onChangeInterimAnalyses: no visible global function
     definition for ‘tclvalue’
    guiInputTask4 : onChangeInterimAnalyses: no visible global function
     definition for ‘tkgrid.remove’
    guiInputTask4 : onCheckBoxEquallySpacedTimes: no visible global
     function definition for ‘tclvalue’
    guiInputTask4 : onCheckBoxEquallySpacedTimes: no visible global
     function definition for ‘tklabel’
    guiInputTask4 : onCheckBoxEquallySpacedTimes: no visible global
     function definition for ‘tclVar’
    guiInputTask4 : onCheckBoxEquallySpacedTimes: no visible global
     function definition for ‘tkentry’
    guiInputTask4 : onCheckBoxEquallySpacedTimes: no visible global
     function definition for ‘tkgrid’
    guiInputTask4 : onCheckBoxEquallySpacedTimes: no visible global
     function definition for ‘tkgrid.configure’
    guiInputTask4 : onCheckBoxEquallySpacedTimes: no visible global
     function definition for ‘tkgrid.forget’
    guiInputTask4 : onCheckBoxEquallySpacedTimes: no visible global
     function definition for ‘tkgrid.remove’
    guiInputTask4 : onCheckBoxSecondTimeScale: no visible global function
     definition for ‘tclvalue’
    guiInputTask4 : onCheckBoxSecondTimeScale: no visible global function
     definition for ‘tklabel’
    guiInputTask4 : onCheckBoxSecondTimeScale: no visible global function
     definition for ‘tclVar’
    guiInputTask4 : onCheckBoxSecondTimeScale: no visible global function
     definition for ‘tkentry’
    guiInputTask4 : onCheckBoxSecondTimeScale: no visible global function
     definition for ‘tkgrid’
    guiInputTask4 : onCheckBoxSecondTimeScale: no visible global function
     definition for ‘tkgrid.configure’
    guiInputTask4 : onCheckBoxSecondTimeScale: no visible global function
     definition for ‘tkgrid.forget’
    guiInputTask4 : onCheckBoxSecondTimeScale: no visible global function
     definition for ‘tkgrid.remove’
    guiInputTask4 : onManualBounds: no visible global function definition
     for ‘tclvalue’
    guiInputTask4 : onManualBounds: no visible global function definition
     for ‘tkgrid.forget’
    guiInputTask4 : onManualBounds: no visible global function definition
     for ‘tklabel’
    guiInputTask4 : onManualBounds: no visible global function definition
     for ‘tclVar’
    guiInputTask4 : onManualBounds: no visible global function definition
     for ‘tkentry’
    guiInputTask4 : onManualBounds: no visible global function definition
     for ‘tkgrid’
    guiInputTask4 : onManualBounds: no visible global function definition
     for ‘tkgrid.configure’
    guiInputTask4 : onManualBounds: no visible global function definition
     for ‘tkgrid.remove’
    guiInputTask4 : onConfirmFunction1: no visible global function
     definition for ‘tclvalue’
    guiInputTask4 : onConfirmFunction1: no visible global function
     definition for ‘tkcurselection’
    guiInputTask4 : onConfirmFunction1: no visible global function
     definition for ‘tkmessageBox’
    guiInputTask4 : onConfirmFunction1: no visible global function
     definition for ‘tkgrid.remove’
    guiInputTask4 : onConfirmFunction1: no visible global function
     definition for ‘tklabel’
    guiInputTask4 : onConfirmFunction1: no visible global function
     definition for ‘tkentry’
    guiInputTask4 : onConfirmFunction1: no visible global function
     definition for ‘tkgrid’
    guiInputTask4 : onConfirmFunction2: no visible global function
     definition for ‘tkcurselection’
    guiInputTask4 : onConfirmFunction2: no visible global function
     definition for ‘tkmessageBox’
    guiInputTask4 : onConfirmFunction2: no visible global function
     definition for ‘tkgrid.remove’
    guiInputTask4 : onConfirmFunction2: no visible global function
     definition for ‘tklabel’
    guiInputTask4 : onConfirmFunction2: no visible global function
     definition for ‘tkentry’
    guiInputTask4 : onConfirmFunction2: no visible global function
     definition for ‘tkgrid’
    guiInputTask4 : onBoundsChosen: no visible global function definition
     for ‘tclvalue’
    guiInputTask4 : onBoundsChosen: no visible global function definition
     for ‘tkgrid.forget’
    guiInputTask4 : onBoundsChosen: no visible global function definition
     for ‘tkgrid.remove’
    guiInputTask4 : onBoundsChosen: no visible global function definition
     for ‘tkgrid’
    guiInputTask4 : onTruncateCheckbox: no visible global function
     definition for ‘tclvalue’
    guiInputTask4 : onTruncateCheckbox: no visible global function
     definition for ‘tkgrid’
    guiInputTask4 : onTruncateCheckbox: no visible global function
     definition for ‘tkgrid.forget’
    guiInputTask4 : OnCalculateInputTask1: no visible global function
     definition for ‘tclvalue’
    guiInputTask4 : OnCalculateInputTask1: no visible global function
     definition for ‘tkmessageBox’
    guiInputTask4 : OnCalculateInputTask1 : t2maxPrompt: no visible global
     function definition for ‘tktoplevel’
    guiInputTask4 : OnCalculateInputTask1 : t2maxPrompt: no visible global
     function definition for ‘tkwm.deiconify’
    guiInputTask4 : OnCalculateInputTask1 : t2maxPrompt: no visible global
     function definition for ‘tkgrab.set’
    guiInputTask4 : OnCalculateInputTask1 : t2maxPrompt: no visible global
     function definition for ‘tkfocus’
    guiInputTask4 : OnCalculateInputTask1 : t2maxPrompt: no visible global
     function definition for ‘tkwm.title’
    guiInputTask4 : OnCalculateInputTask1 : t2maxPrompt: no visible global
     function definition for ‘tclVar’
    guiInputTask4 : OnCalculateInputTask1 : t2maxPrompt: no visible global
     function definition for ‘tkentry’
    guiInputTask4 : OnCalculateInputTask1 : t2maxPrompt: no visible global
     function definition for ‘tkgrid’
    guiInputTask4 : OnCalculateInputTask1 : t2maxPrompt: no visible global
     function definition for ‘tklabel’
    guiInputTask4 : OnCalculateInputTask1 : t2maxPrompt : onOK: no visible
     global function definition for ‘tclvalue’
    guiInputTask4 : OnCalculateInputTask1 : t2maxPrompt : onOK: no visible
     global function definition for ‘tkmessageBox’
    guiInputTask4 : OnCalculateInputTask1 : t2maxPrompt : onOK: no visible
     global function definition for ‘tkgrab.release’
    guiInputTask4 : OnCalculateInputTask1 : t2maxPrompt : onOK: no visible
     global function definition for ‘tkdestroy’
    guiInputTask4 : OnCalculateInputTask1 : t2maxPrompt : onOK: no visible
     global function definition for ‘tkfocus’
    guiInputTask4 : OnCalculateInputTask1 : t2maxPrompt : onCancel: no
     visible global function definition for ‘tkgrab.release’
    guiInputTask4 : OnCalculateInputTask1 : t2maxPrompt : onCancel: no
     visible global function definition for ‘tkdestroy’
    guiInputTask4 : OnCalculateInputTask1 : t2maxPrompt : onCancel: no
     visible global function definition for ‘tkfocus’
    guiInputTask4 : OnCalculateInputTask1 : t2maxPrompt: no visible global
     function definition for ‘tkbutton’
    guiInputTask4 : OnCalculateInputTask1 : t2maxPrompt: no visible global
     function definition for ‘tkbind’
    guiInputTask4 : OnCalculateInputTask1 : t2maxPrompt : <anonymous>: no
     visible global function definition for ‘tkgrab.release’
    guiInputTask4 : OnCalculateInputTask1 : t2maxPrompt : <anonymous>: no
     visible global function definition for ‘tkfocus’
    guiInputTask4 : OnCalculateInputTask1 : t2maxPrompt: no visible global
     function definition for ‘tkwait.window’
    guiInputTask4: no visible global function definition for ‘tktoplevel’
    guiInputTask4: no visible global function definition for ‘tkwm.title’
    guiInputTask4: no visible global function definition for ‘tkframe’
    guiInputTask4: no visible global function definition for ‘tkmenu’
    guiInputTask4: no visible global function definition for ‘tkconfigure’
    guiInputTask4: no visible global function definition for ‘tkadd’
    guiInputTask4: no visible global function definition for ‘tkgrid’
    guiInputTask4: no visible global function definition for ‘tklabel’
    guiInputTask4: no visible global function definition for
     ‘tkcheckbutton’
    guiInputTask4: no visible global function definition for ‘tclVar’
    guiInputTask4: no visible global function definition for ‘tkentry’
    guiInputTask4: no visible global function definition for
     ‘tkradiobutton’
    guiInputTask4: no visible global function definition for
     ‘tkgrid.configure’
    guiInputTask4: no visible global function definition for ‘tklistbox’
    guiInputTask4: no visible global function definition for ‘tkinsert’
    guiInputTask4: no visible global function definition for
     ‘tkselection.set’
    guiInputTask4: no visible global function definition for ‘tkbutton’
    guiInputTask4: no visible global function definition for
     ‘tkgrid.forget’
    guiInputTask4 : onCancel: no visible global function definition for
     ‘tkdestroy’
    guiInputTask4: no visible global function definition for ‘tkfocus’
    guiMode: no visible global function definition for ‘tktoplevel’
    guiMode: no visible global function definition for ‘tkwm.title’
    guiMode: no visible global function definition for ‘tklistbox’
    guiMode: no visible global function definition for ‘tkgrid’
    guiMode: no visible global function definition for ‘tklabel’
    guiMode: no visible global function definition for ‘tkinsert’
    guiMode: no visible global function definition for ‘tkselection.set’
    guiMode : OnOKtaskWindow: no visible global function definition for
     ‘tkcurselection’
    guiMode : OnOKtaskWindow: no visible global function definition for
     ‘tkmessageBox’
    guiMode : quitGroupSeq: no visible global function definition for
     ‘tkdestroy’
    guiMode: no visible global function definition for ‘tkbutton’
    guiMode: no visible global function definition for ‘tkfocus’
    guiOutputTask1: no visible global function definition for ‘tktoplevel’
    guiOutputTask1: no visible global function definition for ‘tkwm.title’
    guiOutputTask1: no visible global function definition for ‘tkframe’
    guiOutputTask1: no visible global function definition for ‘tkgrid’
    guiOutputTask1: no visible global function definition for ‘tklabel’
    guiOutputTask1 : onSave: no visible global function definition for
     ‘tclvalue’
    guiOutputTask1 : onSave: no visible global function definition for
     ‘tkgetSaveFile’
    guiOutputTask1 : onCancel: no visible global function definition for
     ‘tkdestroy’
    guiOutputTask1: no visible global function definition for ‘tkbutton’
    guiOutputTask1: no visible global function definition for ‘tkfocus’
    guiOutputTask2: no visible global function definition for ‘tktoplevel’
    guiOutputTask2: no visible global function definition for ‘tkwm.title’
    guiOutputTask2: no visible global function definition for ‘tkframe’
    guiOutputTask2: no visible global function definition for ‘tkgrid’
    guiOutputTask2: no visible global function definition for ‘tklabel’
    guiOutputTask2 : onSave: no visible global function definition for
     ‘tclvalue’
    guiOutputTask2 : onSave: no visible global function definition for
     ‘tkgetSaveFile’
    guiOutputTask2 : onCancel: no visible global function definition for
     ‘tkdestroy’
    guiOutputTask2: no visible global function definition for ‘tkbutton’
    guiOutputTask2: no visible global function definition for ‘tkfocus’
    guiOutputTask3: no visible global function definition for ‘tktoplevel’
    guiOutputTask3: no visible global function definition for ‘tkwm.title’
    guiOutputTask3: no visible global function definition for ‘tkframe’
    guiOutputTask3: no visible global function definition for ‘tkgrid’
    guiOutputTask3: no visible global function definition for ‘tklabel’
    guiOutputTask3 : onSave: no visible global function definition for
     ‘tclvalue’
    guiOutputTask3 : onSave: no visible global function definition for
     ‘tkgetSaveFile’
    guiOutputTask3 : onCancel: no visible global function definition for
     ‘tkdestroy’
    guiOutputTask3: no visible global function definition for ‘tkbutton’
    guiOutputTask3: no visible global function definition for ‘tkfocus’
    guiOutputTask4: no visible global function definition for ‘tktoplevel’
    guiOutputTask4: no visible global function definition for ‘tkwm.title’
    guiOutputTask4: no visible global function definition for ‘tkframe’
    guiOutputTask4: no visible global function definition for ‘tkgrid’
    guiOutputTask4: no visible global function definition for ‘tklabel’
    guiOutputTask4 : onSave: no visible global function definition for
     ‘tclvalue’
    guiOutputTask4 : onSave: no visible global function definition for
     ‘tkgetSaveFile’
    guiOutputTask4 : onCancel: no visible global function definition for
     ‘tkdestroy’
    guiOutputTask4: no visible global function definition for ‘tkbutton’
    guiOutputTask4: no visible global function definition for ‘tkfocus’
Flavors: r-devel-linux-x86_64-debian-clang, r-devel-linux-x86_64-debian-gcc, r-devel-linux-x86_64-fedora-clang, r-devel-linux-x86_64-fedora-gcc, r-devel-osx-x86_64-clang, r-devel-windows-ix86+x86_64, r-patched-linux-x86_64, r-patched-solaris-sparc, r-patched-solaris-x86, r-release-linux-ix86, r-release-linux-x86_64, r-release-osx-x86_64-mavericks, r-release-windows-ix86+x86_64