CRAN Package Check Results for Package GroupSeq

Last updated on 2017-01-17 15:48:15.

Flavor Version Tinstall Tcheck Ttotal Status Flags
r-devel-linux-x86_64-debian-clang 1.3.3 0.79 24.95 25.74 OK
r-devel-linux-x86_64-debian-gcc 1.3.3 0.83 25.76 26.59 OK
r-devel-linux-x86_64-fedora-clang 1.3.3 40.20 OK --no-stop-on-test-error
r-devel-linux-x86_64-fedora-gcc 1.3.3 39.89 OK --no-stop-on-test-error
r-devel-macos-x86_64-clang 1.3.3 37.10 OK --no-stop-on-test-error
r-devel-windows-ix86+x86_64 1.3.3 5.00 43.00 48.00 OK
r-patched-linux-x86_64 1.3.3 0.80 24.54 25.34 OK
r-patched-solaris-sparc 1.3.3 242.80 OK
r-patched-solaris-x86 1.3.3 49.50 OK
r-release-linux-x86_64 1.3.3 0.81 26.54 27.35 OK
r-release-osx-x86_64-mavericks 1.3.3 ERROR
r-release-windows-ix86+x86_64 1.3.3 4.00 42.00 46.00 OK
r-oldrel-windows-ix86+x86_64 1.3.3 4.00 35.00 39.00 OK

Check Details

Version: 1.3.3
Check: whether package can be installed
Result: ERROR
    Installation failed.
Flavor: r-release-osx-x86_64-mavericks