CRAN Package Check Results for Package GroupSeq

Last updated on 2016-09-26 06:47:14.

Flavor Version Tinstall Tcheck Ttotal Status Flags
r-devel-linux-x86_64-debian-clang 1.3.3 0.78 24.97 25.76 OK
r-devel-linux-x86_64-debian-gcc 1.3.3 0.76 24.34 25.10 OK
r-devel-linux-x86_64-fedora-clang 1.3.3 39.76 OK
r-devel-linux-x86_64-fedora-gcc 1.3.3 37.43 OK
r-devel-macos-x86_64-clang 1.3.3 36.07 OK
r-devel-windows-ix86+x86_64 1.3.3 7.00 41.00 48.00 OK
r-patched-linux-x86_64 1.3.3 0.75 24.04 24.79 OK
r-patched-solaris-sparc 1.3.3 240.30 OK
r-patched-solaris-x86 1.3.3 50.50 OK
r-release-linux-x86_64 1.3.3 0.84 25.08 25.91 OK
r-release-osx-x86_64-mavericks 1.3.3 ERROR
r-release-windows-ix86+x86_64 1.3.3 3.00 36.00 39.00 OK
r-oldrel-windows-ix86+x86_64 1.3.3 3.00 30.00 33.00 OK

Check Details

Version: 1.3.3
Check: whether package can be installed
Result: ERROR
    Installation failed.
Flavor: r-release-osx-x86_64-mavericks