CRAN Package Check Results for Package GuardianR

Last updated on 2018-06-22 03:49:29 CEST.

Flavor Version Tinstall Tcheck Ttotal Status Flags
r-devel-linux-x86_64-debian-clang 0.8 1.29 21.94 23.23 ERROR
r-devel-linux-x86_64-debian-gcc 0.8 1.33 19.58 20.91 ERROR
r-devel-linux-x86_64-fedora-clang 0.8 31.08 ERROR
r-devel-linux-x86_64-fedora-gcc 0.8 29.04 ERROR
r-devel-windows-ix86+x86_64 0.8 4.00 49.00 53.00 ERROR
r-patched-linux-x86_64 0.8 1.43 22.43 23.86 ERROR
r-patched-solaris-x86 0.8 45.90 ERROR
r-release-linux-x86_64 0.8 0.99 22.31 23.30 ERROR
r-release-windows-ix86+x86_64 0.8 3.00 36.00 39.00 OK
r-release-osx-x86_64 0.8 OK
r-oldrel-windows-ix86+x86_64 0.8 4.00 49.00 53.00 OK
r-oldrel-osx-x86_64 0.8 OK

Check Details

Version: 0.8
Check: examples
Result: ERROR
    Running examples in ‘GuardianR-Ex.R’ failed
    The error most likely occurred in:
    
    > base::assign(".ptime", proc.time(), pos = "CheckExEnv")
    > ### Name: get_guardian
    > ### Title: Search Guardian API for news articles that match the criteria
    > ### Aliases: get_guardian
    > ### Keywords: IO utilities
    >
    > ### ** Examples
    >
    > ## Not run:
    > results <- get_guardian("islamic+state",
    + section="world",
    + from.date="2014-09-16",
    + to.date="2014-09-16",
    + api.key="3xzg2fk53jcdgaj5tbwqqhcz")
    Error in get_json(keywords, section, format, from.date, to.date, api.key) :
     !is.null(this.api.response) is not TRUE
    Calls: get_guardian -> get_json -> stopifnot
    Execution halted
Flavors: r-devel-linux-x86_64-debian-clang, r-devel-linux-x86_64-debian-gcc, r-patched-linux-x86_64, r-release-linux-x86_64

Version: 0.8
Check: examples
Result: ERROR
    Running examples in ‘GuardianR-Ex.R’ failed
    The error most likely occurred in:
    
    > ### Name: get_guardian
    > ### Title: Search Guardian API for news articles that match the criteria
    > ### Aliases: get_guardian
    > ### Keywords: IO utilities
    >
    > ### ** Examples
    >
    > ## Not run:
    > results <- get_guardian("islamic+state",
    + section="world",
    + from.date="2014-09-16",
    + to.date="2014-09-16",
    + api.key="3xzg2fk53jcdgaj5tbwqqhcz")
    Error in get_json(keywords, section, format, from.date, to.date, api.key) :
     !is.null(this.api.response) is not TRUE
    Calls: get_guardian -> get_json -> stopifnot
    Execution halted
Flavors: r-devel-linux-x86_64-fedora-clang, r-devel-linux-x86_64-fedora-gcc, r-patched-solaris-x86

Version: 0.8
Check: examples
Result: ERROR
    Running examples in 'GuardianR-Ex.R' failed
    The error most likely occurred in:
    
    > ### Name: get_guardian
    > ### Title: Search Guardian API for news articles that match the criteria
    > ### Aliases: get_guardian
    > ### Keywords: IO utilities
    >
    > ### ** Examples
    >
    > ## Not run:
    > results <- get_guardian("islamic+state",
    + section="world",
    + from.date="2014-09-16",
    + to.date="2014-09-16",
    + api.key="3xzg2fk53jcdgaj5tbwqqhcz")
    trying URL 'https://curl.haxx.se/ca/cacert.pem'
    Content type 'application/x-pem-file' length 215556 bytes (210 KB)
    ==================================================
    downloaded 210 KB
    
    Error in get_json(keywords, section, format, from.date, to.date, api.key) :
     !is.null(this.api.response) is not TRUE
    Calls: get_guardian -> get_json -> stopifnot
    Execution halted
Flavor: r-devel-windows-ix86+x86_64