CRAN Package Check Results for Package GuardianR

Last updated on 2018-02-22 10:47:25 CET.

Flavor Version Tinstall Tcheck Ttotal Status Flags
r-devel-linux-x86_64-debian-clang 0.8 1.29 20.82 22.11 OK
r-devel-linux-x86_64-debian-gcc 0.8 1.19 18.12 19.31 OK
r-devel-linux-x86_64-fedora-clang 0.8 28.39 OK
r-devel-linux-x86_64-fedora-gcc 0.8 27.45 OK
r-devel-windows-ix86+x86_64 0.8 5.00 48.00 53.00 ERROR
r-patched-linux-x86_64 0.8 1.16 21.71 22.87 OK
r-patched-solaris-x86 0.8 41.20 OK
r-release-linux-x86_64 0.8 1.30 21.83 23.13 OK
r-release-windows-ix86+x86_64 0.8 3.00 46.00 49.00 ERROR
r-release-osx-x86_64 0.8 OK
r-oldrel-windows-ix86+x86_64 0.8 3.00 31.00 34.00 ERROR
r-oldrel-osx-x86_64 0.8 OK

Check Details

Version: 0.8
Check: examples
Result: ERROR
    Running examples in 'GuardianR-Ex.R' failed
    The error most likely occurred in:
    
    > ### Name: get_guardian
    > ### Title: Search Guardian API for news articles that match the criteria
    > ### Aliases: get_guardian
    > ### Keywords: IO utilities
    >
    > ### ** Examples
    >
    > ## Not run:
    > results <- get_guardian("islamic+state",
    + section="world",
    + from.date="2014-09-16",
    + to.date="2014-09-16",
    + api.key="3xzg2fk53jcdgaj5tbwqqhcz")
    trying URL 'https://curl.haxx.se/ca/cacert.pem'
    Warning in download.file(url = "https://curl.haxx.se/ca/cacert.pem", destfile = "cacert.perm") :
     InternetOpenUrl failed: 'Die Serververbindung konnte nicht hergestellt werden.'
    Error in download.file(url = "https://curl.haxx.se/ca/cacert.pem", destfile = "cacert.perm") :
     cannot open URL 'https://curl.haxx.se/ca/cacert.pem'
    Calls: get_guardian -> get_json -> download.file
    Execution halted
Flavors: r-devel-windows-ix86+x86_64, r-release-windows-ix86+x86_64, r-oldrel-windows-ix86+x86_64