CRAN Package Check Results for Package GuardianR

Last updated on 2017-09-22 02:47:33.

Flavor Version Tinstall Tcheck Ttotal Status Flags
r-devel-linux-x86_64-debian-clang 0.8 0.86 15.53 16.39 OK
r-devel-linux-x86_64-debian-gcc 0.8 0.92 15.15 16.06 OK
r-devel-linux-x86_64-fedora-clang 0.8 27.68 OK
r-devel-linux-x86_64-fedora-gcc 0.8 26.47 OK
r-devel-windows-ix86+x86_64 0.8 3.00 31.00 34.00 ERROR
r-patched-linux-x86_64 0.8 0.87 15.25 16.12 OK
r-patched-solaris-x86 0.8 40.20 OK
r-release-linux-x86_64 0.8 0.86 15.43 16.28 OK
r-release-windows-ix86+x86_64 0.8 3.00 34.00 37.00 ERROR
r-release-osx-x86_64 0.8 OK
r-oldrel-windows-ix86+x86_64 0.8 5.00 38.00 43.00 ERROR
r-oldrel-osx-x86_64 0.8 OK

Check Details

Version: 0.8
Check: examples
Result: ERROR
    Running examples in 'GuardianR-Ex.R' failed
    The error most likely occurred in:
    
    > ### Name: get_guardian
    > ### Title: Search Guardian API for news articles that match the criteria
    > ### Aliases: get_guardian
    > ### Keywords: IO utilities
    >
    > ### ** Examples
    >
    > ## Not run:
    > results <- get_guardian("islamic+state",
    + section="world",
    + from.date="2014-09-16",
    + to.date="2014-09-16",
    + api.key="3xzg2fk53jcdgaj5tbwqqhcz")
    trying URL 'https://curl.haxx.se/ca/cacert.pem'
    Warning in download.file(url = "https://curl.haxx.se/ca/cacert.pem", destfile = "cacert.perm") :
     InternetOpenUrl failed: 'Die Serververbindung konnte nicht hergestellt werden.'
    Error in download.file(url = "https://curl.haxx.se/ca/cacert.pem", destfile = "cacert.perm") :
     cannot open URL 'https://curl.haxx.se/ca/cacert.pem'
    Calls: get_guardian -> get_json -> download.file
    Execution halted
Flavors: r-devel-windows-ix86+x86_64, r-release-windows-ix86+x86_64, r-oldrel-windows-ix86+x86_64