CRAN Package Check Results for Package GuardianR

Last updated on 2015-03-03 05:46:55.

Flavor Version Tinstall Tcheck Ttotal Status Flags
r-devel-linux-x86_64-debian-clang 0.5 1.08 14.61 15.70 NOTE
r-devel-linux-x86_64-debian-gcc 0.5 0.78 14.13 14.92 NOTE
r-devel-linux-x86_64-fedora-clang 0.5 28.22 NOTE
r-devel-linux-x86_64-fedora-gcc 0.5 27.04 NOTE
r-devel-osx-x86_64-clang 0.5 31.83 NOTE
r-devel-windows-ix86+x86_64 0.5 3.00 23.00 26.00 NOTE
r-patched-linux-x86_64 0.5 1.11 17.10 18.21 OK
r-patched-solaris-sparc 0.5 202.40 OK
r-patched-solaris-x86 0.5 47.70 OK
r-release-linux-ix86 0.5 1.28 23.89 25.18 OK
r-release-linux-x86_64 0.5 1.04 16.69 17.73 OK
r-release-osx-x86_64-mavericks 0.5 OK
r-release-osx-x86_64-snowleopard 0.5 OK
r-release-windows-ix86+x86_64 0.5 4.00 27.00 31.00 OK
r-oldrel-windows-ix86+x86_64 0.5 4.00 31.00 35.00 OK

Check Details

Version: 0.5
Check: DESCRIPTION meta-information
Result: NOTE
    Malformed Description field: should contain one or more complete sentences.
Flavors: r-devel-linux-x86_64-debian-clang, r-devel-linux-x86_64-debian-gcc, r-devel-linux-x86_64-fedora-clang, r-devel-linux-x86_64-fedora-gcc, r-devel-osx-x86_64-clang, r-devel-windows-ix86+x86_64