CRAN Package Check Results for Package GuardianR

Last updated on 2015-05-27 06:46:47.

Flavor Version Tinstall Tcheck Ttotal Status Flags
r-devel-linux-x86_64-debian-clang 0.5 0.81 15.01 15.82 NOTE
r-devel-linux-x86_64-debian-gcc 0.5 0.78 15.71 16.49 NOTE
r-devel-linux-x86_64-fedora-clang 0.5 28.68 NOTE
r-devel-linux-x86_64-fedora-gcc 0.5 25.98 NOTE
r-devel-osx-x86_64-clang 0.5 31.23 NOTE
r-devel-windows-ix86+x86_64 0.5 4.00 25.00 29.00 NOTE
r-patched-linux-x86_64 0.5 0.79 14.75 15.54 NOTE
r-patched-solaris-sparc 0.5 166.40 NOTE
r-patched-solaris-x86 0.5 39.50 NOTE
r-release-linux-x86_64 0.5 0.79 14.55 15.34 NOTE
r-release-osx-x86_64-mavericks 0.5 NOTE
r-release-osx-x86_64-snowleopard 0.5 NOTE
r-release-windows-ix86+x86_64 0.5 3.00 24.00 27.00 NOTE
r-oldrel-windows-ix86+x86_64 0.5 4.00 29.00 33.00 OK

Check Details

Version: 0.5
Check: DESCRIPTION meta-information
Result: NOTE
    Malformed Description field: should contain one or more complete sentences.
Flavors: r-devel-linux-x86_64-debian-clang, r-devel-linux-x86_64-debian-gcc, r-devel-linux-x86_64-fedora-clang, r-devel-linux-x86_64-fedora-gcc, r-devel-osx-x86_64-clang, r-devel-windows-ix86+x86_64, r-patched-linux-x86_64, r-patched-solaris-sparc, r-patched-solaris-x86, r-release-linux-x86_64, r-release-osx-x86_64-mavericks, r-release-osx-x86_64-snowleopard, r-release-windows-ix86+x86_64