CRAN Package Check Results for Package GuardianR

Last updated on 2016-05-01 03:48:46.

Flavor Version Tinstall Tcheck Ttotal Status Flags
r-devel-linux-x86_64-debian-gcc 0.6 0.78 13.23 14.00 OK
r-devel-linux-x86_64-fedora-clang 0.6 22.91 OK
r-devel-linux-x86_64-fedora-gcc 0.6 21.55 OK
r-devel-osx-x86_64-clang 0.6 26.16 OK
r-devel-windows-ix86+x86_64 0.6 4.00 33.00 37.00 OK
r-patched-linux-x86_64 0.6 0.90 12.54 13.44 OK
r-patched-solaris-sparc 0.6 137.40 OK
r-patched-solaris-x86 0.6 32.30 OK
r-release-linux-x86_64 0.6 0.97 13.91 14.88 OK
r-release-osx-x86_64-mavericks 0.6 OK
r-release-windows-ix86+x86_64 0.6 9.00 71.00 80.00 OK
r-oldrel-windows-ix86+x86_64 0.6 7.00 45.00 52.00 ERROR

Check Details

Version: 0.6
Check: examples
Result: ERROR
    Running examples in 'GuardianR-Ex.R' failed
    The error most likely occurred in:
    
    > ### Name: get_guardian
    > ### Title: Search Guardian API for news articles that match the criteria
    > ### Aliases: get_guardian
    > ### Keywords: IO utilities
    >
    > ### ** Examples
    >
    > ## Not run:
    > results <- get_guardian("islamic+state",
    + from.date="2014-09-16",
    + to.date="2014-09-16",
    + api.key="3xzg2fk53jcdgaj5tbwqqhcz")
    Error in download.file(url = "https://curl.haxx.se/ca/cacert.pem", destfile = "cacert.perm") :
     unsupported URL scheme
    Calls: get_guardian -> get_json -> download.file
    Execution halted
Flavor: r-oldrel-windows-ix86+x86_64