CRAN Package Check Results for Package GuardianR

Last updated on 2015-04-19 10:51:50.

Flavor Version Tinstall Tcheck Ttotal Status Flags
r-devel-linux-x86_64-debian-clang 0.5 0.87 14.76 15.63 NOTE
r-devel-linux-x86_64-debian-gcc 0.5 0.79 14.48 15.27 NOTE
r-devel-linux-x86_64-fedora-clang 0.5 28.19 NOTE
r-devel-linux-x86_64-fedora-gcc 0.5 30.36 NOTE
r-devel-osx-x86_64-clang 0.5 32.28 NOTE
r-devel-windows-ix86+x86_64 0.5 5.00 44.00 49.00 NOTE
r-patched-linux-x86_64 0.5 0.80 14.65 15.45 NOTE
r-patched-solaris-sparc 0.5 173.40 NOTE
r-patched-solaris-x86 0.5 38.90 NOTE
r-release-linux-x86_64 0.5 0.80 14.43 15.22 NOTE
r-release-osx-x86_64-mavericks 0.5 NOTE
r-release-osx-x86_64-snowleopard 0.5 NOTE
r-release-windows-ix86+x86_64 0.5 3.00 27.00 30.00 NOTE
r-oldrel-windows-ix86+x86_64 0.5 4.00 29.00 33.00 OK

Check Details

Version: 0.5
Check: DESCRIPTION meta-information
Result: NOTE
    Malformed Description field: should contain one or more complete sentences.
Flavors: r-devel-linux-x86_64-debian-clang, r-devel-linux-x86_64-debian-gcc, r-devel-linux-x86_64-fedora-clang, r-devel-linux-x86_64-fedora-gcc, r-devel-osx-x86_64-clang, r-devel-windows-ix86+x86_64, r-patched-linux-x86_64, r-patched-solaris-sparc, r-patched-solaris-x86, r-release-linux-x86_64, r-release-osx-x86_64-mavericks, r-release-osx-x86_64-snowleopard, r-release-windows-ix86+x86_64