CRAN Package Check Results for Package GuardianR

Last updated on 2015-07-30 17:47:13.

Flavor Version Tinstall Tcheck Ttotal Status Flags
r-devel-linux-x86_64-debian-clang 0.5 0.79 14.85 15.64 NOTE
r-devel-linux-x86_64-debian-gcc 0.5 0.77 14.39 15.16 NOTE
r-devel-linux-x86_64-fedora-clang 0.5 27.95 NOTE
r-devel-linux-x86_64-fedora-gcc 0.5 26.30 NOTE
r-devel-osx-x86_64-clang 0.5 29.20 NOTE
r-devel-windows-ix86+x86_64 0.5 4.00 22.00 26.00 NOTE
r-patched-linux-x86_64 0.5 0.81 14.26 15.08 NOTE
r-patched-solaris-sparc 0.5 178.40 NOTE
r-patched-solaris-x86 0.5 40.80 NOTE
r-release-linux-x86_64 0.5 0.85 14.30 15.16 NOTE
r-release-osx-x86_64-mavericks 0.5 NOTE
r-release-windows-ix86+x86_64 0.5 4.00 22.00 26.00 NOTE
r-oldrel-windows-ix86+x86_64 0.5 5.00 26.00 31.00 OK

Check Details

Version: 0.5
Check: DESCRIPTION meta-information
Result: NOTE
    Malformed Description field: should contain one or more complete sentences.
Flavors: r-devel-linux-x86_64-debian-clang, r-devel-linux-x86_64-debian-gcc, r-devel-linux-x86_64-fedora-clang, r-devel-linux-x86_64-fedora-gcc, r-devel-osx-x86_64-clang, r-devel-windows-ix86+x86_64, r-patched-linux-x86_64, r-patched-solaris-sparc, r-patched-solaris-x86, r-release-linux-x86_64, r-release-osx-x86_64-mavericks, r-release-windows-ix86+x86_64

Version: 0.5
Check: R code for possible problems
Result: NOTE
    get_json: no visible global function definition for ‘download.file’
    Undefined global functions or variables:
     download.file
    Consider adding
     importFrom("utils", "download.file")
    to your NAMESPACE.
Flavors: r-devel-linux-x86_64-debian-clang, r-devel-linux-x86_64-debian-gcc, r-devel-linux-x86_64-fedora-clang, r-devel-linux-x86_64-fedora-gcc, r-devel-windows-ix86+x86_64