CRAN Package Check Results for Package GuardianR

Last updated on 2014-09-30 11:48:24.

Flavor Version Tinstall Tcheck Ttotal Status Flags
r-devel-linux-x86_64-debian-clang 0.5 1.00 17.62 18.62 ERROR
r-devel-linux-x86_64-debian-gcc 0.5 0.96 15.68 16.64 OK
r-devel-linux-x86_64-fedora-clang 0.5 32.30 OK
r-devel-linux-x86_64-fedora-gcc 0.5 31.77 OK
r-devel-osx-x86_64-clang 0.5 32.18 OK
r-devel-windows-ix86+x86_64 0.5 4.00 27.00 31.00 OK
r-patched-linux-x86_64 0.5 1.03 16.58 17.60 OK
r-patched-solaris-sparc 0.5 174.10 OK
r-patched-solaris-x86 0.5 46.30 OK
r-release-linux-ix86 0.5 1.33 22.70 24.03 OK
r-release-linux-x86_64 0.5 1.13 16.71 17.84 OK
r-release-osx-x86_64-mavericks 0.5 OK
r-release-osx-x86_64-snowleopard 0.5 OK
r-release-windows-ix86+x86_64 0.5 4.00 30.00 34.00 OK
r-oldrel-windows-ix86+x86_64 0.5 5.00 32.00 37.00 OK

Check Details

Version: 0.5
Check: examples
Result: ERROR
    Running examples in ‘GuardianR-Ex.R’ failed
    The error most likely occurred in:
    
    > ### Name: get_guardian
    > ### Title: Search Guardian API for news articles that match the criteria
    > ### Aliases: get_guardian
    > ### Keywords: IO utilities
    >
    > ### ** Examples
    >
    > ## Not run:
    > results <- get_guardian("islamic+state",
    + from.date="2014-09-16",
    + to.date="2014-09-16",
    + api.key="3xzg2fk53jcdgaj5tbwqqhcz")
    Error in if (this.api.response$total == 0) { : argument is of length zero
    Calls: get_guardian -> get_json
    Execution halted
Flavor: r-devel-linux-x86_64-debian-clang