CRAN Package Check Results for Package GuardianR

Last updated on 2015-09-04 23:56:11.

Flavor Version Tinstall Tcheck Ttotal Status Flags
r-devel-linux-x86_64-debian-clang 0.5 0.90 14.12 15.02 NOTE
r-devel-linux-x86_64-debian-gcc 0.5 0.80 14.09 14.89 NOTE
r-devel-linux-x86_64-fedora-clang 0.5 26.99 NOTE
r-devel-linux-x86_64-fedora-gcc 0.5 25.19 NOTE
r-devel-osx-x86_64-clang 0.5 25.63 NOTE
r-devel-windows-ix86+x86_64 0.5 3.00 27.00 30.00 NOTE
r-patched-linux-x86_64 0.5 0.88 14.43 15.31 NOTE
r-patched-solaris-sparc 0.5 178.40 NOTE
r-patched-solaris-x86 0.5 40.80 NOTE
r-release-linux-x86_64 0.5 0.80 14.78 15.58 NOTE
r-release-osx-x86_64-mavericks 0.5 NOTE
r-release-windows-ix86+x86_64 0.5 3.00 36.00 39.00 NOTE
r-oldrel-windows-ix86+x86_64 0.5 5.00 26.00 31.00 OK

Check Details

Version: 0.5
Check: DESCRIPTION meta-information
Result: NOTE
    Malformed Description field: should contain one or more complete sentences.
Flavors: r-devel-linux-x86_64-debian-clang, r-devel-linux-x86_64-debian-gcc, r-devel-linux-x86_64-fedora-clang, r-devel-linux-x86_64-fedora-gcc, r-devel-osx-x86_64-clang, r-devel-windows-ix86+x86_64, r-patched-linux-x86_64, r-patched-solaris-sparc, r-patched-solaris-x86, r-release-linux-x86_64, r-release-osx-x86_64-mavericks, r-release-windows-ix86+x86_64

Version: 0.5
Check: R code for possible problems
Result: NOTE
    get_json: no visible global function definition for ‘download.file’
    Undefined global functions or variables:
     download.file
    Consider adding
     importFrom("utils", "download.file")
    to your NAMESPACE.
Flavors: r-devel-linux-x86_64-debian-clang, r-devel-linux-x86_64-debian-gcc, r-devel-linux-x86_64-fedora-clang, r-devel-linux-x86_64-fedora-gcc, r-devel-windows-ix86+x86_64