CRAN Package Check Results for Package GuardianR

Last updated on 2016-02-10 09:47:23.

Flavor Version Tinstall Tcheck Ttotal Status Flags
r-devel-linux-x86_64-debian-gcc 0.5 0.78 12.06 12.85 NOTE
r-devel-linux-x86_64-fedora-clang 0.5 22.60 NOTE
r-devel-linux-x86_64-fedora-gcc 0.5 21.43 NOTE
r-devel-osx-x86_64-clang 0.5 26.33 NOTE
r-devel-windows-ix86+x86_64 0.5 5.00 24.00 29.00 ERROR
r-patched-linux-x86_64 0.5 0.95 13.37 14.32 NOTE
r-patched-solaris-sparc 0.5 150.80 NOTE
r-patched-solaris-x86 0.5 34.50 NOTE
r-release-linux-x86_64 0.5 0.96 13.42 14.38 NOTE
r-release-osx-x86_64-mavericks 0.5 NOTE
r-release-windows-ix86+x86_64 0.5 3.00 23.00 26.00 NOTE
r-oldrel-windows-ix86+x86_64 0.5 5.00 26.00 31.00 OK

Check Details

Version: 0.5
Check: DESCRIPTION meta-information
Result: NOTE
    Malformed Description field: should contain one or more complete sentences.
Flavors: r-devel-linux-x86_64-debian-gcc, r-devel-linux-x86_64-fedora-clang, r-devel-linux-x86_64-fedora-gcc, r-devel-osx-x86_64-clang, r-devel-windows-ix86+x86_64, r-patched-linux-x86_64, r-patched-solaris-sparc, r-patched-solaris-x86, r-release-linux-x86_64, r-release-osx-x86_64-mavericks, r-release-windows-ix86+x86_64

Version: 0.5
Check: R code for possible problems
Result: NOTE
    get_json: no visible global function definition for ‘download.file’
    Undefined global functions or variables:
     download.file
    Consider adding
     importFrom("utils", "download.file")
    to your NAMESPACE file.
Flavors: r-devel-linux-x86_64-debian-gcc, r-devel-linux-x86_64-fedora-clang, r-devel-linux-x86_64-fedora-gcc, r-devel-osx-x86_64-clang, r-devel-windows-ix86+x86_64

Version: 0.5
Check: examples
Result: ERROR
    Running examples in 'GuardianR-Ex.R' failed
    The error most likely occurred in:
    
    > ### Name: get_guardian
    > ### Title: Search Guardian API for news articles that match the criteria
    > ### Aliases: get_guardian
    > ### Keywords: IO utilities
    >
    > ### ** Examples
    >
    > ## Not run:
    > results <- get_guardian("islamic+state",
    + from.date="2014-09-16",
    + to.date="2014-09-16",
    + api.key="3xzg2fk53jcdgaj5tbwqqhcz")
    trying URL 'http://curl.haxx.se/ca/cacert.pem'
    Warning in download.file(url = "http://curl.haxx.se/ca/cacert.pem", destfile = "cacert.perm") :
     InternetOpenUrl failed: 'Eine Umleitungsanforderung ändert eine nicht sichere in eine sichere Verbindung.'
    Error in download.file(url = "http://curl.haxx.se/ca/cacert.pem", destfile = "cacert.perm") :
     cannot open URL 'http://curl.haxx.se/ca/cacert.pem'
    Calls: get_guardian -> get_json -> download.file
    Execution halted
Flavor: r-devel-windows-ix86+x86_64