CRAN Package Check Results for Package Guerry

Last updated on 2015-05-30 06:46:44.

Flavor Version Tinstall Tcheck Ttotal Status Flags
r-devel-linux-x86_64-debian-clang 1.6-1 0.80 8.92 9.72 OK
r-devel-linux-x86_64-debian-gcc 1.6-1 0.82 8.68 9.50 OK
r-devel-linux-x86_64-fedora-clang 1.6-1 21.53 OK
r-devel-linux-x86_64-fedora-gcc 1.6-1 19.25 OK
r-devel-osx-x86_64-clang 1.6-1 23.85 OK
r-devel-windows-ix86+x86_64 1.6-1 3.00 17.00 20.00 OK
r-patched-linux-x86_64 1.6-1 0.80 9.04 9.84 OK
r-patched-solaris-sparc 1.6-1 119.00 OK
r-patched-solaris-x86 1.6-1 27.60 OK
r-release-linux-x86_64 1.6-1 0.85 9.32 10.18 OK
r-release-osx-x86_64-mavericks 1.6-1 OK
r-release-osx-x86_64-snowleopard 1.6-1 NOTE
r-release-windows-ix86+x86_64 1.6-1 3.00 18.00 21.00 OK
r-oldrel-windows-ix86+x86_64 1.6-1 3.00 18.00 21.00 OK

Check Details

Version: 1.6-1
Check: package dependencies
Result: NOTE
    Package suggested but not available for checking: ‘spdep’
Flavor: r-release-osx-x86_64-snowleopard