CRAN Package Check Results for Package Guerry

Last updated on 2014-09-19 13:46:50.

Flavor Version Tinstall Tcheck Ttotal Status Flags
r-devel-linux-x86_64-debian-clang 1.5-0 1.44 28.65 30.09 NOTE
r-devel-linux-x86_64-debian-gcc 1.5-0 1.32 27.76 29.08 NOTE
r-devel-windows-ix86+x86_64 1.5-0 5.00 38.00 43.00 NOTE
r-patched-linux-x86_64 1.5-0 1.44 31.79 33.23 NOTE
r-release-linux-ix86 1.5-0 2.08 38.00 40.08 NOTE
r-release-linux-x86_64 1.5-0 1.57 32.03 33.60 NOTE
r-release-osx-x86_64-mavericks 1.5-0 NOTE
r-release-osx-x86_64-snowleopard 1.5-0 WARN
r-release-windows-ix86+x86_64 1.5-0 5.00 44.00 49.00 NOTE

Check Details

Version: 1.5-0
Check: package dependencies
Result: NOTE
    Package suggested but not available for checking: ‘spacemakeR’
Flavors: r-devel-linux-x86_64-debian-clang, r-devel-linux-x86_64-debian-gcc, r-devel-windows-ix86+x86_64, r-patched-linux-x86_64, r-release-linux-ix86, r-release-linux-x86_64, r-release-osx-x86_64-snowleopard, r-release-windows-ix86+x86_64

Version: 1.5-0
Check: dependencies in R code
Result: NOTE
    'library' or 'require' call to ‘shapefiles’ which was already attached by Depends.
     Please remove these calls from your code.
    Packages in Depends field not imported from:
     ‘shapefiles’ ‘sp’
     These packages need to be imported from (in the NAMESPACE file)
     for when this namespace is loaded but not attached.
    See the information on DESCRIPTION files in the chapter ‘Creating R
    packages’ of the ‘Writing R Extensions’ manual.
Flavors: r-devel-linux-x86_64-debian-clang, r-devel-linux-x86_64-debian-gcc, r-devel-windows-ix86+x86_64, r-patched-linux-x86_64, r-release-linux-ix86, r-release-linux-x86_64, r-release-osx-x86_64-mavericks, r-release-windows-ix86+x86_64

Version: 1.5-0
Check: R code for possible problems
Result: NOTE
    thinnedSpatialPoly: no visible global function definition for ‘bbox’
    thinnedSpatialPoly: no visible global function definition for ‘dp’
    thinnedSpatialPoly: no visible global function definition for ‘Polygon’
    thinnedSpatialPoly: no visible global function definition for
     ‘Polygons’
    thinnedSpatialPoly: no visible global function definition for
     ‘SpatialPolygons’
    thinnedSpatialPoly: no visible global function definition for
     ‘SpatialPolygonsDataFrame’
Flavors: r-devel-linux-x86_64-debian-clang, r-devel-linux-x86_64-debian-gcc, r-devel-windows-ix86+x86_64

Version: 1.5-0
Check: for old-style vignette sources
Result: NOTE
    Vignette sources only in ‘inst/doc’:
     ‘MultiSpat.Rnw’
    A ‘vignettes’ directory is required as from R 3.1.0
    and these will not be indexed nor checked
Flavors: r-devel-linux-x86_64-debian-clang, r-devel-linux-x86_64-debian-gcc, r-devel-windows-ix86+x86_64, r-patched-linux-x86_64, r-release-linux-ix86, r-release-linux-x86_64, r-release-osx-x86_64-mavericks, r-release-osx-x86_64-snowleopard, r-release-windows-ix86+x86_64

Version: 1.5-0
Check: package dependencies
Result: NOTE
    Packages suggested but not available for checking:
     ‘spdep’ ‘maptools’ ‘spacemakeR’
Flavor: r-release-osx-x86_64-mavericks

Version: 1.5-0
Check: dependencies in R code
Result: NOTE
    'library' or 'require' call to 'shapefiles' which was already attached by Depends.
     Please remove these calls from your code.
    See the information on DESCRIPTION files in the chapter 'Creating R
    packages' of the 'Writing R Extensions' manual.
Flavor: r-release-osx-x86_64-snowleopard

Version: 1.5-0
Check: examples
Result: WARN
    checking a package with encoding 'latin1' in an ASCII locale
    
     OK
Flavor: r-release-osx-x86_64-snowleopard