CRAN Package Check Results for Package Guerry

Last updated on 2014-08-20 06:48:13.

Flavor Version Tinstall Tcheck Ttotal Status Flags
r-devel-linux-x86_64-debian-clang 1.5-0 1.38 26.83 28.22 NOTE
r-devel-linux-x86_64-debian-gcc 1.5-0 1.36 26.78 28.14 NOTE
r-devel-linux-x86_64-fedora-clang 1.5-0 64.73 NOTE
r-devel-linux-x86_64-fedora-gcc 1.5-0 60.06 NOTE
r-devel-osx-x86_64-clang 1.5-0 47.45 NOTE
r-devel-windows-ix86+x86_64 1.5-0 4.00 41.00 45.00 NOTE
r-patched-linux-x86_64 1.5-0 1.41 27.89 29.30 NOTE
r-patched-solaris-sparc 1.5-0 336.80 NOTE
r-patched-solaris-x86 1.5-0 90.40 NOTE
r-release-linux-ix86 1.5-0 2.06 37.83 39.89 NOTE
r-release-linux-x86_64 1.5-0 1.55 28.80 30.35 NOTE
r-release-osx-x86_64-mavericks 1.5-0 NOTE
r-release-osx-x86_64-snowleopard 1.5-0 WARN
r-release-windows-ix86+x86_64 1.5-0 5.00 45.00 50.00 NOTE
r-oldrel-windows-ix86+x86_64 1.5-0 6.00 46.00 52.00 NOTE

Check Details

Version: 1.5-0
Check: package dependencies
Result: NOTE
    Package suggested but not available for checking: ‘spacemakeR’
Flavors: r-devel-linux-x86_64-debian-clang, r-devel-linux-x86_64-debian-gcc, r-devel-linux-x86_64-fedora-clang, r-devel-linux-x86_64-fedora-gcc, r-devel-osx-x86_64-clang, r-devel-windows-ix86+x86_64, r-patched-linux-x86_64, r-patched-solaris-sparc, r-patched-solaris-x86, r-release-linux-ix86, r-release-linux-x86_64, r-release-osx-x86_64-snowleopard, r-release-windows-ix86+x86_64, r-oldrel-windows-ix86+x86_64

Version: 1.5-0
Check: dependencies in R code
Result: NOTE
    'library' or 'require' call to ‘shapefiles’ which was already attached by Depends.
     Please remove these calls from your code.
    Packages in Depends field not imported from:
     ‘shapefiles’ ‘sp’
     These packages need to be imported from (in the NAMESPACE file)
     for when this namespace is loaded but not attached.
    See the information on DESCRIPTION files in the chapter ‘Creating R
    packages’ of the ‘Writing R Extensions’ manual.
Flavors: r-devel-linux-x86_64-debian-clang, r-devel-linux-x86_64-debian-gcc, r-devel-linux-x86_64-fedora-clang, r-devel-linux-x86_64-fedora-gcc, r-devel-osx-x86_64-clang, r-devel-windows-ix86+x86_64, r-patched-linux-x86_64, r-patched-solaris-sparc, r-patched-solaris-x86, r-release-linux-ix86, r-release-linux-x86_64, r-release-osx-x86_64-mavericks, r-release-windows-ix86+x86_64, r-oldrel-windows-ix86+x86_64

Version: 1.5-0
Check: for old-style vignette sources
Result: NOTE
    Vignette sources only in ‘inst/doc’:
     ‘MultiSpat.Rnw’
    A ‘vignettes’ directory is required as from R 3.1.0
    and these will not be indexed nor checked
Flavors: r-devel-linux-x86_64-debian-clang, r-devel-linux-x86_64-debian-gcc, r-devel-linux-x86_64-fedora-clang, r-devel-linux-x86_64-fedora-gcc, r-devel-osx-x86_64-clang, r-devel-windows-ix86+x86_64, r-patched-linux-x86_64, r-patched-solaris-sparc, r-patched-solaris-x86, r-release-linux-ix86, r-release-linux-x86_64, r-release-osx-x86_64-mavericks, r-release-osx-x86_64-snowleopard, r-release-windows-ix86+x86_64

Version: 1.5-0
Check: R code for possible problems
Result: NOTE
    thinnedSpatialPoly: no visible global function definition for ‘bbox’
    thinnedSpatialPoly: no visible global function definition for ‘dp’
    thinnedSpatialPoly: no visible global function definition for ‘Polygon’
    thinnedSpatialPoly: no visible global function definition for
     ‘Polygons’
    thinnedSpatialPoly: no visible global function definition for
     ‘SpatialPolygons’
    thinnedSpatialPoly: no visible global function definition for
     ‘SpatialPolygonsDataFrame’
Flavors: r-devel-linux-x86_64-fedora-clang, r-devel-linux-x86_64-fedora-gcc, r-devel-osx-x86_64-clang

Version: 1.5-0
Check: package dependencies
Result: NOTE
    Packages suggested but not available for checking:
     ‘spdep’ ‘maptools’ ‘spacemakeR’
Flavor: r-release-osx-x86_64-mavericks

Version: 1.5-0
Check: dependencies in R code
Result: NOTE
    'library' or 'require' call to 'shapefiles' which was already attached by Depends.
     Please remove these calls from your code.
    See the information on DESCRIPTION files in the chapter 'Creating R
    packages' of the 'Writing R Extensions' manual.
Flavor: r-release-osx-x86_64-snowleopard

Version: 1.5-0
Check: examples
Result: WARNING
    checking a package with encoding 'latin1' in an ASCII locale
    
     OK
Flavor: r-release-osx-x86_64-snowleopard

Version: 1.5-0
Check: for old-style vignette sources
Result: NOTE
    Vignette sources only in 'inst/doc':
     'MultiSpat.Rnw'
    A 'vignettes' directory will be required as from R 3.1.0
Flavor: r-oldrel-windows-ix86+x86_64