CRAN Package Check Results for Package Guerry

Last updated on 2014-04-24 19:53:59.

Flavor Version Tinstall Tcheck Ttotal Status Flags
r-devel-linux-x86_64-debian-clang 1.5-0 1.64 29.50 31.14 NOTE
r-devel-linux-x86_64-debian-gcc 1.5-0 1.61 29.66 31.27 NOTE
r-devel-linux-x86_64-fedora-clang 1.5-0 71.47 NOTE
r-devel-linux-x86_64-fedora-gcc 1.5-0 68.58 NOTE
r-devel-osx-x86_64-clang 1.5-0 56.16 NOTE
r-devel-osx-x86_64-gcc 1.5-0 NOTE
r-devel-windows-ix86+x86_64 1.5-0 5.00 44.00 49.00 NOTE
r-patched-linux-x86_64 1.5-0 1.52 28.63 30.14 NOTE
r-patched-solaris-sparc 1.5-0 340.20 NOTE
r-patched-solaris-x86 1.5-0 87.40 NOTE
r-release-linux-ix86 1.5-0 3.00 51.00 54.00 NOTE
r-release-linux-x86_64 1.5-0 1.49 28.96 30.45 NOTE
r-release-osx-x86_64-mavericks 1.5-0 WARN
r-release-osx-x86_64-snowleopard 1.5-0 WARN
r-release-windows-ix86+x86_64 1.5-0 5.00 49.00 54.00 NOTE
r-oldrel-windows-ix86+x86_64 1.5-0 5.00 44.00 49.00 NOTE

Check Details

Version: 1.5-0
Check: package dependencies
Result: NOTE
    Package suggested but not available for checking: ‘spacemakeR’
Flavors: r-devel-linux-x86_64-debian-clang, r-devel-linux-x86_64-debian-gcc, r-devel-linux-x86_64-fedora-clang, r-devel-linux-x86_64-fedora-gcc, r-devel-osx-x86_64-clang, r-devel-windows-ix86+x86_64, r-patched-linux-x86_64, r-patched-solaris-sparc, r-patched-solaris-x86, r-release-linux-ix86, r-release-linux-x86_64, r-release-osx-x86_64-snowleopard, r-release-windows-ix86+x86_64, r-oldrel-windows-ix86+x86_64

Version: 1.5-0
Check: dependencies in R code
Result: NOTE
    'library' or 'require' call to ‘shapefiles’ which was already attached by Depends.
     Please remove these calls from your code.
    Packages in Depends field not imported from:
     ‘shapefiles’ ‘sp’
     These packages need to be imported from (in the NAMESPACE file)
     for when this namespace is loaded but not attached.
    See the information on DESCRIPTION files in the chapter ‘Creating R
    packages’ of the ‘Writing R Extensions’ manual.
Flavors: r-devel-linux-x86_64-debian-clang, r-devel-linux-x86_64-debian-gcc, r-devel-linux-x86_64-fedora-clang, r-devel-linux-x86_64-fedora-gcc, r-devel-osx-x86_64-clang, r-devel-osx-x86_64-gcc, r-devel-windows-ix86+x86_64, r-patched-linux-x86_64, r-patched-solaris-sparc, r-patched-solaris-x86, r-release-linux-ix86, r-release-linux-x86_64, r-release-osx-x86_64-mavericks, r-release-windows-ix86+x86_64, r-oldrel-windows-ix86+x86_64

Version: 1.5-0
Check: for old-style vignette sources
Result: NOTE
    Vignette sources only in ‘inst/doc’:
     ‘MultiSpat.Rnw’
    A ‘vignettes’ directory is required as from R 3.1.0
    and these will not be indexed nor checked
Flavors: r-devel-linux-x86_64-debian-clang, r-devel-linux-x86_64-debian-gcc, r-devel-linux-x86_64-fedora-clang, r-devel-linux-x86_64-fedora-gcc, r-devel-osx-x86_64-clang, r-devel-osx-x86_64-gcc, r-devel-windows-ix86+x86_64, r-patched-linux-x86_64, r-patched-solaris-sparc, r-patched-solaris-x86, r-release-linux-ix86, r-release-linux-x86_64, r-release-osx-x86_64-mavericks, r-release-osx-x86_64-snowleopard, r-release-windows-ix86+x86_64

Version: 1.5-0
Check: package dependencies
Result: NOTE
    Packages suggested but not available for checking:
     ‘spdep’ ‘maptools’ ‘spacemakeR’
Flavors: r-devel-osx-x86_64-gcc, r-release-osx-x86_64-mavericks

Version: 1.5-0
Check: PDF version of manual
Result: WARNING
    LaTeX errors when creating PDF version.
    This typically indicates Rd problems.
    LaTeX errors found:
    ! LaTeX Error: File `upquote.sty' not found.
    
    Type X to quit or <RETURN> to proceed,
    or enter new name. (Default extension: sty)
    
    e0a83d8/Rd2.tex:8: ==> Fatal error occurred, no output PDF file produced!
Flavor: r-release-osx-x86_64-mavericks

Version: 1.5-0
Check: dependencies in R code
Result: NOTE
    'library' or 'require' call to 'shapefiles' which was already attached by Depends.
     Please remove these calls from your code.
    See the information on DESCRIPTION files in the chapter 'Creating R
    packages' of the 'Writing R Extensions' manual.
Flavor: r-release-osx-x86_64-snowleopard

Version: 1.5-0
Check: examples
Result: WARNING
    checking a package with encoding 'latin1' in an ASCII locale
    
     OK
Flavor: r-release-osx-x86_64-snowleopard

Version: 1.5-0
Check: for old-style vignette sources
Result: NOTE
    Vignette sources only in 'inst/doc':
     'MultiSpat.Rnw'
    A 'vignettes' directory will be required as from R 3.1.0
Flavor: r-oldrel-windows-ix86+x86_64