CRAN Package Check Results for Package Guerry

Last updated on 2014-07-24 15:52:20.

Flavor Version Tinstall Tcheck Ttotal Status Flags
r-devel-linux-x86_64-debian-clang 1.5-0 1.38 27.24 28.61 NOTE
r-devel-linux-x86_64-debian-gcc 1.5-0 1.39 27.26 28.64 NOTE
r-devel-linux-x86_64-fedora-clang 1.5-0 70.76 NOTE
r-devel-linux-x86_64-fedora-gcc 1.5-0 66.74 NOTE
r-devel-osx-x86_64-clang 1.5-0 52.45 NOTE
r-devel-windows-ix86+x86_64 1.5-0 4.00 45.00 49.00 NOTE
r-patched-linux-x86_64 1.5-0 1.40 27.34 28.74 NOTE
r-patched-solaris-sparc 1.5-0 340.20 NOTE
r-patched-solaris-x86 1.5-0 89.90 NOTE
r-release-linux-ix86 1.5-0 2.08 37.15 39.24 NOTE
r-release-linux-x86_64 1.5-0 1.55 27.76 29.31 NOTE
r-release-osx-x86_64-mavericks 1.5-0 NOTE
r-release-osx-x86_64-snowleopard 1.5-0 WARN
r-release-windows-ix86+x86_64 1.5-0 4.00 45.00 49.00 NOTE
r-oldrel-windows-ix86+x86_64 1.5-0 5.00 48.00 53.00 NOTE

Check Details

Version: 1.5-0
Check: package dependencies
Result: NOTE
    Package suggested but not available for checking: ‘spacemakeR’
Flavors: r-devel-linux-x86_64-debian-clang, r-devel-linux-x86_64-debian-gcc, r-devel-linux-x86_64-fedora-clang, r-devel-linux-x86_64-fedora-gcc, r-devel-osx-x86_64-clang, r-devel-windows-ix86+x86_64, r-patched-linux-x86_64, r-patched-solaris-sparc, r-patched-solaris-x86, r-release-linux-ix86, r-release-linux-x86_64, r-release-osx-x86_64-snowleopard, r-release-windows-ix86+x86_64, r-oldrel-windows-ix86+x86_64

Version: 1.5-0
Check: dependencies in R code
Result: NOTE
    'library' or 'require' call to ‘shapefiles’ which was already attached by Depends.
     Please remove these calls from your code.
    Packages in Depends field not imported from:
     ‘shapefiles’ ‘sp’
     These packages need to be imported from (in the NAMESPACE file)
     for when this namespace is loaded but not attached.
    See the information on DESCRIPTION files in the chapter ‘Creating R
    packages’ of the ‘Writing R Extensions’ manual.
Flavors: r-devel-linux-x86_64-debian-clang, r-devel-linux-x86_64-debian-gcc, r-devel-linux-x86_64-fedora-clang, r-devel-linux-x86_64-fedora-gcc, r-devel-osx-x86_64-clang, r-devel-windows-ix86+x86_64, r-patched-linux-x86_64, r-patched-solaris-sparc, r-patched-solaris-x86, r-release-linux-ix86, r-release-linux-x86_64, r-release-osx-x86_64-mavericks, r-release-windows-ix86+x86_64, r-oldrel-windows-ix86+x86_64

Version: 1.5-0
Check: for old-style vignette sources
Result: NOTE
    Vignette sources only in ‘inst/doc’:
     ‘MultiSpat.Rnw’
    A ‘vignettes’ directory is required as from R 3.1.0
    and these will not be indexed nor checked
Flavors: r-devel-linux-x86_64-debian-clang, r-devel-linux-x86_64-debian-gcc, r-devel-linux-x86_64-fedora-clang, r-devel-linux-x86_64-fedora-gcc, r-devel-osx-x86_64-clang, r-devel-windows-ix86+x86_64, r-patched-linux-x86_64, r-patched-solaris-sparc, r-patched-solaris-x86, r-release-linux-ix86, r-release-linux-x86_64, r-release-osx-x86_64-mavericks, r-release-osx-x86_64-snowleopard, r-release-windows-ix86+x86_64

Version: 1.5-0
Check: package dependencies
Result: NOTE
    Packages suggested but not available for checking:
     ‘spdep’ ‘maptools’ ‘spacemakeR’
Flavor: r-release-osx-x86_64-mavericks

Version: 1.5-0
Check: dependencies in R code
Result: NOTE
    'library' or 'require' call to 'shapefiles' which was already attached by Depends.
     Please remove these calls from your code.
    See the information on DESCRIPTION files in the chapter 'Creating R
    packages' of the 'Writing R Extensions' manual.
Flavor: r-release-osx-x86_64-snowleopard

Version: 1.5-0
Check: examples
Result: WARNING
    checking a package with encoding 'latin1' in an ASCII locale
    
     OK
Flavor: r-release-osx-x86_64-snowleopard

Version: 1.5-0
Check: for old-style vignette sources
Result: NOTE
    Vignette sources only in 'inst/doc':
     'MultiSpat.Rnw'
    A 'vignettes' directory will be required as from R 3.1.0
Flavor: r-oldrel-windows-ix86+x86_64