CRAN Package Check Results for Package GuessCompx

Last updated on 2020-02-20 08:48:09 CET.

Flavor Version Tinstall Tcheck Ttotal Status Flags
r-devel-linux-x86_64-debian-clang 1.0.3 5.43 96.92 102.35 NOTE
r-devel-linux-x86_64-debian-gcc 1.0.3 4.87 84.61 89.48 NOTE
r-devel-linux-x86_64-fedora-clang 1.0.3 121.36 OK
r-devel-linux-x86_64-fedora-gcc 1.0.3 129.68 OK
r-devel-windows-ix86+x86_64 1.0.3 12.00 114.00 126.00 NOTE
r-devel-windows-ix86+x86_64-gcc8 1.0.3 26.00 153.00 179.00 NOTE
r-patched-linux-x86_64 1.0.3 5.61 94.02 99.63 OK
r-patched-solaris-x86 1.0.3 169.50 OK
r-release-linux-x86_64 1.0.3 5.55 94.76 100.31 OK
r-release-windows-ix86+x86_64 1.0.3 11.00 108.00 119.00 OK
r-release-osx-x86_64 1.0.3 OK
r-oldrel-windows-ix86+x86_64 1.0.3 6.00 106.00 112.00 OK
r-oldrel-osx-x86_64 1.0.3 OK

Check Details

Version: 1.0.3
Check: package vignettes
Result: NOTE
    Package vignette with placeholder title 'Vignette Title':
     'GuessCompx.Rmd'
Flavors: r-devel-linux-x86_64-debian-clang, r-devel-linux-x86_64-debian-gcc, r-devel-windows-ix86+x86_64, r-devel-windows-ix86+x86_64-gcc8