CRAN Package Check Results for Package HAC

Last updated on 2017-06-23 16:47:35.

Flavor Version Tinstall Tcheck Ttotal Status Flags
r-devel-linux-x86_64-debian-clang 1.0-5 3.70 56.22 59.92 OK
r-devel-linux-x86_64-debian-gcc 1.0-5 3.10 54.78 57.87 OK
r-devel-linux-x86_64-fedora-clang 1.0-5 137.59 OK
r-devel-linux-x86_64-fedora-gcc 1.0-5 127.73 OK
r-devel-windows-ix86+x86_64 1.0-5 13.00 147.00 160.00 OK
r-patched-linux-x86_64 1.0-5 3.37 55.31 58.68 OK
r-patched-solaris-sparc 1.0-5 717.60 OK
r-patched-solaris-x86 1.0-5 160.10 OK
r-release-linux-x86_64 1.0-5 3.33 55.04 58.38 OK
r-release-windows-ix86+x86_64 1.0-5 10.00 91.00 101.00 OK
r-release-osx-x86_64 1.0-5 ERROR
r-oldrel-windows-ix86+x86_64 1.0-5 15.00 121.00 136.00 OK
r-oldrel-osx-x86_64 1.0-5 OK

Check Details

Version: 1.0-5
Check: package dependencies
Result: ERROR
    Package required but not available: ‘copula’
    
    See section ‘The DESCRIPTION file’ in the ‘Writing R Extensions’
    manual.
Flavor: r-release-osx-x86_64