CRAN Package Check Results for Package HAC

Last updated on 2017-08-24 02:48:12.

Flavor Version Tinstall Tcheck Ttotal Status Flags
r-devel-linux-x86_64-debian-clang 1.0-5 3.28 55.64 58.92 OK
r-devel-linux-x86_64-debian-gcc 1.0-5 3.21 54.33 57.54 OK
r-devel-linux-x86_64-fedora-clang 1.0-5 127.75 OK
r-devel-linux-x86_64-fedora-gcc 1.0-5 129.66 OK
r-devel-windows-ix86+x86_64 1.0-5 13.00 92.00 105.00 OK
r-patched-linux-x86_64 1.0-5 3.14 55.54 58.67 OK
r-patched-solaris-x86 1.0-5 160.30 OK
r-release-linux-x86_64 1.0-5 3.11 55.12 58.23 OK
r-release-windows-ix86+x86_64 1.0-5 9.00 145.00 154.00 OK
r-release-osx-x86_64 1.0-5 ERROR
r-oldrel-windows-ix86+x86_64 1.0-5 12.00 120.00 132.00 OK
r-oldrel-osx-x86_64 1.0-5 OK

Check Details

Version: 1.0-5
Check: package dependencies
Result: ERROR
    Package required but not available: ‘copula’
    
    See section ‘The DESCRIPTION file’ in the ‘Writing R Extensions’
    manual.
Flavor: r-release-osx-x86_64