CRAN Package Check Results for Package HAC

Last updated on 2014-10-02 11:48:08.

Flavor Version Tinstall Tcheck Ttotal Status Flags
r-devel-linux-x86_64-debian-clang 1.0-1 4.20 59.86 64.06 OK
r-devel-linux-x86_64-debian-gcc 1.0-1 4.12 59.52 63.64 OK
r-devel-linux-x86_64-fedora-clang 1.0-1 156.92 OK
r-devel-linux-x86_64-fedora-gcc 1.0-1 176.47 OK
r-devel-osx-x86_64-clang 1.0-1 117.37 OK
r-devel-windows-ix86+x86_64 1.0-1 11.00 92.00 103.00 OK
r-patched-linux-x86_64 1.0-1 4.36 63.26 67.63 OK
r-patched-solaris-sparc 1.0-1 757.40 OK
r-patched-solaris-x86 1.0-1 199.30 OK
r-release-linux-ix86 1.0-1 5.29 74.33 79.62 OK
r-release-linux-x86_64 1.0-1 4.33 63.50 67.83 OK
r-release-osx-x86_64-mavericks 1.0-1 ERROR
r-release-osx-x86_64-snowleopard 1.0-1 OK
r-release-windows-ix86+x86_64 1.0-1 10.00 94.00 104.00 OK
r-oldrel-windows-ix86+x86_64 1.0-1 11.00 86.00 97.00 OK

Check Details

Version: 1.0-1
Check: package dependencies
Result: ERROR
    Package required but not available: ‘copula’
    
    See the information on DESCRIPTION files in the chapter ‘Creating R
    packages’ of the ‘Writing R Extensions’ manual.
Flavor: r-release-osx-x86_64-mavericks