CRAN Package Check Results for Package HAC

Last updated on 2014-12-22 19:48:23.

Flavor Version Tinstall Tcheck Ttotal Status Flags
r-devel-linux-x86_64-debian-clang 1.0-1 5.34 59.67 65.01 OK
r-devel-linux-x86_64-debian-gcc 1.0-1 3.99 59.17 63.16 OK
r-devel-linux-x86_64-fedora-clang 1.0-1 156.23 OK
r-devel-linux-x86_64-fedora-gcc 1.0-1 143.59 OK
r-devel-osx-x86_64-clang 1.0-1 125.16 OK
r-devel-windows-ix86+x86_64 1.0-1 12.00 90.00 102.00 OK
r-patched-linux-x86_64 1.0-1 4.38 61.38 65.76 OK
r-patched-solaris-sparc 1.0-1 824.30 OK
r-patched-solaris-x86 1.0-1 198.80 OK
r-release-linux-ix86 1.0-1 5.02 71.52 76.55 OK
r-release-linux-x86_64 1.0-1 4.26 61.60 65.86 OK
r-release-osx-x86_64-mavericks 1.0-1 ERROR
r-release-osx-x86_64-snowleopard 1.0-1 OK
r-release-windows-ix86+x86_64 1.0-1 11.00 91.00 102.00 OK
r-oldrel-windows-ix86+x86_64 1.0-1 11.00 91.00 102.00 OK

Check Details

Version: 1.0-1
Check: package dependencies
Result: ERROR
    Package required but not available: ‘copula’
    
    See the information on DESCRIPTION files in the chapter ‘Creating R
    packages’ of the ‘Writing R Extensions’ manual.
Flavor: r-release-osx-x86_64-mavericks