CRAN Package Check Results for Package HAC

Last updated on 2015-09-05 17:47:59.

Flavor Version Tinstall Tcheck Ttotal Status Flags
r-devel-linux-x86_64-debian-clang 1.0-3 3.09 50.82 53.91 NOTE
r-devel-linux-x86_64-debian-gcc 1.0-3 3.04 49.76 52.80 NOTE
r-devel-linux-x86_64-fedora-clang 1.0-3 110.11 NOTE
r-devel-linux-x86_64-fedora-gcc 1.0-3 105.33 NOTE
r-devel-osx-x86_64-clang 1.0-3 89.62 OK
r-devel-windows-ix86+x86_64 1.0-3 13.00 88.00 101.00 NOTE
r-patched-linux-x86_64 1.0-3 3.44 52.04 55.48 OK
r-patched-solaris-sparc 1.0-3 689.60 OK
r-patched-solaris-x86 1.0-3 154.40 OK
r-release-linux-x86_64 1.0-3 3.28 52.54 55.82 OK
r-release-osx-x86_64-mavericks 1.0-3 OK
r-release-windows-ix86+x86_64 1.0-3 13.00 90.00 103.00 OK
r-oldrel-windows-ix86+x86_64 1.0-3 13.00 104.00 117.00 OK

Check Details

Version: 1.0-3
Check: R code for possible problems
Result: NOTE
    .PML: no visible global function definition for ‘optimise’
    .QML: no visible global function definition for ‘optimise’
    .QML.fixed.tree: no visible global function definition for ‘optimise’
    .RML: no visible global function definition for ‘optimise’
    .circle: no visible global function definition for ‘symbols’
    .circle: no visible global function definition for ‘text’
    .line: no visible global function definition for ‘lines’
    .opt.margin: no visible global function definition for ‘optimise’
    .rectangle: no visible global function definition for ‘symbols’
    .rectangle: no visible global function definition for ‘text’
    Undefined global functions or variables:
     lines optimise symbols text
    Consider adding
     importFrom("graphics", "lines", "symbols", "text")
     importFrom("stats", "optimise")
    to your NAMESPACE.
Flavors: r-devel-linux-x86_64-debian-clang, r-devel-linux-x86_64-debian-gcc, r-devel-linux-x86_64-fedora-clang, r-devel-linux-x86_64-fedora-gcc, r-devel-windows-ix86+x86_64