CRAN Package Check Results for Package HAC

Last updated on 2017-10-20 04:47:11.

Flavor Version Tinstall Tcheck Ttotal Status Flags
r-devel-linux-x86_64-debian-clang 1.0-5 3.23 56.31 59.54 OK
r-devel-linux-x86_64-debian-gcc 1.0-5 3.51 60.31 63.82 OK
r-devel-linux-x86_64-fedora-clang 1.0-5 128.20 OK
r-devel-linux-x86_64-fedora-gcc 1.0-5 129.19 OK
r-devel-windows-ix86+x86_64 1.0-5 12.00 131.00 143.00 OK
r-patched-linux-x86_64 1.0-5 3.08 55.91 58.99 OK
r-patched-solaris-x86 1.0-5 160.10 OK
r-release-linux-x86_64 1.0-5 3.14 55.18 58.32 OK
r-release-windows-ix86+x86_64 1.0-5 14.00 129.00 143.00 OK
r-release-osx-x86_64 1.0-5 ERROR
r-oldrel-windows-ix86+x86_64 1.0-5 7.00 114.00 121.00 OK
r-oldrel-osx-x86_64 1.0-5 OK

Check Details

Version: 1.0-5
Check: package dependencies
Result: ERROR
    Package required but not available: ‘copula’
    
    See section ‘The DESCRIPTION file’ in the ‘Writing R Extensions’
    manual.
Flavor: r-release-osx-x86_64