CRAN Package Check Results for Package HAC

Last updated on 2018-02-19 22:48:45 CET.

Flavor Version Tinstall Tcheck Ttotal Status Flags
r-devel-linux-x86_64-debian-clang 1.0-5 7.02 77.22 84.24 OK
r-devel-linux-x86_64-debian-gcc 1.0-5 5.00 65.80 70.80 OK
r-devel-linux-x86_64-fedora-clang 1.0-5 111.71 OK
r-devel-linux-x86_64-fedora-gcc 1.0-5 109.74 OK
r-devel-windows-ix86+x86_64 1.0-5 10.00 96.00 106.00 OK
r-patched-linux-x86_64 1.0-5 4.49 87.25 91.74 OK
r-patched-solaris-x86 1.0-5 161.40 OK
r-release-linux-x86_64 1.0-5 4.39 87.03 91.42 OK
r-release-windows-ix86+x86_64 1.0-5 13.00 137.00 150.00 OK
r-release-osx-x86_64 1.0-5 ERROR
r-oldrel-windows-ix86+x86_64 1.0-5 11.00 118.00 129.00 OK
r-oldrel-osx-x86_64 1.0-5 OK

Check Details

Version: 1.0-5
Check: package dependencies
Result: ERROR
    Package required but not available: ‘copula’
    
    See section ‘The DESCRIPTION file’ in the ‘Writing R Extensions’
    manual.
Flavor: r-release-osx-x86_64