CRAN Package Check Results for Package HAC

Last updated on 2014-08-30 11:51:25.

Flavor Version Tinstall Tcheck Ttotal Status Flags
r-devel-linux-x86_64-debian-clang 1.0-1 4.22 57.56 61.78 OK
r-devel-linux-x86_64-debian-gcc 1.0-1 4.09 55.98 60.07 OK
r-devel-linux-x86_64-fedora-clang 1.0-1 158.09 OK
r-devel-linux-x86_64-fedora-gcc 1.0-1 152.35 OK
r-devel-osx-x86_64-clang 1.0-1 119.76 OK
r-devel-windows-ix86+x86_64 1.0-1 15.00 87.00 102.00 OK
r-patched-linux-x86_64 1.0-1 4.35 60.64 64.99 OK
r-patched-solaris-sparc 1.0-1 757.40 OK
r-patched-solaris-x86 1.0-1 207.20 OK
r-release-linux-ix86 1.0-1 5.20 73.89 79.09 OK
r-release-linux-x86_64 1.0-1 4.34 61.59 65.94 OK
r-release-osx-x86_64-mavericks 1.0-1 ERROR
r-release-osx-x86_64-snowleopard 1.0-1 OK
r-release-windows-ix86+x86_64 1.0-1 12.00 88.00 100.00 OK
r-oldrel-windows-ix86+x86_64 1.0-1 12.00 78.00 90.00 OK

Check Details

Version: 1.0-1
Check: package dependencies
Result: ERROR
    Package required but not available: ‘copula’
    
    See the information on DESCRIPTION files in the chapter ‘Creating R
    packages’ of the ‘Writing R Extensions’ manual.
Flavor: r-release-osx-x86_64-mavericks