CRAN Package Check Results for Package HAC

Last updated on 2015-07-05 06:46:34.

Flavor Version Tinstall Tcheck Ttotal Status Flags
r-devel-linux-x86_64-debian-clang 1.0-3 3.56 53.06 56.61 NOTE
r-devel-linux-x86_64-debian-gcc 1.0-3 3.12 52.42 55.54 NOTE
r-devel-linux-x86_64-fedora-clang 1.0-3 115.01 NOTE
r-devel-linux-x86_64-fedora-gcc 1.0-3 110.13 NOTE
r-devel-osx-x86_64-clang 1.0-3 96.25 OK
r-devel-windows-ix86+x86_64 1.0-3 8.00 81.00 89.00 NOTE
r-patched-linux-x86_64 1.0-3 3.28 51.48 54.77 OK
r-patched-solaris-sparc 1.0-3 676.90 OK
r-patched-solaris-x86 1.0-3 151.80 OK
r-release-linux-x86_64 1.0-3 3.36 52.70 56.07 OK
r-release-osx-x86_64-mavericks 1.0-3 OK
r-release-windows-ix86+x86_64 1.0-3 12.00 74.00 86.00 OK
r-oldrel-windows-ix86+x86_64 1.0-3 11.00 93.00 104.00 OK

Check Details

Version: 1.0-3
Check: R code for possible problems
Result: NOTE
    .PML: no visible global function definition for ‘optimise’
    .QML: no visible global function definition for ‘optimise’
    .QML.fixed.tree: no visible global function definition for ‘optimise’
    .RML: no visible global function definition for ‘optimise’
    .circle: no visible global function definition for ‘symbols’
    .circle: no visible global function definition for ‘text’
    .line: no visible global function definition for ‘lines’
    .opt.margin: no visible global function definition for ‘optimise’
    .rectangle: no visible global function definition for ‘symbols’
    .rectangle: no visible global function definition for ‘text’
    Undefined global functions or variables:
     lines optimise symbols text
Flavors: r-devel-linux-x86_64-debian-clang, r-devel-linux-x86_64-debian-gcc, r-devel-linux-x86_64-fedora-clang, r-devel-linux-x86_64-fedora-gcc, r-devel-windows-ix86+x86_64