CRAN Package Check Results for Package HAC

Last updated on 2015-08-03 14:47:26.

Flavor Version Tinstall Tcheck Ttotal Status Flags
r-devel-linux-x86_64-debian-clang 1.0-3 3.20 52.81 56.00 NOTE
r-devel-linux-x86_64-debian-gcc 1.0-3 3.12 51.00 54.12 NOTE
r-devel-linux-x86_64-fedora-clang 1.0-3 117.85 NOTE
r-devel-linux-x86_64-fedora-gcc 1.0-3 110.28 NOTE
r-devel-osx-x86_64-clang 1.0-3 95.14 OK
r-devel-windows-ix86+x86_64 1.0-3 10.00 87.00 97.00 NOTE
r-patched-linux-x86_64 1.0-3 3.33 52.68 56.01 OK
r-patched-solaris-sparc 1.0-3 689.60 OK
r-patched-solaris-x86 1.0-3 153.20 OK
r-release-linux-x86_64 1.0-3 3.34 51.45 54.79 OK
r-release-osx-x86_64-mavericks 1.0-3 OK
r-release-windows-ix86+x86_64 1.0-3 11.00 85.00 96.00 OK
r-oldrel-windows-ix86+x86_64 1.0-3 13.00 96.00 109.00 OK

Check Details

Version: 1.0-3
Check: R code for possible problems
Result: NOTE
    .PML: no visible global function definition for ‘optimise’
    .QML: no visible global function definition for ‘optimise’
    .QML.fixed.tree: no visible global function definition for ‘optimise’
    .RML: no visible global function definition for ‘optimise’
    .circle: no visible global function definition for ‘symbols’
    .circle: no visible global function definition for ‘text’
    .line: no visible global function definition for ‘lines’
    .opt.margin: no visible global function definition for ‘optimise’
    .rectangle: no visible global function definition for ‘symbols’
    .rectangle: no visible global function definition for ‘text’
    Undefined global functions or variables:
     lines optimise symbols text
    Consider adding
     importFrom("graphics", "lines", "symbols", "text")
     importFrom("stats", "optimise")
    to your NAMESPACE.
Flavors: r-devel-linux-x86_64-debian-clang, r-devel-linux-x86_64-debian-gcc, r-devel-linux-x86_64-fedora-clang, r-devel-linux-x86_64-fedora-gcc, r-devel-windows-ix86+x86_64