CRAN Package Check Results for Package HAC

Last updated on 2014-04-23 17:47:45.

Flavor Version Tinstall Tcheck Ttotal Status Flags
r-devel-linux-x86_64-debian-clang 0.3-1 4.41 66.89 71.30 OK
r-devel-linux-x86_64-debian-gcc 0.3-1 4.41 66.42 70.83 OK
r-devel-linux-x86_64-fedora-clang 0.3-1 171.57 OK
r-devel-linux-x86_64-fedora-gcc 0.3-1 164.90 OK
r-devel-osx-x86_64-clang 0.3-1 132.81 OK
r-devel-osx-x86_64-gcc 0.3-1 OK
r-devel-windows-ix86+x86_64 0.3-1 12.00 98.00 110.00 OK
r-patched-linux-x86_64 0.3-1 4.38 66.46 70.84 OK
r-patched-solaris-sparc 0.3-1 867.20 OK
r-patched-solaris-x86 0.3-1 215.80 OK
r-release-linux-ix86 0.3-1 7.00 106.00 113.00 OK
r-release-linux-x86_64 0.3-1 4.41 65.78 70.20 OK
r-release-osx-x86_64-mavericks 0.3-1 ERROR
r-release-osx-x86_64-snowleopard 0.3-1 OK
r-release-windows-ix86+x86_64 0.3-1 11.00 94.00 105.00 OK
r-oldrel-windows-ix86+x86_64 0.3-1 11.00 91.00 102.00 OK

Check Details

Version: 0.3-1
Check: package dependencies
Result: ERROR
    Package required but not available: ‘copula’
    
    See the information on DESCRIPTION files in the chapter ‘Creating R
    packages’ of the ‘Writing R Extensions’ manual.
Flavor: r-release-osx-x86_64-mavericks