CRAN Package Check Results for Package HAC

Last updated on 2017-12-12 06:47:14 CET.

Flavor Version Tinstall Tcheck Ttotal Status Flags
r-devel-linux-x86_64-debian-clang 1.0-5 4.05 73.36 77.41 OK
r-devel-linux-x86_64-debian-gcc 1.0-5 3.26 63.19 66.45 OK
r-devel-linux-x86_64-fedora-clang 1.0-5 110.12 OK
r-devel-linux-x86_64-fedora-gcc 1.0-5 108.16 OK
r-devel-windows-ix86+x86_64 1.0-5 12.00 108.00 120.00 OK
r-patched-linux-x86_64 1.0-5 4.36 86.87 91.23 OK
r-patched-solaris-x86 1.0-5 160.70 OK
r-release-linux-x86_64 1.0-5 4.75 86.56 91.31 OK
r-release-windows-ix86+x86_64 1.0-5 9.00 107.00 116.00 OK
r-release-osx-x86_64 1.0-5 ERROR
r-oldrel-windows-ix86+x86_64 1.0-5 12.00 134.00 146.00 OK
r-oldrel-osx-x86_64 1.0-5 OK

Check Details

Version: 1.0-5
Check: package dependencies
Result: ERROR
    Package required but not available: ‘copula’
    
    See section ‘The DESCRIPTION file’ in the ‘Writing R Extensions’
    manual.
Flavor: r-release-osx-x86_64