CRAN Package Check Results for Package HAC

Last updated on 2014-11-25 23:46:47.

Flavor Version Tinstall Tcheck Ttotal Status Flags
r-devel-linux-x86_64-debian-clang 1.0-1 4.43 60.20 64.63 OK
r-devel-linux-x86_64-debian-gcc 1.0-1 4.14 59.64 63.79 OK
r-devel-linux-x86_64-fedora-clang 1.0-1 160.84 OK
r-devel-linux-x86_64-fedora-gcc 1.0-1 148.73 OK
r-devel-osx-x86_64-clang 1.0-1 125.86 OK
r-devel-windows-ix86+x86_64 1.0-1 12.00 85.00 97.00 OK
r-patched-linux-x86_64 1.0-1 4.32 61.64 65.96 OK
r-patched-solaris-sparc 1.0-1 757.40 OK
r-patched-solaris-x86 1.0-1 198.80 OK
r-release-linux-ix86 1.0-1 5.00 71.55 76.55 OK
r-release-linux-x86_64 1.0-1 4.52 62.96 67.48 OK
r-release-osx-x86_64-mavericks 1.0-1 ERROR
r-release-osx-x86_64-snowleopard 1.0-1 OK
r-release-windows-ix86+x86_64 1.0-1 11.00 93.00 104.00 OK
r-oldrel-windows-ix86+x86_64 1.0-1 11.00 84.00 95.00 OK

Check Details

Version: 1.0-1
Check: package dependencies
Result: ERROR
    Package required but not available: ‘copula’
    
    See the information on DESCRIPTION files in the chapter ‘Creating R
    packages’ of the ‘Writing R Extensions’ manual.
Flavor: r-release-osx-x86_64-mavericks