CRAN Package Check Results for Package HAC

Last updated on 2016-07-27 02:47:02.

Flavor Version Tinstall Tcheck Ttotal Status Flags
r-devel-linux-x86_64-debian-clang 1.0-4 4.66 57.87 62.53 OK
r-devel-linux-x86_64-debian-gcc 1.0-4 3.89 58.26 62.15 OK
r-devel-linux-x86_64-fedora-clang 1.0-4 114.38 OK
r-devel-linux-x86_64-fedora-gcc 1.0-4 103.49 OK
r-devel-osx-x86_64-clang 1.0-4 80.25 OK
r-devel-windows-ix86+x86_64 1.0-4 12.00 125.00 137.00 OK
r-patched-linux-x86_64 1.0-4 3.87 56.05 59.92 OK
r-patched-solaris-sparc 1.0-4 596.90 OK
r-patched-solaris-x86 1.0-4 128.00 OK
r-release-linux-x86_64 1.0-4 3.95 56.74 60.68 OK
r-release-osx-x86_64-mavericks 1.0-4 OK
r-release-windows-ix86+x86_64 1.0-4 12.00 119.00 131.00 OK
r-oldrel-windows-ix86+x86_64 1.0-4 3.00 5.00 8.00 ERROR

Check Details

Version: 1.0-4
Check: whether package can be installed
Result: ERROR
    Installation failed.
Flavor: r-oldrel-windows-ix86+x86_64