CRAN Package Check Results for Package HAC

Last updated on 2014-09-02 05:46:34.

Flavor Version Tinstall Tcheck Ttotal Status Flags
r-devel-linux-x86_64-debian-clang 1.0-1 4.45 57.85 62.30 OK
r-devel-linux-x86_64-debian-gcc 1.0-1 4.15 59.60 63.75 OK
r-devel-linux-x86_64-fedora-clang 1.0-1 158.09 OK
r-devel-linux-x86_64-fedora-gcc 1.0-1 153.05 OK
r-devel-osx-x86_64-clang 1.0-1 121.46 OK
r-devel-windows-ix86+x86_64 1.0-1 10.00 87.00 97.00 OK
r-patched-linux-x86_64 1.0-1 4.35 60.64 64.99 OK
r-patched-solaris-sparc 1.0-1 757.40 OK
r-patched-solaris-x86 1.0-1 207.40 OK
r-release-linux-ix86 1.0-1 5.20 73.89 79.09 OK
r-release-linux-x86_64 1.0-1 4.51 59.62 64.13 OK
r-release-osx-x86_64-mavericks 1.0-1 ERROR
r-release-osx-x86_64-snowleopard 1.0-1 OK
r-release-windows-ix86+x86_64 1.0-1 12.00 88.00 100.00 OK
r-oldrel-windows-ix86+x86_64 1.0-1 11.00 85.00 96.00 OK

Check Details

Version: 1.0-1
Check: package dependencies
Result: ERROR
    Package required but not available: ‘copula’
    
    See the information on DESCRIPTION files in the chapter ‘Creating R
    packages’ of the ‘Writing R Extensions’ manual.
Flavor: r-release-osx-x86_64-mavericks