CRAN Package Check Results for Package HAC

Last updated on 2014-07-25 21:47:53.

Flavor Version Tinstall Tcheck Ttotal Status Flags
r-devel-linux-x86_64-debian-clang 1.0-0 4.92 60.10 65.03 OK
r-devel-linux-x86_64-debian-gcc 1.0-0 4.17 60.21 64.38 OK
r-devel-linux-x86_64-fedora-clang 1.0-0 162.25 OK
r-devel-linux-x86_64-fedora-gcc 1.0-0 154.86 OK
r-devel-osx-x86_64-clang 1.0-0 122.12 OK
r-devel-windows-ix86+x86_64 1.0-0 11.00 90.00 101.00 OK
r-patched-linux-x86_64 1.0-0 4.21 60.17 64.38 OK
r-patched-solaris-sparc 1.0-0 771.70 OK
r-patched-solaris-x86 1.0-0 211.10 OK
r-release-linux-ix86 1.0-0 5.13 74.93 80.06 OK
r-release-linux-x86_64 1.0-0 4.30 60.42 64.71 OK
r-release-osx-x86_64-mavericks 1.0-0 ERROR
r-release-osx-x86_64-snowleopard 1.0-0 OK
r-release-windows-ix86+x86_64 1.0-0 12.00 90.00 102.00 OK
r-oldrel-windows-ix86+x86_64 1.0-0 10.00 87.00 97.00 OK

Check Details

Version: 1.0-0
Check: package dependencies
Result: ERROR
    Package required but not available: ‘copula’
    
    See the information on DESCRIPTION files in the chapter ‘Creating R
    packages’ of the ‘Writing R Extensions’ manual.
Flavor: r-release-osx-x86_64-mavericks