CRAN Package Check Results for Package HAC

Last updated on 2017-04-26 21:47:16.

Flavor Version Tinstall Tcheck Ttotal Status Flags
r-devel-linux-x86_64-debian-clang 1.0-5 3.59 56.08 59.67 OK
r-devel-linux-x86_64-debian-gcc 1.0-5 3.40 54.64 58.04 OK
r-devel-linux-x86_64-fedora-clang 1.0-5 127.12 OK --no-stop-on-test-error
r-devel-linux-x86_64-fedora-gcc 1.0-5 121.66 OK --no-stop-on-test-error
r-devel-windows-ix86+x86_64 1.0-5 12.00 134.00 146.00 OK
r-patched-linux-x86_64 1.0-5 3.18 54.58 57.76 OK
r-patched-solaris-sparc 1.0-5 717.60 OK
r-patched-solaris-x86 1.0-5 157.60 OK
r-release-linux-x86_64 1.0-5 3.15 54.91 58.06 OK
r-release-windows-ix86+x86_64 1.0-5 9.00 101.00 110.00 OK
r-release-osx-x86_64 1.0-5 ERROR
r-oldrel-windows-ix86+x86_64 1.0-5 7.00 86.00 93.00 OK
r-oldrel-osx-x86_64 1.0-5 OK

Check Details

Version: 1.0-5
Check: package dependencies
Result: ERROR
    Package required but not available: ‘copula’
    
    See section ‘The DESCRIPTION file’ in the ‘Writing R Extensions’
    manual.
Flavor: r-release-osx-x86_64