CRAN Package Check Results for Package HAPim

Last updated on 2021-10-19 23:52:57 CEST.

Flavor Version Tinstall Tcheck Ttotal Status Flags
r-devel-linux-x86_64-debian-clang 1.3 3.81 43.32 47.13 NOTE
r-devel-linux-x86_64-debian-gcc 1.3 3.06 32.27 35.33 NOTE
r-devel-linux-x86_64-fedora-clang 1.3 66.85 NOTE
r-devel-linux-x86_64-fedora-gcc 1.3 55.29 NOTE
r-devel-windows-x86_64 1.3 6.00 56.00 62.00 NOTE
r-devel-windows-x86_64-gcc10-UCRT 1.3 NOTE
r-patched-linux-x86_64 1.3 4.63 41.28 45.91 NOTE
r-patched-solaris-x86 1.3 73.70 NOTE
r-release-linux-x86_64 1.3 3.79 41.68 45.47 NOTE
r-release-macos-arm64 1.3 NOTE
r-release-macos-x86_64 1.3 NOTE
r-release-windows-ix86+x86_64 1.3 7.00 54.00 61.00 NOTE
r-oldrel-macos-x86_64 1.3 NOTE
r-oldrel-windows-ix86+x86_64 1.3 6.00 55.00 61.00 NOTE

Check Details

Version: 1.3
Check: R code for possible problems
Result: NOTE
    allele.marq: no visible global function definition for 'na.omit'
    depart.LDL: no visible global function definition for 'aov'
    freq.all: no visible global function definition for 'na.omit'
    hapim.LD.add: no visible global function definition for 'optim'
    hapim.LDL.add: no visible global function definition for 'optim'
    obj.haplomax.HS.add: no visible global function definition for 'aov'
    obj.haplomax.add: no visible global function definition for 'aov'
    vrais.LD.add: no visible global function definition for 'dnorm'
    vrais.LDL.add.pere: no visible global function definition for 'dnorm'
    Undefined global functions or variables:
     aov dnorm na.omit optim
    Consider adding
     importFrom("stats", "aov", "dnorm", "na.omit", "optim")
    to your NAMESPACE file.
Flavors: r-devel-linux-x86_64-debian-clang, r-devel-linux-x86_64-debian-gcc, r-devel-linux-x86_64-fedora-clang, r-devel-linux-x86_64-fedora-gcc, r-devel-windows-x86_64, r-devel-windows-x86_64-gcc10-UCRT, r-patched-linux-x86_64, r-patched-solaris-x86, r-release-linux-x86_64, r-release-macos-arm64, r-release-macos-x86_64, r-release-windows-ix86+x86_64, r-oldrel-macos-x86_64, r-oldrel-windows-ix86+x86_64