CRAN Package Check Results for Package HARtools

Last updated on 2020-07-06 03:47:58 CEST.

Flavor Version Tinstall Tcheck Ttotal Status Flags
r-devel-linux-x86_64-debian-clang 0.0.5 3.04 27.94 30.98 OK
r-devel-linux-x86_64-debian-gcc 0.0.5 2.24 22.46 24.70 OK
r-devel-linux-x86_64-fedora-clang 0.0.5 45.81 OK
r-devel-linux-x86_64-fedora-gcc 0.0.5 36.36 OK
r-devel-windows-ix86+x86_64 0.0.5 9.00 61.00 70.00 OK
r-patched-linux-x86_64 0.0.5 2.92 28.01 30.93 OK
r-patched-solaris-x86 0.0.5 57.30 WARN
r-release-linux-x86_64 0.0.5 2.98 28.33 31.31 OK
r-release-osx-x86_64 0.0.5 OK
r-release-windows-ix86+x86_64 0.0.5 9.00 44.00 53.00 OK
r-oldrel-osx-x86_64 0.0.5 WARN
r-oldrel-windows-ix86+x86_64 0.0.5 7.00 51.00 58.00 OK

Check Details

Version: 0.0.5
Check: re-building of vignette outputs
Result: WARN
    Error(s) in re-building vignettes:
     ...
    --- re-building ‘Basic_use.Rmd’ using rmarkdown
    Warning in engine$weave(file, quiet = quiet, encoding = enc) :
     Pandoc (>= 1.12.3) and/or pandoc-citeproc not available. Falling back to R Markdown v1.
    Quitting from lines 122-128 (Basic_use.Rmd)
    Error: processing vignette 'Basic_use.Rmd' failed with diagnostics:
    there is no package called 'webshot'
    --- failed re-building ‘Basic_use.Rmd’
    
    SUMMARY: processing the following file failed:
     ‘Basic_use.Rmd’
    
    Error: Vignette re-building failed.
    Execution halted
Flavor: r-patched-solaris-x86

Version: 0.0.5
Check: re-building of vignette outputs
Result: WARN
    Error(s) in re-building vignettes:
     ...
    --- re-building ‘Basic_use.Rmd’ using rmarkdown
    Warning in engine$weave(file, quiet = quiet, encoding = enc) :
     Pandoc (>= 1.12.3) and/or pandoc-citeproc not available. Falling back to R Markdown v1.
    Quitting from lines 122-128 (Basic_use.Rmd)
    Error: processing vignette 'Basic_use.Rmd' failed with diagnostics:
    cannot open the connection
    --- failed re-building ‘Basic_use.Rmd’
    
    SUMMARY: processing the following file failed:
     ‘Basic_use.Rmd’
    
    Error: Vignette re-building failed.
    Execution halted
Flavor: r-oldrel-osx-x86_64