CRAN Package Check Results for Package HBSTM

Last updated on 2015-04-19 05:49:48.

Flavor Version Tinstall Tcheck Ttotal Status Flags
r-devel-linux-x86_64-debian-clang 1.0.1 2.50 39.78 42.28 NOTE
r-devel-linux-x86_64-debian-gcc 1.0.1 2.49 38.88 41.38 NOTE
r-devel-linux-x86_64-fedora-clang 1.0.1 83.51 NOTE
r-devel-linux-x86_64-fedora-gcc 1.0.1 88.55 NOTE
r-devel-osx-x86_64-clang 1.0.1 74.64 NOTE
r-patched-linux-x86_64 1.0.1 2.33 38.54 40.88 NOTE
r-patched-solaris-sparc 1.0.1 490.50 NOTE
r-patched-solaris-x86 1.0.1 96.30 NOTE
r-release-linux-x86_64 1.0.1 2.44 38.90 41.35 NOTE
r-release-osx-x86_64-mavericks 1.0.1 NOTE
r-release-osx-x86_64-snowleopard 1.0.1 NOTE
r-release-windows-ix86+x86_64 1.0.1 7.00 71.00 78.00 NOTE
r-oldrel-windows-ix86+x86_64 1.0.1 11.00 88.00 99.00 OK

Check Details

Version: 1.0.1
Check: DESCRIPTION meta-information
Result: NOTE
    Malformed Title field: should not end in a period.
Flavors: r-devel-linux-x86_64-debian-clang, r-devel-linux-x86_64-debian-gcc, r-devel-linux-x86_64-fedora-clang, r-devel-linux-x86_64-fedora-gcc, r-devel-osx-x86_64-clang, r-patched-linux-x86_64, r-patched-solaris-sparc, r-patched-solaris-x86, r-release-linux-x86_64, r-release-osx-x86_64-mavericks, r-release-osx-x86_64-snowleopard, r-release-windows-ix86+x86_64