CRAN Package Check Results for Package HBSTM

Last updated on 2015-03-28 00:54:18.

Flavor Version Tinstall Tcheck Ttotal Status Flags
r-devel-linux-x86_64-debian-clang 1.0.1 2.46 39.07 41.53 NOTE
r-devel-linux-x86_64-debian-gcc 1.0.1 2.39 38.12 40.51 NOTE
r-devel-linux-x86_64-fedora-clang 1.0.1 84.27 NOTE
r-devel-linux-x86_64-fedora-gcc 1.0.1 80.06 NOTE
r-devel-osx-x86_64-clang 1.0.1 80.59 NOTE
r-prerel-windows-ix86+x86_64 1.0.1 7.00 54.00 61.00 NOTE
r-prerel-linux-x86_64 1.0.1 3.25 38.31 41.56 NOTE
r-prerel-solaris-sparc 1.0.1 490.50 NOTE
r-prerel-solaris-x86 1.0.1 96.30 NOTE
r-release-linux-x86_64 1.0.1 3.27 47.32 50.59 OK
r-release-osx-x86_64-mavericks 1.0.1 OK
r-release-osx-x86_64-snowleopard 1.0.1 OK
r-release-windows-ix86+x86_64 1.0.1 10.00 66.00 76.00 OK
r-oldrel-windows-ix86+x86_64 1.0.1 11.00 93.00 104.00 OK

Check Details

Version: 1.0.1
Check: DESCRIPTION meta-information
Result: NOTE
    Malformed Title field: should not end in a period.
Flavors: r-devel-linux-x86_64-debian-clang, r-devel-linux-x86_64-debian-gcc, r-devel-linux-x86_64-fedora-clang, r-devel-linux-x86_64-fedora-gcc, r-devel-osx-x86_64-clang, r-prerel-windows-ix86+x86_64, r-prerel-linux-x86_64, r-prerel-solaris-sparc, r-prerel-solaris-x86