CRAN Package Check Results for Package HBSTM

Last updated on 2015-05-29 13:48:48.

Flavor Version Tinstall Tcheck Ttotal Status Flags
r-devel-linux-x86_64-debian-clang 1.0.1 2.44 40.14 42.58 NOTE
r-devel-linux-x86_64-debian-gcc 1.0.1 2.40 38.42 40.82 NOTE
r-devel-linux-x86_64-fedora-clang 1.0.1 87.97 NOTE
r-devel-linux-x86_64-fedora-gcc 1.0.1 79.37 NOTE
r-devel-osx-x86_64-clang 1.0.1 79.48 NOTE
r-devel-windows-ix86+x86_64 1.0.1 8.00 58.00 66.00 NOTE
r-patched-linux-x86_64 1.0.1 2.36 38.10 40.46 NOTE
r-patched-solaris-sparc 1.0.1 482.10 NOTE
r-patched-solaris-x86 1.0.1 99.90 NOTE
r-release-linux-x86_64 1.0.1 2.40 39.20 41.60 NOTE
r-release-osx-x86_64-mavericks 1.0.1 NOTE
r-release-osx-x86_64-snowleopard 1.0.1 NOTE
r-release-windows-ix86+x86_64 1.0.1 8.00 55.00 63.00 NOTE
r-oldrel-windows-ix86+x86_64 1.0.1 11.00 68.00 79.00 OK

Check Details

Version: 1.0.1
Check: DESCRIPTION meta-information
Result: NOTE
    Malformed Title field: should not end in a period.
Flavors: r-devel-linux-x86_64-debian-clang, r-devel-linux-x86_64-debian-gcc, r-devel-linux-x86_64-fedora-clang, r-devel-linux-x86_64-fedora-gcc, r-devel-osx-x86_64-clang, r-devel-windows-ix86+x86_64, r-patched-linux-x86_64, r-patched-solaris-sparc, r-patched-solaris-x86, r-release-linux-x86_64, r-release-osx-x86_64-mavericks, r-release-osx-x86_64-snowleopard, r-release-windows-ix86+x86_64