CRAN Package Check Results for Package HCT

Last updated on 2023-03-29 17:50:10 CEST.

Flavor Version Tinstall Tcheck Ttotal Status Flags
r-devel-linux-x86_64-debian-clang 0.1.3 18.78 84.52 103.30 OK
r-devel-linux-x86_64-debian-gcc 0.1.3 15.92 63.33 79.25 OK
r-devel-linux-x86_64-fedora-clang 0.1.3 125.76 NOTE
r-devel-linux-x86_64-fedora-gcc 0.1.3 121.69 OK
r-devel-windows-x86_64 0.1.3 27.00 0.00 27.00 NOTE
r-patched-linux-x86_64 0.1.3 15.43 79.29 94.72 OK
r-release-linux-x86_64 0.1.3 15.68 83.91 99.59 OK
r-release-macos-arm64 0.1.3 51.00 NOTE
r-release-macos-x86_64 0.1.3 62.00 NOTE
r-release-windows-x86_64 0.1.3 36.00 111.00 147.00 NOTE
r-oldrel-macos-arm64 0.1.3 44.00 NOTE
r-oldrel-macos-x86_64 0.1.3 61.00 NOTE
r-oldrel-windows-ix86+x86_64 0.1.3 37.00 110.00 147.00 NOTE

Check Details

Version: 0.1.3
Check: installed package size
Result: NOTE
     installed size is 6.4Mb
     sub-directories of 1Mb or more:
     data 6.3Mb
Flavors: r-devel-linux-x86_64-fedora-clang, r-devel-windows-x86_64, r-release-macos-arm64, r-release-macos-x86_64, r-release-windows-x86_64, r-oldrel-macos-arm64, r-oldrel-macos-x86_64, r-oldrel-windows-ix86+x86_64