CRAN Package Check Results for Package HDBRR

Last updated on 2024-07-14 08:48:23 CEST.

Flavor Version Tinstall Tcheck Ttotal Status Flags
r-devel-linux-x86_64-debian-clang 1.1.4 10.01 77.59 87.60 NOTE
r-devel-linux-x86_64-debian-gcc 1.1.4 7.59 58.91 66.50 NOTE
r-devel-linux-x86_64-fedora-clang 1.1.4 110.99 NOTE
r-devel-linux-x86_64-fedora-gcc 1.1.4 118.00 NOTE
r-devel-windows-x86_64 1.1.4 9.00 102.00 111.00 NOTE
r-patched-linux-x86_64 1.1.4 8.80 73.40 82.20 NOTE
r-release-linux-x86_64 1.1.4 5.44 76.48 81.92 NOTE
r-release-macos-arm64 1.1.4 50.00 NOTE
r-release-macos-x86_64 1.1.4 89.00 NOTE
r-release-windows-x86_64 1.1.4 10.00 101.00 111.00 NOTE
r-oldrel-macos-arm64 1.1.4 44.00 OK
r-oldrel-macos-x86_64 1.1.4 68.00 OK
r-oldrel-windows-x86_64 1.1.4 12.00 105.00 117.00 OK

Check Details

Version: 1.1.4
Check: Rd files
Result: NOTE checkRd: (-1) phenowheat.Rd:18: Lost braces in \enumerate; meant \describe ? checkRd: (-1) phenowheat.Rd:19: Lost braces in \enumerate; meant \describe ? Flavors: r-devel-linux-x86_64-debian-clang, r-devel-linux-x86_64-debian-gcc, r-devel-linux-x86_64-fedora-clang, r-devel-linux-x86_64-fedora-gcc, r-devel-windows-x86_64, r-patched-linux-x86_64, r-release-linux-x86_64, r-release-macos-arm64, r-release-macos-x86_64, r-release-windows-x86_64