CRAN Package Check Results for Package HDMD

Last updated on 2015-08-04 23:48:14.

Flavor Version Tinstall Tcheck Ttotal Status Flags
r-devel-linux-x86_64-debian-clang 1.2 0.67 16.47 17.14 NOTE
r-devel-linux-x86_64-debian-gcc 1.2 0.94 16.19 17.14 NOTE
r-devel-linux-x86_64-fedora-clang 1.2 34.36 NOTE
r-devel-linux-x86_64-fedora-gcc 1.2 32.05 NOTE
r-devel-osx-x86_64-clang 1.2 32.82 OK
r-devel-windows-ix86+x86_64 1.2 5.00 29.00 34.00 NOTE
r-patched-linux-x86_64 1.2 0.69 16.35 17.04 NOTE
r-patched-solaris-sparc 1.2 216.50 OK
r-patched-solaris-x86 1.2 45.90 OK
r-release-linux-x86_64 1.2 0.70 16.74 17.45 NOTE
r-release-osx-x86_64-mavericks 1.2 OK
r-release-windows-ix86+x86_64 1.2 4.00 48.00 52.00 OK
r-oldrel-windows-ix86+x86_64 1.2 7.00 49.00 56.00 OK

Check Details

Version: 1.2
Check: R code for possible problems
Result: NOTE
    Promax.only: no visible global function definition for ‘lm.fit’
    factor.pa.ginv: no visible binding for global variable ‘median’
    factor.pa.ginv: no visible global function definition for ‘cor’
    factor.pa.ginv: no visible global function definition for ‘varimax’
    factor.pa.ginv: no visible global function definition for ‘pchisq’
    pairwise.mahalanobis: no visible global function definition for ‘cor’
    pairwise.mahalanobis: no visible global function definition for
     ‘mahalanobis’
    Undefined global functions or variables:
     cor lm.fit mahalanobis median pchisq varimax
    Consider adding
     importFrom("stats", "cor", "lm.fit", "mahalanobis", "median", "pchisq",
     "varimax")
    to your NAMESPACE.
Flavors: r-devel-linux-x86_64-debian-clang, r-devel-linux-x86_64-debian-gcc, r-devel-linux-x86_64-fedora-clang, r-devel-linux-x86_64-fedora-gcc, r-devel-windows-ix86+x86_64

Version: 1.2
Check: Rd line widths
Result: NOTE
    Rd file 'AminoAcids.Rd':
     \examples lines wider than 100 characters:
     Factor54 = factor.pa.ginv(AA54, nfactors = 5, m=3, prerotate=TRUE, rotate="Promax", scores="regression")
     Factor3d =scatterplot3d(Factor54$scores[,1:3], pch = AminoAcids, main="Factor Scores", box = FALSE, grid=FALSE, xlab="pah", ylab="pss ... [TRUNCATED]
     legend(x=5, y=4.5, legend=c("hydrophobic", "polar", "small"), col=c("blue", "green", "orange"), pch=21, box.lty =0)
    
    Rd file 'FactorTransform.Rd':
     \usage lines wider than 90 characters:
     FactorTransform(Source, Search = AminoAcids, Replace = AAMetric.Atchley, Factor = 1, bycol = TRUE, SeqName = NULL, alignment=FALSE, fi ... [TRUNCATED]
    
    Rd file 'HDMD-package.Rd':
     \examples lines wider than 100 characters:
     Factor54 = factor.pa.ginv(AA54, nfactors = 5, m=3, prerotate=TRUE, rotate="Promax", scores="regression")
     plot(-1*AA54_lda_RawMetric1Centered[,1], -1*AA54_lda_RawMetric1Centered[,2], pch = grouping, xlab="Canonical Variate 1", ylab="Canonica ... [TRUNCATED]
    
    Rd file 'NMI.Rd':
     \usage lines wider than 90 characters:
     NMI(Hx, Hy, Hxy, type = c("NULL", "marginal", "joint", "min.marginal", "max.marginal", "min.conditional", "max.conditional"))
    
    Rd file 'factor.pa.ginv.Rd':
     \usage lines wider than 90 characters:
     factor.pa.ginv(r, nfactors = 1, residuals = FALSE, prerotate = FALSE, rotate = "varimax", m = 4, n.obs = NA, scores = c("none", "regres ... [TRUNCATED]
     \examples lines wider than 100 characters:
     Factor54 = factor.pa.ginv(AA54, nfactors = 5, m=3, prerotate=TRUE, rotate="Promax", scores="regression")
     Factor3d =scatterplot3d(Factor54$scores[,1:3], pch = AminoAcids, main="Factor Scores", box = FALSE, grid=FALSE, xlab="pah", ylab="pss ... [TRUNCATED]
     legend(x=5, y=4.5, legend=c("hydrophobic", "polar", "small"), col=c("blue", "green", "orange"), pch=21, box.lty =0)
    
    These lines will be truncated in the PDF manual.
Flavors: r-devel-linux-x86_64-debian-clang, r-devel-linux-x86_64-debian-gcc, r-devel-linux-x86_64-fedora-clang, r-devel-linux-x86_64-fedora-gcc, r-patched-linux-x86_64, r-release-linux-x86_64