CRAN Package Check Results for Package HDMD

Last updated on 2014-09-02 05:46:34.

Flavor Version Tinstall Tcheck Ttotal Status Flags
r-devel-linux-x86_64-debian-clang 1.2 0.70 16.55 17.26 OK
r-devel-linux-x86_64-debian-gcc 1.2 0.74 18.26 19.00 OK
r-devel-linux-x86_64-fedora-clang 1.2 35.93 NOTE
r-devel-linux-x86_64-fedora-gcc 1.2 32.66 NOTE
r-devel-osx-x86_64-clang 1.2 34.87 OK
r-devel-windows-ix86+x86_64 1.2 3.00 29.00 32.00 OK
r-patched-linux-x86_64 1.2 0.76 17.32 18.08 OK
r-patched-solaris-sparc 1.2 207.70 OK
r-patched-solaris-x86 1.2 45.50 OK
r-release-linux-ix86 1.2 1.08 24.15 25.24 OK
r-release-linux-x86_64 1.2 0.75 17.62 18.36 OK
r-release-osx-x86_64-mavericks 1.2 OK
r-release-osx-x86_64-snowleopard 1.2 OK
r-release-windows-ix86+x86_64 1.2 3.00 27.00 30.00 OK
r-oldrel-windows-ix86+x86_64 1.2 4.00 29.00 33.00 OK

Check Details

Version: 1.2
Check: Rd line widths
Result: NOTE
    Rd file 'AminoAcids.Rd':
     \examples lines wider than 100 characters:
     Factor54 = factor.pa.ginv(AA54, nfactors = 5, m=3, prerotate=TRUE, rotate="Promax", scores="regression")
     Factor3d =scatterplot3d(Factor54$scores[,1:3], pch = AminoAcids, main="Factor Scores", box = FALSE, grid=FALSE, xlab="pah", ylab="pss ... [TRUNCATED]
     legend(x=5, y=4.5, legend=c("hydrophobic", "polar", "small"), col=c("blue", "green", "orange"), pch=21, box.lty =0)
    
    Rd file 'FactorTransform.Rd':
     \usage lines wider than 90 characters:
     FactorTransform(Source, Search = AminoAcids, Replace = AAMetric.Atchley, Factor = 1, bycol = TRUE, SeqName = NULL, alignment=FALSE, fi ... [TRUNCATED]
    
    Rd file 'HDMD-package.Rd':
     \examples lines wider than 100 characters:
     Factor54 = factor.pa.ginv(AA54, nfactors = 5, m=3, prerotate=TRUE, rotate="Promax", scores="regression")
     plot(-1*AA54_lda_RawMetric1Centered[,1], -1*AA54_lda_RawMetric1Centered[,2], pch = grouping, xlab="Canonical Variate 1", ylab="Canonica ... [TRUNCATED]
    
    Rd file 'NMI.Rd':
     \usage lines wider than 90 characters:
     NMI(Hx, Hy, Hxy, type = c("NULL", "marginal", "joint", "min.marginal", "max.marginal", "min.conditional", "max.conditional"))
    
    Rd file 'factor.pa.ginv.Rd':
     \usage lines wider than 90 characters:
     factor.pa.ginv(r, nfactors = 1, residuals = FALSE, prerotate = FALSE, rotate = "varimax", m = 4, n.obs = NA, scores = c("none", "regres ... [TRUNCATED]
     \examples lines wider than 100 characters:
     Factor54 = factor.pa.ginv(AA54, nfactors = 5, m=3, prerotate=TRUE, rotate="Promax", scores="regression")
     Factor3d =scatterplot3d(Factor54$scores[,1:3], pch = AminoAcids, main="Factor Scores", box = FALSE, grid=FALSE, xlab="pah", ylab="pss ... [TRUNCATED]
     legend(x=5, y=4.5, legend=c("hydrophobic", "polar", "small"), col=c("blue", "green", "orange"), pch=21, box.lty =0)
    
    These lines will be truncated in the PDF manual.
Flavors: r-devel-linux-x86_64-fedora-clang, r-devel-linux-x86_64-fedora-gcc