CRAN Package Check Results for Package HDMD

Last updated on 2014-11-27 17:47:32.

Flavor Version Tinstall Tcheck Ttotal Status Flags
r-devel-linux-x86_64-debian-clang 1.2 0.73 17.54 18.27 NOTE
r-devel-linux-x86_64-debian-gcc 1.2 0.72 17.22 17.94 NOTE
r-devel-linux-x86_64-fedora-clang 1.2 39.28 NOTE
r-devel-linux-x86_64-fedora-gcc 1.2 36.30 NOTE
r-devel-osx-x86_64-clang 1.2 37.89 OK
r-devel-windows-ix86+x86_64 1.2 3.00 26.00 29.00 OK
r-patched-linux-x86_64 1.2 0.73 18.52 19.26 NOTE
r-patched-solaris-sparc 1.2 207.70 OK
r-patched-solaris-x86 1.2 48.00 OK
r-release-linux-ix86 1.2 1.07 23.34 24.41 OK
r-release-linux-x86_64 1.2 0.76 17.99 18.76 NOTE
r-release-osx-x86_64-mavericks 1.2 OK
r-release-osx-x86_64-snowleopard 1.2 OK
r-release-windows-ix86+x86_64 1.2 3.00 29.00 32.00 OK
r-oldrel-windows-ix86+x86_64 1.2 4.00 26.00 30.00 OK

Check Details

Version: 1.2
Check: Rd line widths
Result: NOTE
    Rd file 'AminoAcids.Rd':
     \examples lines wider than 100 characters:
     Factor54 = factor.pa.ginv(AA54, nfactors = 5, m=3, prerotate=TRUE, rotate="Promax", scores="regression")
     Factor3d =scatterplot3d(Factor54$scores[,1:3], pch = AminoAcids, main="Factor Scores", box = FALSE, grid=FALSE, xlab="pah", ylab="pss ... [TRUNCATED]
     legend(x=5, y=4.5, legend=c("hydrophobic", "polar", "small"), col=c("blue", "green", "orange"), pch=21, box.lty =0)
    
    Rd file 'FactorTransform.Rd':
     \usage lines wider than 90 characters:
     FactorTransform(Source, Search = AminoAcids, Replace = AAMetric.Atchley, Factor = 1, bycol = TRUE, SeqName = NULL, alignment=FALSE, fi ... [TRUNCATED]
    
    Rd file 'HDMD-package.Rd':
     \examples lines wider than 100 characters:
     Factor54 = factor.pa.ginv(AA54, nfactors = 5, m=3, prerotate=TRUE, rotate="Promax", scores="regression")
     plot(-1*AA54_lda_RawMetric1Centered[,1], -1*AA54_lda_RawMetric1Centered[,2], pch = grouping, xlab="Canonical Variate 1", ylab="Canonica ... [TRUNCATED]
    
    Rd file 'NMI.Rd':
     \usage lines wider than 90 characters:
     NMI(Hx, Hy, Hxy, type = c("NULL", "marginal", "joint", "min.marginal", "max.marginal", "min.conditional", "max.conditional"))
    
    Rd file 'factor.pa.ginv.Rd':
     \usage lines wider than 90 characters:
     factor.pa.ginv(r, nfactors = 1, residuals = FALSE, prerotate = FALSE, rotate = "varimax", m = 4, n.obs = NA, scores = c("none", "regres ... [TRUNCATED]
     \examples lines wider than 100 characters:
     Factor54 = factor.pa.ginv(AA54, nfactors = 5, m=3, prerotate=TRUE, rotate="Promax", scores="regression")
     Factor3d =scatterplot3d(Factor54$scores[,1:3], pch = AminoAcids, main="Factor Scores", box = FALSE, grid=FALSE, xlab="pah", ylab="pss ... [TRUNCATED]
     legend(x=5, y=4.5, legend=c("hydrophobic", "polar", "small"), col=c("blue", "green", "orange"), pch=21, box.lty =0)
    
    These lines will be truncated in the PDF manual.
Flavors: r-devel-linux-x86_64-debian-clang, r-devel-linux-x86_64-debian-gcc, r-devel-linux-x86_64-fedora-clang, r-devel-linux-x86_64-fedora-gcc, r-patched-linux-x86_64, r-release-linux-x86_64