CRAN Package Check Results for Package HDclassif

Last updated on 2014-04-24 07:52:29.

Flavor Version Tinstall Tcheck Ttotal Status Flags
r-devel-linux-x86_64-debian-clang 1.2.2 0.75 24.34 25.08 NOTE
r-devel-linux-x86_64-debian-gcc 1.2.2 0.74 24.40 25.14 NOTE
r-devel-linux-x86_64-fedora-clang 1.2.2 47.29 NOTE
r-devel-linux-x86_64-fedora-gcc 1.2.2 46.12 NOTE
r-devel-osx-x86_64-clang 1.2.2 43.30 NOTE
r-devel-osx-x86_64-gcc 1.2.2 NOTE
r-devel-windows-ix86+x86_64 1.2.2 3.00 37.00 40.00 NOTE
r-patched-linux-x86_64 1.2.2 0.80 23.60 24.40 NOTE
r-patched-solaris-sparc 1.2.2 278.20 NOTE
r-patched-solaris-x86 1.2.2 60.00 NOTE
r-release-linux-ix86 1.2.2 2.00 42.00 44.00 NOTE
r-release-linux-x86_64 1.2.2 0.76 23.70 24.45 NOTE
r-release-osx-x86_64-mavericks 1.2.2 WARN
r-release-windows-ix86+x86_64 1.2.2 3.00 38.00 41.00 NOTE
r-oldrel-windows-ix86+x86_64 1.2.2 3.00 38.00 41.00 NOTE

Check Details

Version: 1.2.2
Check: dependencies in R code
Result: NOTE
    'library' or 'require' call to ‘MASS’ which was already attached by Depends.
     Please remove these calls from your code.
    See the information on DESCRIPTION files in the chapter ‘Creating R
    packages’ of the ‘Writing R Extensions’ manual.
Flavors: r-devel-linux-x86_64-debian-clang, r-devel-linux-x86_64-debian-gcc, r-devel-linux-x86_64-fedora-clang, r-devel-linux-x86_64-fedora-gcc, r-devel-osx-x86_64-clang, r-devel-osx-x86_64-gcc, r-devel-windows-ix86+x86_64, r-patched-linux-x86_64, r-patched-solaris-sparc, r-patched-solaris-x86, r-release-linux-ix86, r-release-linux-x86_64, r-release-osx-x86_64-mavericks, r-release-windows-ix86+x86_64, r-oldrel-windows-ix86+x86_64

Version: 1.2.2
Check: R code for possible problems
Result: NOTE
    demo_hddc: no visible binding for global variable ‘Crabs’
    
    Found the following calls to data() loading into the global environment:
    File ‘HDclassif/R/demo_hddc.R’:
     data(Crabs)
    See section ‘Good practice’ in ‘?data’.
Flavors: r-devel-linux-x86_64-debian-clang, r-devel-linux-x86_64-debian-gcc, r-devel-linux-x86_64-fedora-clang, r-devel-osx-x86_64-clang, r-patched-linux-x86_64, r-release-linux-ix86, r-release-linux-x86_64

Version: 1.2.2
Check: top-level files
Result: NOTE
    Non-standard file/directory found at top level:
     ‘HDclassif-Ex.R’
Flavors: r-devel-linux-x86_64-fedora-clang, r-devel-linux-x86_64-fedora-gcc

Version: 1.2.2
Check: Rd line widths
Result: NOTE
    Rd file 'hddc.Rd':
     \examples lines wider than 100 characters:
     #only to see the good classification rate and the confusion matrix:
    
    These lines will be truncated in the PDF manual.
Flavors: r-devel-linux-x86_64-fedora-clang, r-devel-linux-x86_64-fedora-gcc

Version: 1.2.2
Check: R code for possible problems
Result: NOTE
    demo_hddc: no visible binding for global variable ‘Crabs’
Flavors: r-devel-linux-x86_64-fedora-gcc, r-devel-osx-x86_64-gcc, r-devel-windows-ix86+x86_64, r-patched-solaris-sparc, r-patched-solaris-x86, r-release-osx-x86_64-mavericks, r-release-windows-ix86+x86_64, r-oldrel-windows-ix86+x86_64

Version: 1.2.2
Check: PDF version of manual
Result: WARNING
    LaTeX errors when creating PDF version.
    This typically indicates Rd problems.
    LaTeX errors found:
    ! LaTeX Error: File `upquote.sty' not found.
    
    Type X to quit or <RETURN> to proceed,
    or enter new name. (Default extension: sty)
    
    f8b8332/Rd2.tex:8: ==> Fatal error occurred, no output PDF file produced!
Flavor: r-release-osx-x86_64-mavericks