CRAN Package Check Results for Package HDclassif

Last updated on 2016-09-29 20:47:16.

Flavor Version Tinstall Tcheck Ttotal Status Flags
r-devel-linux-x86_64-debian-clang 2.0 2.29 52.41 54.70 NOTE
r-devel-linux-x86_64-debian-gcc 2.0 2.52 52.08 54.60 NOTE
r-devel-linux-x86_64-fedora-clang 2.0 132.93 NOTE
r-devel-linux-x86_64-fedora-gcc 2.0 103.65 NOTE
r-devel-macos-x86_64-clang 2.0 78.95 NOTE
r-devel-windows-ix86+x86_64 2.0 11.00 124.00 135.00 NOTE
r-patched-linux-x86_64 2.0 2.97 50.74 53.71 NOTE
r-patched-solaris-sparc 2.0 637.00 NOTE
r-patched-solaris-x86 2.0 131.00 NOTE
r-release-linux-x86_64 2.0 2.62 51.16 53.78 NOTE
r-release-osx-x86_64-mavericks 2.0 NOTE
r-release-windows-ix86+x86_64 2.0 7.00 109.00 116.00 NOTE
r-oldrel-windows-ix86+x86_64 2.0 10.00 112.00 122.00 NOTE

Check Details

Version: 2.0
Check: dependencies in R code
Result: NOTE
    There are ::: calls to the package's namespace in its code. A package
     almost never needs to use ::: for its own objects:
     ‘hddc_main’
Flavors: r-devel-linux-x86_64-debian-clang, r-devel-linux-x86_64-debian-gcc, r-devel-linux-x86_64-fedora-clang, r-devel-linux-x86_64-fedora-gcc, r-devel-macos-x86_64-clang, r-devel-windows-ix86+x86_64, r-patched-linux-x86_64, r-patched-solaris-sparc, r-patched-solaris-x86, r-release-linux-x86_64, r-release-osx-x86_64-mavericks, r-release-windows-ix86+x86_64, r-oldrel-windows-ix86+x86_64