CRAN Package Check Results for Package HDclassif

Last updated on 2016-12-04 12:47:47.

Flavor Version Tinstall Tcheck Ttotal Status Flags
r-devel-linux-x86_64-debian-clang 2.0 2.51 54.98 57.49 NOTE
r-devel-linux-x86_64-debian-gcc 2.0 2.74 53.99 56.73 NOTE
r-devel-linux-x86_64-fedora-clang 2.0 128.67 NOTE --no-stop-on-test-error
r-devel-linux-x86_64-fedora-gcc 2.0 119.57 NOTE
r-devel-macos-x86_64-clang 2.0 88.32 NOTE
r-devel-windows-ix86+x86_64 2.0 7.00 127.00 134.00 NOTE
r-patched-linux-x86_64 2.0 2.63 49.62 52.25 NOTE
r-patched-solaris-sparc 2.0 637.00 NOTE
r-patched-solaris-x86 2.0 129.80 NOTE
r-release-linux-x86_64 2.0 2.71 50.02 52.73 NOTE
r-release-osx-x86_64-mavericks 2.0 NOTE
r-release-windows-ix86+x86_64 2.0 10.00 83.00 93.00 NOTE
r-oldrel-windows-ix86+x86_64 2.0 7.00 90.00 97.00 NOTE

Check Details

Version: 2.0
Check: dependencies in R code
Result: NOTE
    There are ::: calls to the package's namespace in its code. A package
     almost never needs to use ::: for its own objects:
     ‘hddc_main’
Flavors: r-devel-linux-x86_64-debian-clang, r-devel-linux-x86_64-debian-gcc, r-devel-linux-x86_64-fedora-gcc, r-devel-macos-x86_64-clang, r-devel-windows-ix86+x86_64, r-patched-linux-x86_64, r-patched-solaris-sparc, r-patched-solaris-x86, r-release-linux-x86_64, r-release-osx-x86_64-mavericks, r-release-windows-ix86+x86_64, r-oldrel-windows-ix86+x86_64

Version: 2.0
Flags: --no-stop-on-test-error
Check: dependencies in R code
Result: NOTE
    There are ::: calls to the package's namespace in its code. A package
     almost never needs to use ::: for its own objects:
     ‘hddc_main’
Flavor: r-devel-linux-x86_64-fedora-clang