CRAN Package Check Results for Package HDclassif

Last updated on 2014-10-25 11:48:37.

Flavor Version Tinstall Tcheck Ttotal Status Flags
r-devel-linux-x86_64-debian-clang 1.2.2 0.70 24.20 24.91 NOTE
r-devel-linux-x86_64-debian-gcc 1.2.2 0.92 22.43 23.35 NOTE
r-devel-linux-x86_64-fedora-clang 1.2.2 45.97 NOTE
r-devel-linux-x86_64-fedora-gcc 1.2.2 42.69 NOTE
r-devel-osx-x86_64-clang 1.2.2 44.19 NOTE
r-devel-windows-ix86+x86_64 1.2.2 3.00 32.00 35.00 NOTE
r-patched-linux-x86_64 1.2.2 0.73 22.86 23.59 NOTE
r-patched-solaris-sparc 1.2.2 282.10 NOTE
r-patched-solaris-x86 1.2.2 60.40 NOTE
r-release-linux-ix86 1.2.2 1.05 31.57 32.62 NOTE
r-release-linux-x86_64 1.2.2 1.04 23.12 24.16 NOTE
r-release-osx-x86_64-mavericks 1.2.2 NOTE
r-release-windows-ix86+x86_64 1.2.2 3.00 36.00 39.00 NOTE
r-oldrel-windows-ix86+x86_64 1.2.2 3.00 37.00 40.00 NOTE

Check Details

Version: 1.2.2
Check: top-level files
Result: NOTE
    Non-standard file/directory found at top level:
     ‘HDclassif-Ex.R’
Flavors: r-devel-linux-x86_64-debian-clang, r-devel-linux-x86_64-debian-gcc, r-devel-linux-x86_64-fedora-clang, r-devel-linux-x86_64-fedora-gcc, r-patched-linux-x86_64, r-release-linux-x86_64

Version: 1.2.2
Check: dependencies in R code
Result: NOTE
    'library' or 'require' call to ‘MASS’ which was already attached by Depends.
     Please remove these calls from your code.
    See the information on DESCRIPTION files in the chapter ‘Creating R
    packages’ of the ‘Writing R Extensions’ manual.
Flavors: r-devel-linux-x86_64-debian-clang, r-devel-linux-x86_64-debian-gcc, r-devel-linux-x86_64-fedora-clang, r-devel-linux-x86_64-fedora-gcc, r-devel-osx-x86_64-clang, r-devel-windows-ix86+x86_64, r-patched-linux-x86_64, r-patched-solaris-sparc, r-patched-solaris-x86, r-release-linux-ix86, r-release-linux-x86_64, r-release-osx-x86_64-mavericks, r-release-windows-ix86+x86_64, r-oldrel-windows-ix86+x86_64

Version: 1.2.2
Check: R code for possible problems
Result: NOTE
    demo_hddc: no visible binding for global variable ‘Crabs’
    
    Found the following calls to data() loading into the global environment:
    File ‘HDclassif/R/demo_hddc.R’:
     data(Crabs)
    See section ‘Good practice’ in ‘?data’.
Flavors: r-devel-linux-x86_64-debian-clang, r-devel-linux-x86_64-debian-gcc, r-devel-linux-x86_64-fedora-clang, r-devel-osx-x86_64-clang, r-patched-linux-x86_64, r-release-linux-ix86, r-release-linux-x86_64

Version: 1.2.2
Check: Rd line widths
Result: NOTE
    Rd file 'hddc.Rd':
     \examples lines wider than 100 characters:
     #only to see the good classification rate and the confusion matrix:
    
    These lines will be truncated in the PDF manual.
Flavors: r-devel-linux-x86_64-debian-clang, r-devel-linux-x86_64-debian-gcc, r-devel-linux-x86_64-fedora-clang, r-devel-linux-x86_64-fedora-gcc, r-patched-linux-x86_64, r-release-linux-x86_64

Version: 1.2.2
Check: R code for possible problems
Result: NOTE
    demo_hddc: no visible binding for global variable ‘Crabs’
Flavors: r-devel-linux-x86_64-fedora-gcc, r-devel-windows-ix86+x86_64, r-patched-solaris-sparc, r-patched-solaris-x86, r-release-osx-x86_64-mavericks, r-release-windows-ix86+x86_64, r-oldrel-windows-ix86+x86_64