CRAN Package Check Results for Package HDclassif

Last updated on 2016-08-27 05:48:43.

Flavor Version Tinstall Tcheck Ttotal Status Flags
r-devel-linux-x86_64-debian-clang 2.0 3.25 54.77 58.02 NOTE
r-devel-linux-x86_64-debian-gcc 2.0 3.66 70.42 74.09 NOTE
r-devel-linux-x86_64-fedora-clang 2.0 110.26 NOTE
r-devel-linux-x86_64-fedora-gcc 2.0 104.88 NOTE
r-devel-osx-x86_64-clang 2.0 84.09 NOTE
r-devel-windows-ix86+x86_64 2.0 10.00 82.00 92.00 NOTE
r-patched-linux-x86_64 2.0 2.77 54.43 57.20 NOTE
r-patched-solaris-sparc 2.0 637.00 NOTE
r-patched-solaris-x86 2.0 130.50 NOTE
r-release-linux-x86_64 2.0 2.89 53.86 56.74 NOTE
r-release-osx-x86_64-mavericks 2.0 NOTE
r-release-windows-ix86+x86_64 2.0 10.00 94.00 104.00 NOTE
r-oldrel-windows-ix86+x86_64 2.0 9.00 132.00 141.00 NOTE

Check Details

Version: 2.0
Check: dependencies in R code
Result: NOTE
    There are ::: calls to the package's namespace in its code. A package
     almost never needs to use ::: for its own objects:
     ‘hddc_main’
Flavors: r-devel-linux-x86_64-debian-clang, r-devel-linux-x86_64-debian-gcc, r-devel-linux-x86_64-fedora-clang, r-devel-linux-x86_64-fedora-gcc, r-devel-osx-x86_64-clang, r-devel-windows-ix86+x86_64, r-patched-linux-x86_64, r-patched-solaris-sparc, r-patched-solaris-x86, r-release-linux-x86_64, r-release-osx-x86_64-mavericks, r-release-windows-ix86+x86_64, r-oldrel-windows-ix86+x86_64