CRAN Package Check Results for Package HGNChelper

Last updated on 2015-03-31 23:49:33.

Flavor Version Tinstall Tcheck Ttotal Status Flags
r-devel-linux-x86_64-debian-clang 0.3.1 0.78 13.82 14.60 NOTE
r-devel-linux-x86_64-debian-gcc 0.3.1 1.08 13.03 14.11 NOTE
r-devel-linux-x86_64-fedora-clang 0.3.1 29.12 NOTE
r-devel-linux-x86_64-fedora-gcc 0.3.1 24.74 NOTE
r-devel-osx-x86_64-clang 0.3.1 35.39 NOTE
r-prerel-windows-ix86+x86_64 0.3.1 4.00 21.00 25.00 NOTE
r-prerel-linux-x86_64 0.3.1 0.80 12.90 13.69 NOTE
r-prerel-solaris-sparc 0.3.1 176.30 NOTE
r-prerel-solaris-x86 0.3.1 39.40 NOTE
r-release-linux-x86_64 0.3.1 0.95 13.43 14.38 OK
r-release-osx-x86_64-mavericks 0.3.1 OK
r-release-osx-x86_64-snowleopard 0.3.1 OK
r-release-windows-ix86+x86_64 0.3.1 5.00 30.00 35.00 OK
r-oldrel-windows-ix86+x86_64 0.3.1 3.00 24.00 27.00 OK

Check Details

Version: 0.3.1
Check: DESCRIPTION meta-information
Result: NOTE
    Malformed Title field: should not end in a period.
Flavors: r-devel-linux-x86_64-debian-clang, r-devel-linux-x86_64-debian-gcc, r-devel-linux-x86_64-fedora-clang, r-devel-linux-x86_64-fedora-gcc, r-devel-osx-x86_64-clang, r-prerel-windows-ix86+x86_64, r-prerel-linux-x86_64, r-prerel-solaris-sparc, r-prerel-solaris-x86