CRAN Package Check Results for Package HGNChelper

Last updated on 2015-08-01 23:47:17.

Flavor Version Tinstall Tcheck Ttotal Status Flags
r-devel-linux-x86_64-debian-clang 0.3.1 0.76 12.69 13.45 NOTE
r-devel-linux-x86_64-debian-gcc 0.3.1 0.77 12.60 13.37 NOTE
r-devel-linux-x86_64-fedora-clang 0.3.1 26.28 NOTE
r-devel-linux-x86_64-fedora-gcc 0.3.1 26.75 NOTE
r-devel-osx-x86_64-clang 0.3.1 28.54 NOTE
r-devel-windows-ix86+x86_64 0.3.1 3.00 22.00 25.00 NOTE
r-patched-linux-x86_64 0.3.1 0.79 12.84 13.63 NOTE
r-patched-solaris-sparc 0.3.1 168.40 NOTE
r-patched-solaris-x86 0.3.1 39.00 NOTE
r-release-linux-x86_64 0.3.1 0.78 13.09 13.87 NOTE
r-release-osx-x86_64-mavericks 0.3.1 NOTE
r-release-windows-ix86+x86_64 0.3.1 3.00 22.00 25.00 NOTE
r-oldrel-windows-ix86+x86_64 0.3.1 5.00 30.00 35.00 OK

Check Details

Version: 0.3.1
Check: DESCRIPTION meta-information
Result: NOTE
    Malformed Title field: should not end in a period.
Flavors: r-devel-linux-x86_64-debian-clang, r-devel-linux-x86_64-debian-gcc, r-devel-linux-x86_64-fedora-clang, r-devel-linux-x86_64-fedora-gcc, r-devel-osx-x86_64-clang, r-devel-windows-ix86+x86_64, r-patched-linux-x86_64, r-patched-solaris-sparc, r-patched-solaris-x86, r-release-linux-x86_64, r-release-osx-x86_64-mavericks, r-release-windows-ix86+x86_64

Version: 0.3.1
Check: R code for possible problems
Result: NOTE
    checkGeneSymbols: no visible global function definition for ‘data’
    checkGeneSymbols: no visible global function definition for ‘is’
    findExcelGeneSymbols: no visible global function definition for
     ‘read.csv’
    Undefined global functions or variables:
     data is read.csv
    Consider adding
     importFrom("methods", "is")
     importFrom("utils", "data", "read.csv")
    to your NAMESPACE.
Flavors: r-devel-linux-x86_64-debian-clang, r-devel-linux-x86_64-debian-gcc, r-devel-linux-x86_64-fedora-clang, r-devel-linux-x86_64-fedora-gcc, r-devel-windows-ix86+x86_64