CRAN Package Check Results for Package HGNChelper

Last updated on 2016-12-09 13:46:59.

Flavor Version Tinstall Tcheck Ttotal Status Flags
r-devel-linux-x86_64-debian-clang 0.3.1 0.91 14.96 15.87 NOTE
r-devel-linux-x86_64-debian-gcc 0.3.1 0.97 14.90 15.87 NOTE
r-devel-linux-x86_64-fedora-clang 0.3.1 28.00 NOTE --no-stop-on-test-error
r-devel-linux-x86_64-fedora-gcc 0.3.1 27.58 NOTE --no-stop-on-test-error
r-devel-macos-x86_64-clang 0.3.1 26.36 NOTE --no-stop-on-test-error
r-devel-windows-ix86+x86_64 0.3.1 7.00 44.00 51.00 NOTE
r-patched-linux-x86_64 0.3.1 0.82 13.28 14.10 NOTE
r-patched-solaris-sparc 0.3.1 149.00 NOTE
r-patched-solaris-x86 0.3.1 34.50 NOTE
r-release-linux-x86_64 0.3.1 0.89 13.17 14.06 NOTE
r-release-osx-x86_64-mavericks 0.3.1 NOTE
r-release-windows-ix86+x86_64 0.3.1 4.00 31.00 35.00 NOTE
r-oldrel-windows-ix86+x86_64 0.3.1 4.00 28.00 32.00 NOTE

Check Details

Version: 0.3.1
Check: DESCRIPTION meta-information
Result: NOTE
    Malformed Title field: should not end in a period.
Flavors: r-devel-linux-x86_64-debian-clang, r-devel-linux-x86_64-debian-gcc, r-devel-windows-ix86+x86_64, r-patched-linux-x86_64, r-patched-solaris-sparc, r-patched-solaris-x86, r-release-linux-x86_64, r-release-osx-x86_64-mavericks, r-release-windows-ix86+x86_64, r-oldrel-windows-ix86+x86_64

Version: 0.3.1
Check: R code for possible problems
Result: NOTE
    checkGeneSymbols: no visible global function definition for ‘data’
    checkGeneSymbols: no visible global function definition for ‘is’
    findExcelGeneSymbols: no visible global function definition for
     ‘read.csv’
    Undefined global functions or variables:
     data is read.csv
    Consider adding
     importFrom("methods", "is")
     importFrom("utils", "data", "read.csv")
    to your NAMESPACE file (and ensure that your DESCRIPTION Imports field
    contains 'methods').
Flavors: r-devel-linux-x86_64-debian-clang, r-devel-linux-x86_64-debian-gcc, r-devel-windows-ix86+x86_64, r-patched-linux-x86_64, r-patched-solaris-sparc, r-patched-solaris-x86, r-release-linux-x86_64, r-release-osx-x86_64-mavericks, r-release-windows-ix86+x86_64

Version: 0.3.1
Flags: --no-stop-on-test-error
Check: DESCRIPTION meta-information
Result: NOTE
    Malformed Title field: should not end in a period.
Flavors: r-devel-linux-x86_64-fedora-clang, r-devel-linux-x86_64-fedora-gcc, r-devel-macos-x86_64-clang

Version: 0.3.1
Flags: --no-stop-on-test-error
Check: R code for possible problems
Result: NOTE
    checkGeneSymbols: no visible global function definition for ‘data’
    checkGeneSymbols: no visible global function definition for ‘is’
    findExcelGeneSymbols: no visible global function definition for
     ‘read.csv’
    Undefined global functions or variables:
     data is read.csv
    Consider adding
     importFrom("methods", "is")
     importFrom("utils", "data", "read.csv")
    to your NAMESPACE file (and ensure that your DESCRIPTION Imports field
    contains 'methods').
Flavors: r-devel-linux-x86_64-fedora-clang, r-devel-linux-x86_64-fedora-gcc, r-devel-macos-x86_64-clang