CRAN Package Check Results for Package HGNChelper

Last updated on 2015-09-03 18:47:07.

Flavor Version Tinstall Tcheck Ttotal Status Flags
r-devel-linux-x86_64-debian-clang 0.3.1 0.75 12.50 13.25 NOTE
r-devel-linux-x86_64-debian-gcc 0.3.1 0.75 12.08 12.83 NOTE
r-devel-linux-x86_64-fedora-clang 0.3.1 24.83 NOTE
r-devel-linux-x86_64-fedora-gcc 0.3.1 24.24 NOTE
r-devel-osx-x86_64-clang 0.3.1 27.06 NOTE
r-devel-windows-ix86+x86_64 0.3.1 3.00 24.00 27.00 NOTE
r-patched-linux-x86_64 0.3.1 0.82 13.18 13.99 NOTE
r-patched-solaris-sparc 0.3.1 168.40 NOTE
r-patched-solaris-x86 0.3.1 38.70 NOTE
r-release-linux-x86_64 0.3.1 0.80 13.67 14.47 NOTE
r-release-osx-x86_64-mavericks 0.3.1 NOTE
r-release-windows-ix86+x86_64 0.3.1 3.00 32.00 35.00 NOTE
r-oldrel-windows-ix86+x86_64 0.3.1 5.00 30.00 35.00 OK

Check Details

Version: 0.3.1
Check: DESCRIPTION meta-information
Result: NOTE
    Malformed Title field: should not end in a period.
Flavors: r-devel-linux-x86_64-debian-clang, r-devel-linux-x86_64-debian-gcc, r-devel-linux-x86_64-fedora-clang, r-devel-linux-x86_64-fedora-gcc, r-devel-osx-x86_64-clang, r-devel-windows-ix86+x86_64, r-patched-linux-x86_64, r-patched-solaris-sparc, r-patched-solaris-x86, r-release-linux-x86_64, r-release-osx-x86_64-mavericks, r-release-windows-ix86+x86_64

Version: 0.3.1
Check: R code for possible problems
Result: NOTE
    checkGeneSymbols: no visible global function definition for ‘data’
    checkGeneSymbols: no visible global function definition for ‘is’
    findExcelGeneSymbols: no visible global function definition for
     ‘read.csv’
    Undefined global functions or variables:
     data is read.csv
    Consider adding
     importFrom("methods", "is")
     importFrom("utils", "data", "read.csv")
    to your NAMESPACE (and ensure that your DESCRIPTION Imports field
    contains 'methods').
Flavors: r-devel-linux-x86_64-debian-clang, r-devel-linux-x86_64-debian-gcc, r-devel-linux-x86_64-fedora-clang, r-devel-linux-x86_64-fedora-gcc, r-devel-windows-ix86+x86_64