CRAN Package Check Results for Package HGNChelper

Last updated on 2015-04-18 08:48:43.

Flavor Version Tinstall Tcheck Ttotal Status Flags
r-devel-linux-x86_64-debian-clang 0.3.1 0.86 13.33 14.18 NOTE
r-devel-linux-x86_64-debian-gcc 0.3.1 0.83 13.54 14.37 NOTE
r-devel-linux-x86_64-fedora-clang 0.3.1 27.65 NOTE
r-devel-linux-x86_64-fedora-gcc 0.3.1 29.09 NOTE
r-devel-osx-x86_64-clang 0.3.1 32.44 NOTE
r-prerel-windows-ix86+x86_64 0.3.1 4.00 21.00 25.00 NOTE
r-prerel-linux-x86_64 0.3.1 0.86 12.99 13.85 NOTE
r-prerel-solaris-sparc 0.3.1 176.30 NOTE
r-prerel-solaris-x86 0.3.1 39.60 NOTE
r-release-linux-x86_64 0.3.1 0.84 13.55 14.39 OK
r-release-osx-x86_64-mavericks 0.3.1 OK
r-release-osx-x86_64-snowleopard 0.3.1 OK
r-release-windows-ix86+x86_64 0.3.1 5.00 30.00 35.00 OK
r-oldrel-windows-ix86+x86_64 0.3.1 3.00 24.00 27.00 OK

Check Details

Version: 0.3.1
Check: DESCRIPTION meta-information
Result: NOTE
    Malformed Title field: should not end in a period.
Flavors: r-devel-linux-x86_64-debian-clang, r-devel-linux-x86_64-debian-gcc, r-devel-linux-x86_64-fedora-clang, r-devel-linux-x86_64-fedora-gcc, r-devel-osx-x86_64-clang, r-prerel-windows-ix86+x86_64, r-prerel-linux-x86_64, r-prerel-solaris-sparc, r-prerel-solaris-x86