CRAN Package Check Results for Package HGNChelper

Last updated on 2016-09-28 11:50:09.

Flavor Version Tinstall Tcheck Ttotal Status Flags
r-devel-linux-x86_64-debian-clang 0.3.1 0.87 13.51 14.39 NOTE
r-devel-linux-x86_64-debian-gcc 0.3.1 0.88 13.51 14.38 NOTE
r-devel-linux-x86_64-fedora-clang 0.3.1 25.03 NOTE
r-devel-linux-x86_64-fedora-gcc 0.3.1 23.69 NOTE
r-devel-macos-x86_64-clang 0.3.1 23.26 NOTE
r-devel-windows-ix86+x86_64 0.3.1 5.00 29.00 34.00 NOTE
r-patched-linux-x86_64 0.3.1 0.88 13.65 14.53 NOTE
r-patched-solaris-sparc 0.3.1 149.00 NOTE
r-patched-solaris-x86 0.3.1 35.10 NOTE
r-release-linux-x86_64 0.3.1 0.81 13.66 14.47 NOTE
r-release-osx-x86_64-mavericks 0.3.1 NOTE
r-release-windows-ix86+x86_64 0.3.1 3.00 31.00 34.00 NOTE
r-oldrel-windows-ix86+x86_64 0.3.1 3.00 22.00 25.00 NOTE

Check Details

Version: 0.3.1
Check: DESCRIPTION meta-information
Result: NOTE
    Malformed Title field: should not end in a period.
Flavors: r-devel-linux-x86_64-debian-clang, r-devel-linux-x86_64-debian-gcc, r-devel-linux-x86_64-fedora-clang, r-devel-linux-x86_64-fedora-gcc, r-devel-macos-x86_64-clang, r-devel-windows-ix86+x86_64, r-patched-linux-x86_64, r-patched-solaris-sparc, r-patched-solaris-x86, r-release-linux-x86_64, r-release-osx-x86_64-mavericks, r-release-windows-ix86+x86_64, r-oldrel-windows-ix86+x86_64

Version: 0.3.1
Check: R code for possible problems
Result: NOTE
    checkGeneSymbols: no visible global function definition for ‘data’
    checkGeneSymbols: no visible global function definition for ‘is’
    findExcelGeneSymbols: no visible global function definition for
     ‘read.csv’
    Undefined global functions or variables:
     data is read.csv
    Consider adding
     importFrom("methods", "is")
     importFrom("utils", "data", "read.csv")
    to your NAMESPACE file (and ensure that your DESCRIPTION Imports field
    contains 'methods').
Flavors: r-devel-linux-x86_64-debian-clang, r-devel-linux-x86_64-debian-gcc, r-devel-linux-x86_64-fedora-clang, r-devel-linux-x86_64-fedora-gcc, r-devel-macos-x86_64-clang, r-devel-windows-ix86+x86_64, r-patched-linux-x86_64, r-patched-solaris-sparc, r-patched-solaris-x86, r-release-linux-x86_64, r-release-osx-x86_64-mavericks, r-release-windows-ix86+x86_64