CRAN Package Check Results for Package HH

Last updated on 2017-05-25 07:48:29.

Flavor Version Tinstall Tcheck Ttotal Status Flags
r-devel-linux-x86_64-debian-clang 3.1-34 6.74 142.28 149.03 OK
r-devel-linux-x86_64-debian-gcc 3.1-34 6.71 143.44 150.16 OK
r-devel-linux-x86_64-fedora-clang 3.1-34 311.79 OK --no-stop-on-test-error
r-devel-linux-x86_64-fedora-gcc 3.1-34 295.75 OK --no-stop-on-test-error
r-devel-windows-ix86+x86_64 3.1-34 20.00 244.00 264.00 OK
r-patched-linux-x86_64 3.1-34 6.97 146.49 153.46 OK
r-patched-solaris-sparc 3.1-34 1741.80 OK
r-patched-solaris-x86 3.1-34 353.50 OK
r-release-linux-x86_64 3.1-34 7.07 145.64 152.72 OK
r-release-windows-ix86+x86_64 3.1-34 23.00 242.00 265.00 OK
r-release-osx-x86_64 3.1-34 ERROR
r-oldrel-windows-ix86+x86_64 3.1-34 32.00 296.00 328.00 OK
r-oldrel-osx-x86_64 3.1-34 OK

Check Details

Version: 3.1-34
Check: package dependencies
Result: ERROR
    Package required but not available: ‘Rmpfr’
    
    Package suggested but not available for checking: ‘RcmdrPlugin.HH’
    
    See section ‘The DESCRIPTION file’ in the ‘Writing R Extensions’
    manual.
Flavor: r-release-osx-x86_64