CRAN Package Check Results for Package HH

Last updated on 2017-08-20 15:48:43.

Flavor Version Tinstall Tcheck Ttotal Status Flags
r-devel-linux-x86_64-debian-clang 3.1-34 6.86 138.77 145.62 OK
r-devel-linux-x86_64-debian-gcc 3.1-34 6.51 137.77 144.28 OK
r-devel-linux-x86_64-fedora-clang 3.1-34 316.43 OK
r-devel-linux-x86_64-fedora-gcc 3.1-34 328.94 OK
r-devel-windows-ix86+x86_64 3.1-34 21.00 212.00 233.00 OK
r-patched-linux-x86_64 3.1-34 7.00 148.11 155.11 OK
r-patched-solaris-x86 3.1-34 356.40 OK
r-release-linux-x86_64 3.1-34 6.86 147.44 154.29 OK
r-release-windows-ix86+x86_64 3.1-34 27.00 216.00 243.00 OK
r-release-osx-x86_64 3.1-34 NOTE
r-oldrel-windows-ix86+x86_64 3.1-34 23.00 209.00 232.00 OK
r-oldrel-osx-x86_64 3.1-34 OK

Check Details

Version: 3.1-34
Check: package dependencies
Result: NOTE
    Package suggested but not available for checking: ‘RcmdrPlugin.HH’
Flavor: r-release-osx-x86_64