CRAN Package Check Results for Package HH

Last updated on 2015-04-26 23:46:49.

Flavor Version Tinstall Tcheck Ttotal Status Flags
r-devel-linux-x86_64-debian-clang 3.1-15 8.29 134.33 142.62 OK
r-devel-linux-x86_64-debian-gcc 3.1-15 7.59 129.43 137.02 OK
r-devel-linux-x86_64-fedora-clang 3.1-15 277.68 OK
r-devel-linux-x86_64-fedora-gcc 3.1-15 260.95 OK
r-devel-osx-x86_64-clang 3.1-15 252.12 OK
r-devel-windows-ix86+x86_64 3.1-15 52.00 191.00 243.00 OK
r-patched-linux-x86_64 3.1-15 8.04 132.18 140.21 OK
r-patched-solaris-sparc 3.1-15 1588.70 OK
r-patched-solaris-x86 3.1-15 382.70 OK
r-release-linux-x86_64 3.1-15 10.04 132.40 142.44 OK
r-release-osx-x86_64-mavericks 3.1-15 NOTE
r-release-osx-x86_64-snowleopard 3.1-15 ERROR
r-release-windows-ix86+x86_64 3.1-15 56.00 189.00 245.00 OK
r-oldrel-windows-ix86+x86_64 3.1-15 78.00 276.00 354.00 OK

Check Details

Version: 3.1-15
Check: package dependencies
Result: NOTE
    Package suggested but not available for checking: ‘RcmdrPlugin.HH’
Flavor: r-release-osx-x86_64-mavericks

Version: 3.1-15
Check: package dependencies
Result: ERROR
    Packages required but not available:
     ‘latticeExtra’ ‘multcomp’ ‘gridExtra’ ‘Rcmdr’
    
    Packages suggested but not available for checking: ‘car’ ‘RcmdrPlugin.HH’
    
    See section ‘The DESCRIPTION file’ in the ‘Writing R Extensions’
    manual.
Flavor: r-release-osx-x86_64-snowleopard