CRAN Package Check Results for Package HH

Last updated on 2015-01-28 03:49:13.

Flavor Version Tinstall Tcheck Ttotal Status Flags
r-devel-linux-x86_64-debian-clang 3.1-14 4.93 107.60 112.53 NOTE
r-devel-linux-x86_64-debian-gcc 3.1-14 5.15 102.67 107.82 NOTE
r-devel-linux-x86_64-fedora-clang 3.1-14 256.98 NOTE
r-devel-linux-x86_64-fedora-gcc 3.1-14 255.71 NOTE
r-devel-osx-x86_64-clang 3.1-14 238.07 NOTE
r-devel-windows-ix86+x86_64 3.1-14 28.00 141.00 169.00 OK
r-patched-linux-x86_64 3.1-14 7.64 132.70 140.35 OK
r-patched-solaris-sparc 3.1-14 1381.30 OK
r-patched-solaris-x86 3.1-14 364.70 OK
r-release-linux-ix86 3.1-14 9.22 159.42 168.64 OK
r-release-linux-x86_64 3.1-14 7.47 137.24 144.71 OK
r-release-osx-x86_64-mavericks 3.1-14 OK
r-release-osx-x86_64-snowleopard 3.1-14 OK
r-release-windows-ix86+x86_64 3.1-14 34.00 245.00 279.00 OK
r-oldrel-windows-ix86+x86_64 3.1-14 37.00 251.00 288.00 OK

Check Details

Version: 3.1-14
Check: S3 generic/method consistency
Result: NOTE
    Found the following apparent S3 methods exported but not registered:
     units.ts as.numeric.positioned
    See section ‘Registering S3 methods’ in the ‘Writing R Extensions’
    manual.
Flavors: r-devel-linux-x86_64-debian-clang, r-devel-linux-x86_64-debian-gcc, r-devel-linux-x86_64-fedora-clang, r-devel-linux-x86_64-fedora-gcc, r-devel-osx-x86_64-clang