CRAN Package Check Results for Package HH

Last updated on 2017-10-17 14:46:34.

Flavor Version Tinstall Tcheck Ttotal Status Flags
r-devel-linux-x86_64-debian-clang 3.1-34 6.60 146.50 153.10 OK
r-devel-linux-x86_64-debian-gcc 3.1-34 6.72 157.17 163.89 OK
r-devel-linux-x86_64-fedora-clang 3.1-34 302.00 OK
r-devel-linux-x86_64-fedora-gcc 3.1-34 314.01 OK
r-devel-windows-ix86+x86_64 3.1-34 20.00 220.00 240.00 OK
r-patched-linux-x86_64 3.1-34 6.96 143.48 150.44 OK
r-patched-solaris-x86 3.1-34 361.20 OK
r-release-linux-x86_64 3.1-34 6.71 142.86 149.57 OK
r-release-windows-ix86+x86_64 3.1-34 31.00 307.00 338.00 OK
r-release-osx-x86_64 3.1-34 NOTE
r-oldrel-windows-ix86+x86_64 3.1-34 31.00 294.00 325.00 OK
r-oldrel-osx-x86_64 3.1-34 OK

Check Details

Version: 3.1-34
Check: package dependencies
Result: NOTE
    Package suggested but not available for checking: ‘RcmdrPlugin.HH’
Flavor: r-release-osx-x86_64