CRAN Package Check Results for Package HH

Last updated on 2015-07-07 21:46:36.

Flavor Version Tinstall Tcheck Ttotal Status Flags
r-devel-linux-x86_64-debian-clang 3.1-19 5.26 105.15 110.40 NOTE
r-devel-linux-x86_64-debian-gcc 3.1-19 5.23 100.80 106.04 NOTE
r-devel-linux-x86_64-fedora-clang 3.1-19 216.09 NOTE
r-devel-linux-x86_64-fedora-gcc 3.1-19 200.40 NOTE
r-devel-osx-x86_64-clang 3.1-19 194.75 OK
r-devel-windows-ix86+x86_64 3.1-19 22.00 178.00 200.00 NOTE
r-patched-linux-x86_64 3.1-19 6.41 102.20 108.61 OK
r-patched-solaris-sparc 3.1-19 1145.70 OK
r-patched-solaris-x86 3.1-19 256.80 OK
r-release-linux-x86_64 3.1-19 6.52 101.46 107.98 OK
r-release-osx-x86_64-mavericks 3.1-19 OK
r-release-windows-ix86+x86_64 3.1-19 33.00 159.00 192.00 OK
r-oldrel-windows-ix86+x86_64 3.1-19 38.00 227.00 265.00 OK

Check Details

Version: 3.1-19
Check: R code for possible problems
Result: NOTE
    AEdotplot.formula: no visible global function definition for
     ‘as.formula’
    AEmatchSortorder: no visible global function definition for ‘update’
    ColorWithAlpha: no visible global function definition for ‘rgb’
    ColorWithAlpha: no visible global function definition for ‘col2rgb’
    F.curve: no visible global function definition for ‘par’
    F.curve: no visible global function definition for ‘lines’
    F.curve: no visible global function definition for ‘polygon’
    F.curve: no visible global function definition for ‘axis’
    F.curve: no visible global function definition for ‘mtext’
    F.observed: no visible global function definition for ‘abline’
    F.observed: no visible global function definition for ‘arrows’
    F.observed: no visible global function definition for ‘par’
    F.observed: no visible global function definition for ‘axis’
    F.observed: no visible global function definition for ‘mtext’
    F.observed: no visible global function definition for ‘lines’
    F.setup: no visible global function definition for ‘plot’
    F.setup: no visible global function definition for ‘abline’
    F.setup: no visible global function definition for ‘axis’
    MainSimpler: no visible global function definition for ‘hat’
    NormalAndTPower : pfunction: no visible global function definition for
     ‘pnorm’
    NormalAndTPower: no visible binding for global variable ‘pt’
    NormalAndTplot.default : dfunction: no visible global function
     definition for ‘dnorm’
    NormalAndTplot.default : qfunction: no visible global function
     definition for ‘qnorm’
    NormalAndTplot.default : pfunction: no visible global function
     definition for ‘pnorm’
    NormalAndTplot.default : dfunction: no visible global function
     definition for ‘dt’
    NormalAndTplot.default: no visible binding for global variable ‘qt’
    NormalAndTplot.default : pfunction: no visible global function
     definition for ‘pt’
    OddsRatio: no visible global function definition for ‘qnorm’
    OneWayVarPlot: no visible global function definition for ‘update’
    ResizeEtc: no visible global function definition for ‘update’
    X.residuals.default: no visible binding for global variable
     ‘na.exclude’
    X.residuals.default: no visible global function definition for ‘lm’
    X.residuals.default: no visible global function definition for ‘resid’
    X.residuals.formula: no visible binding for global variable
     ‘na.exclude’
    X.residuals.formula: no visible global function definition for ‘lm’
    X.residuals.lm: no visible binding for global variable ‘na.exclude’
    X.residuals.lm: no visible global function definition for ‘update’
    acf.pacf.plot: no visible global function definition for ‘frequency’
    acf.pacf.plot: no visible global function definition for ‘acf’
    ancova: no visible global function definition for ‘aov’
    ancova: no visible global function definition for ‘coef’
    ancova: no visible global function definition for ‘contrasts’
    ancovaplot.formula: no visible global function definition for ‘lm’
    ancovaplot.formula: no visible global function definition for ‘coef’
    ancovaplot.formula: no visible global function definition for ‘aov’
    ancovaplot.formula : <anonymous>: no visible global function definition
     for ‘coef’
    ancovaplot.formula : <anonymous>: no visible global function definition
     for ‘aov’
    anova.ancovaplot: no visible global function definition for ‘anova’
    anovaMean: no visible global function definition for ‘pf’
    aovStatementAndAnova.ancovaplot: no visible global function definition
     for ‘anova’
    aovSufficient: no visible global function definition for ‘aov’
    as.multicomp.glht: no visible global function definition for ‘terms’
    as.multicomp.glht: no visible global function definition for ‘confint’
    as.rts: no visible global function definition for ‘as.ts’
    brewer.pal.likert: no visible global function definition for
     ‘colorRampPalette’
    c.AEdotplot: no visible global function definition for ‘update’
    case.lm: no visible global function definition for ‘summary.lm’
    case.lm: no visible global function definition for ‘lm.influence’
    case.lm: no visible global function definition for ‘resid’
    case.lm: no visible global function definition for ‘coef’
    chisq.curve: no visible global function definition for ‘par’
    chisq.curve: no visible global function definition for ‘lines’
    chisq.curve: no visible global function definition for ‘polygon’
    chisq.curve: no visible global function definition for ‘axis’
    chisq.curve: no visible global function definition for ‘mtext’
    chisq.observed: no visible global function definition for ‘abline’
    chisq.observed: no visible global function definition for ‘arrows’
    chisq.observed: no visible global function definition for ‘par’
    chisq.observed: no visible global function definition for ‘axis’
    chisq.observed: no visible global function definition for ‘mtext’
    chisq.observed: no visible global function definition for ‘lines’
    chisq.setup: no visible global function definition for ‘plot’
    chisq.setup: no visible global function definition for ‘abline’
    chisq.setup: no visible global function definition for ‘axis’
    ci.plot.lm: no visible global function definition for ‘model.frame’
    ci.plot.lm: no visible global function definition for ‘formula’
    ci.plot.lm: no visible global function definition for ‘predict’
    col.hh: no visible global function definition for ‘heat.colors’
    cp.calc: no visible global function definition for ‘var’
    dchisq.intermediate: no visible global function definition for ‘dchisq’
    df.intermediate: no visible global function definition for ‘df’
    diag.arma.loop: no visible global function definition for ‘acf’
    diag.arma.loop: no visible binding for global variable ‘na.pass’
    diag.arma.loop: no visible global function definition for ‘pacf’
    diag.arma.loop: no visible binding for global variable ‘Box.test’
    diagQQ: no visible global function definition for ‘resid’
    diagplot5new: no visible global function definition for ‘predict’
    diagplot5new: no visible global function definition for ‘resid’
    diagplot5new: no visible global function definition for ‘na.exclude’
    do.formula.trellis.xysplom: no visible binding for global variable
     ‘na.pass’
    do.formula.trellis.xysplom: no visible global function definition for
     ‘terms’
    do.formula.trellis.xysplom: no visible global function definition for
     ‘model.frame’
    dstrplotContinuous: no visible global function definition for ‘ppoints’
    dstrplotDiscrete: no visible global function definition for ‘update’
    emptyMainLeftAxisLeftStripBottomLegend: no visible global function
     definition for ‘update’
    export.eps: no visible global function definition for ‘dev.copy2eps’
    getVarNames: no visible global function definition for ‘as.formula’
    gof.calculation: no visible global function definition for ‘pchisq’
    hov.bf: no visible binding for global variable ‘median’
    hov.bf: no visible global function definition for ‘aov’
    hovBF: no visible binding for global variable ‘median’
    hovBF: no visible global function definition for ‘aov’
    hovPlot.bf: no visible binding for global variable ‘median’
    hovplotBF: no visible binding for global variable ‘median’
    hovplotBF: no visible global function definition for ‘update’
    interval.glm: no visible global function definition for ‘predict’
    interval.glm: no visible global function definition for ‘qt’
    interval.glm: no visible global function definition for ‘family’
    ladder: no visible global function definition for ‘formula’
    ladder: no visible global function definition for ‘par’
    lattice.hist.constructor: no visible global function definition for
     ‘hist’
    lattice.t.trellis: no visible global function definition for ‘update’
    latticeresids : <anonymous>: no visible global function definition for
     ‘lm’
    leftLabels.trellis: no visible global function definition for ‘update’
    lmplot: no visible global function definition for ‘update’
    mainSubLegend.trellis: no visible global function definition for
     ‘update’
    mcalinfct: no visible global function definition for ‘terms’
    mmc.default: no visible global function definition for ‘terms’
    mmc.default : is.contr.treatment: no visible global function definition
     for ‘contrasts’
    mmc.default : is.contr.treatment: no visible global function definition
     for ‘contr.treatment’
    mmc.default: no visible global function definition for ‘confint’
    mmcboth: no visible global function definition for ‘update’
    multcomp.meanslinfct: no visible global function definition for ‘terms’
    multcomp.meanslinfct: no visible global function definition for
     ‘model.matrix’
    multcomp.meanslinfct: no visible global function definition for
     ‘aggregate’
    norm.curve: no visible global function definition for ‘par’
    norm.curve: no visible global function definition for ‘qnorm’
    norm.curve: no visible global function definition for ‘qt’
    norm.curve : dfunction: no visible global function definition for
     ‘dnorm’
    norm.curve : dfunction: no visible global function definition for ‘dt’
    norm.curve : pfunction: no visible global function definition for
     ‘pnorm’
    norm.curve : pfunction: no visible global function definition for ‘pt’
    norm.curve: no visible global function definition for ‘lines’
    norm.curve: no visible global function definition for ‘axis’
    norm.curve: no visible global function definition for ‘mtext’
    norm.curve: no visible global function definition for ‘polygon’
    norm.curve: no visible global function definition for ‘arrows’
    norm.curve: no visible global function definition for ‘abline’
    norm.observed: no visible global function definition for ‘par’
    norm.observed: no visible global function definition for ‘abline’
    norm.observed: no visible global function definition for ‘arrows’
    norm.observed: no visible global function definition for ‘axis’
    norm.observed: no visible global function definition for ‘mtext’
    norm.outline: no visible global function definition for ‘dnorm’
    norm.outline: no visible global function definition for ‘dt’
    norm.outline: no visible global function definition for ‘lines’
    norm.setup: no visible global function definition for ‘plot’
    norm.setup: no visible global function definition for ‘axis’
    normal.and.t.dist : pfunction: no visible global function definition
     for ‘pnorm’
    normal.and.t.dist : pfunction: no visible global function definition
     for ‘pt’
    normal.and.t.dist : qfunction: no visible global function definition
     for ‘qnorm’
    normal.and.t.dist : qfunction: no visible global function definition
     for ‘qt’
    normal.and.t.dist : dfunction: no visible global function definition
     for ‘dnorm’
    normal.and.t.dist : dfunction: no visible global function definition
     for ‘dt’
    normal.and.t.dist: no visible global function definition for ‘par’
    orthog.construct: no visible global function definition for ‘lm’
    orthog.construct: no visible global function definition for ‘coef’
    panel.ae.rightplot: no visible binding for global variable ‘segments’
    panel.ae.rightplot: no visible binding for global variable ‘points’
    panel.ancova: no visible global function definition for ‘lm’
    panel.barchartt: no visible global function definition for ‘par’
    panel.barchartt: no visible global function definition for ‘polygon’
    panel.bwplott: no visible global function definition for ‘par’
    panel.bwplott: no visible global function definition for ‘quantile’
    panel.cartesian: no visible global function definition for ‘par’
    panel.cartesian: no visible global function definition for ‘axis’
    panel.cartesian: no visible global function definition for ‘mtext’
    panel.case: no visible global function definition for ‘par’
    panel.case: no visible global function definition for ‘axis’
    panel.ci.plot: no visible global function definition for ‘axis’
    panel.dotplot.tb: no visible global function definition for ‘points’
    panel.dotplott: no visible global function definition for ‘abline’
    panel.dotplott: no visible global function definition for ‘points’
    panel.histogram.hh: no visible global function definition for
     ‘quantile’
    panel.interaction2wt: no visible binding for global variable ‘lines’
    panel.interaction2wt: no visible global function definition for ‘axis’
    panel.interaction2wt: no visible global function definition for ‘mtext’
    panel.interaction2wt: no visible global function definition for ‘par’
    panel.pairs.hh: no visible global function definition for ‘par’
    panelOnly.trellis: no visible global function definition for ‘update’
    partial.corr: no visible global function definition for ‘cor’
    partial.corr: no visible global function definition for ‘residuals’
    partial.corr: no visible global function definition for ‘lsfit’
    pchisq.intermediate: no visible global function definition for ‘pchisq’
    perspPlane: no visible binding for global variable ‘trans3d’
    perspPlane: no visible global function definition for ‘segments’
    pf.intermediate: no visible global function definition for ‘pf’
    plot.case: no visible global function definition for ‘summary.lm’
    plot.case: no visible global function definition for ‘par’
    plot.likert.formula: no visible global function definition for
     ‘as.formula’
    plot.likert.formula.old: no visible global function definition for
     ‘as.formula’
    plot.mmc.multicomp: no visible global function definition for ‘par’
    plot.mmc.multicomp: no visible global function definition for ‘plot’
    plot.mmc.multicomp: no visible global function definition for ‘box’
    plot.mmc.multicomp: no visible global function definition for ‘title’
    plot.mmc.multicomp: no visible global function definition for ‘axis’
    plot.mmc.multicomp: no visible global function definition for ‘mtext’
    plot.mmc.multicomp: no visible global function definition for
     ‘segments’
    plot.mmc.multicomp: no visible global function definition for ‘abline’
    plot.mmc.multicomp: no visible global function definition for ‘text’
    plot.multicomp: no visible global function definition for ‘plot’
    plot.multicomp: no visible global function definition for ‘confint’
    plot.multicomp.adjusted: no visible global function definition for
     ‘confint’
    plot.multicomp.adjusted: no visible global function definition for
     ‘plot’
    plot.multicomp.hh: no visible global function definition for ‘par’
    plot.multicomp.hh: no visible global function definition for ‘plot’
    plot.multicomp.hh: no visible global function definition for ‘points’
    plot.multicomp.hh: no visible global function definition for ‘segments’
    plot.multicomp.hh: no visible global function definition for ‘axis’
    plot.multicomp.hh: no visible global function definition for ‘text’
    plot.multicomp.hh: no visible global function definition for ‘lines’
    plot.summaryHH.regsubsets: no visible global function definition for
     ‘plot’
    plot.summaryHH.regsubsets: no visible global function definition for
     ‘par’
    plot.summaryHH.regsubsets: no visible global function definition for
     ‘abline’
    plot.summaryHH.regsubsets: no visible global function definition for
     ‘text’
    plot.summaryHH.regsubsets: no visible global function definition for
     ‘locator’
    plotMatchMMC: no visible global function definition for ‘par’
    plotMatchMMC: no visible global function definition for ‘plot’
    plotMatchMMC: no visible global function definition for ‘mtext’
    plotMatchMMC: no visible global function definition for ‘axis’
    plotMatchMMC: no visible global function definition for ‘segments’
    plotOddsRatio: no visible global function definition for ‘update’
    plotOddsRatio.base: no visible global function definition for ‘par’
    plotOddsRatio.base: no visible global function definition for ‘matplot’
    plotOddsRatio.base: no visible global function definition for ‘abline’
    plotOddsRatio.base: no visible global function definition for ‘points’
    plotOddsRatio.base: no visible global function definition for ‘legend’
    plotOddsRatio.base: no visible global function definition for
     ‘matlines’
    powerplot.NormalAndTplot: no visible global function definition for
     ‘update’
    print.AEdotplot: no visible global function definition for ‘update’
    print.ancova: no visible global function definition for ‘anova’
    print.latticeresids: no visible global function definition for ‘update’
    print.pyramidLikert: no visible global function definition for ‘update’
    print.tsacfplots: no visible global function definition for ‘update’
    print2.tsdiagplot: no visible global function definition for ‘par’
    print3.tsdiagplot: no visible global function definition for ‘update’
    printOld.AEdotplot: no visible global function definition for ‘update’
    printOld.AEdotplot: no visible global function definition for ‘par’
    qchisq.intermediate: no visible global function definition for ‘qchisq’
    qf.intermediate: no visible global function definition for ‘qf’
    rearrange.diag.arma.loop: no visible global function definition for
     ‘time’
    rearrange.diag.arma.loop : tspar: no visible global function definition
     for ‘tsp’
    rearrangeAICplot: no visible global function definition for ‘update’
    regr1.plot: no visible global function definition for ‘lm’
    regr1.plot: no visible global function definition for ‘par’
    regr1.plot: no visible global function definition for ‘plot’
    regr1.plot: no visible global function definition for ‘predict’
    regr1.plot: no visible global function definition for ‘lines’
    regr1.plot: no visible global function definition for ‘points’
    regr2.plot: no visible binding for global variable ‘trans3d’
    regr2.plot: no visible global function definition for ‘lm’
    regr2.plot: no visible global function definition for ‘predict’
    regr2.plot: no visible global function definition for ‘persp’
    regr2.plot: no visible global function definition for ‘title’
    regr2.plot: no visible global function definition for ‘trans3d’
    regr2.plot: no visible global function definition for ‘points’
    regr2.plot: no visible global function definition for ‘segments’
    regrresidplot: no visible global function definition for ‘lm’
    regrresidplot : <anonymous>: no visible global function definition for
     ‘predict’
    regrresidplot : <anonymous>: no visible global function definition for
     ‘fitted’
    resid.squares: no visible global function definition for ‘par’
    resid.squares: no visible global function definition for ‘symbols’
    residVSfitted: no visible global function definition for ‘predict’
    residVSfitted: no visible global function definition for ‘resid’
    residual.plots: no visible binding for global variable ‘na.pass’
    residual.plots: no visible global function definition for ‘as.formula’
    residual.plots: no visible global function definition for ‘resid’
    residual.plots: no visible global function definition for ‘predict’
    residual.plots.lattice: no visible binding for global variable
     ‘na.pass’
    residual.plots.lattice: no visible global function definition for
     ‘as.formula’
    residual.plots.lattice: no visible global function definition for
     ‘resid’
    residual.plots.lattice: no visible global function definition for
     ‘predict’
    rightLabels.trellis: no visible global function definition for ‘update’
    scaleLocation: no visible global function definition for ‘predict’
    scaleLocation: no visible global function definition for ‘resid’
    seqplot.default: no visible global function definition for ‘cycle’
    seqplot.ts: no visible global function definition for ‘cycle’
    seqplot.ts: no visible global function definition for ‘time’
    seqplot.ts: no visible global function definition for ‘frequency’
    seqplotForecast: no visible global function definition for ‘pnorm’
    seqplotForecast: no visible global function definition for ‘ts’
    seqplotForecast: no visible global function definition for ‘time’
    seqplotForecast: no visible global function definition for ‘frequency’
    showHexInternal: no visible global function definition for ‘is’
    strip.xysplom: no visible global function definition for ‘cor’
    strip.xysplom: no visible global function definition for ‘na.exclude’
    strip.xysplom: no visible global function definition for ‘coef’
    strip.xysplom: no visible global function definition for ‘lm’
    strip.xysplom: no visible binding for global variable ‘na.exclude’
    sufficient : <anonymous>: no visible global function definition for
     ‘sd’
    summaryHH.regsubsets: no visible global function definition for ‘par’
    title.trellis: no visible global function definition for ‘title’
    update.AEdotplot: no visible binding for global variable ‘update’
    useOuterStripsT2L1: no visible global function definition for ‘update’
    vcovSufficient: no visible global function definition for ‘update’
    vcovSufficient: no visible global function definition for ‘anova’
    vif.default: no visible binding for global variable ‘na.exclude’
    vif.default: no visible global function definition for ‘lm’
    vif.formula: no visible binding for global variable ‘na.exclude’
    vif.formula: no visible global function definition for ‘lm’
    vif.lm: no visible binding for global variable ‘na.exclude’
    vif.lm: no visible global function definition for ‘update’
    xysplom.default : panel: no visible global function definition for ‘lm’
    xysplom.default : panel: no visible binding for global variable
     ‘na.exclude’
    xysplom.formula: no visible binding for global variable ‘na.pass’
    Undefined global functions or variables:
     Box.test abline acf aggregate anova aov arrows as.formula as.ts axis
     box coef col2rgb colorRampPalette confint contr.treatment contrasts
     cor cycle dchisq dev.copy2eps df dnorm dt family fitted formula
     frequency hat heat.colors hist is legend lines lm lm.influence
     locator lsfit matlines matplot median model.frame model.matrix mtext
     na.exclude na.pass pacf par pchisq persp pf plot pnorm points polygon
     ppoints predict pt qchisq qf qnorm qt quantile resid residuals rgb sd
     segments summary.lm symbols terms text time title trans3d ts tsp
     update var
Flavors: r-devel-linux-x86_64-debian-clang, r-devel-linux-x86_64-debian-gcc, r-devel-linux-x86_64-fedora-clang, r-devel-linux-x86_64-fedora-gcc, r-devel-windows-ix86+x86_64