CRAN Package Check Results for Package HH

Last updated on 2014-09-02 15:48:58.

Flavor Version Tinstall Tcheck Ttotal Status Flags
r-devel-linux-x86_64-debian-clang 3.0-4 5.09 84.05 89.14 NOTE
r-devel-linux-x86_64-debian-gcc 3.0-4 5.30 79.96 85.25 NOTE
r-devel-linux-x86_64-fedora-clang 3.0-4 177.38 NOTE
r-devel-linux-x86_64-fedora-gcc 3.0-4 167.36 NOTE
r-devel-osx-x86_64-clang 3.0-4 143.68 NOTE
r-devel-windows-ix86+x86_64 3.0-4 17.00 129.00 146.00 NOTE
r-patched-linux-x86_64 3.0-4 5.26 90.46 95.72 NOTE
r-patched-solaris-sparc 3.0-4 1055.40 NOTE
r-patched-solaris-x86 3.0-4 222.70 NOTE
r-release-linux-ix86 3.0-4 6.63 109.50 116.13 OK
r-release-linux-x86_64 3.0-4 5.44 90.14 95.58 OK
r-release-osx-x86_64-mavericks 3.0-4 OK
r-release-osx-x86_64-snowleopard 3.0-4 OK
r-release-windows-ix86+x86_64 3.0-4 19.00 140.00 159.00 OK
r-oldrel-windows-ix86+x86_64 3.0-4 23.00 144.00 167.00 OK

Check Details

Version: 3.0-4
Check: dependencies in R code
Result: NOTE
    Package in Depends field not imported from: ‘grid’
     These packages need to be imported from (in the NAMESPACE file)
     for when this namespace is loaded but not attached.
    See the information on DESCRIPTION files in the chapter ‘Creating R
    packages’ of the ‘Writing R Extensions’ manual.
Flavors: r-devel-linux-x86_64-debian-clang, r-devel-linux-x86_64-debian-gcc, r-devel-linux-x86_64-fedora-clang, r-devel-linux-x86_64-fedora-gcc, r-devel-osx-x86_64-clang, r-devel-windows-ix86+x86_64, r-patched-linux-x86_64, r-patched-solaris-sparc, r-patched-solaris-x86

Version: 3.0-4
Check: R code for possible problems
Result: NOTE
    as.data.frame.listOfNamedMatrices: no visible global function
     definition for ‘doItAndPrint’
    axis.i2wt: no visible global function definition for ‘unit’
    axis.i2wt: no visible global function definition for ‘textGrob’
    axis.i2wt: no visible global function definition for ‘convertHeight’
    axis.i2wt: no visible global function definition for ‘grid.segments’
    axis.i2wt: no visible global function definition for ‘grid.text’
    axis.i2wt: no visible global function definition for ‘convertWidth’
    grid.make.xaxis.major: no visible global function definition for
     ‘linesGrob’
    grid.make.xaxis.major: no visible global function definition for ‘unit’
    grid.make.xaxis.ticks: no visible global function definition for ‘unit’
    grid.make.xaxis.ticks: no visible global function definition for
     ‘segmentsGrob’
    grid.make.yaxis.major: no visible global function definition for
     ‘linesGrob’
    grid.make.yaxis.major: no visible global function definition for ‘unit’
    grid.make.yaxis.ticks: no visible global function definition for ‘unit’
    grid.make.yaxis.ticks: no visible global function definition for
     ‘segmentsGrob’
    grid.xaxis.hh: no visible global function definition for ‘gpar’
    grid.xaxis.hh: no visible global function definition for ‘grid.pretty’
    grid.xaxis.hh: no visible global function definition for ‘grob’
    grid.yaxis.hh: no visible global function definition for ‘gpar’
    grid.yaxis.hh: no visible global function definition for ‘grid.pretty’
    grid.yaxis.hh: no visible global function definition for ‘grob’
    legendGrob2wt : <anonymous>: no visible global function definition for
     ‘unit’
    legendGrob2wt: no visible global function definition for ‘grid.layout’
    legendGrob2wt: no visible global function definition for ‘unit’
    legendGrob2wt: no visible global function definition for ‘frameGrob’
    legendGrob2wt: no visible global function definition for ‘placeGrob’
    likertMosaic.array: no visible global function definition for ‘gpar’
    likertMosaic.array: no visible global function definition for
     ‘viewport’
    likertMosaic.formula: no visible global function definition for ‘unit’
    make.xaxis.hh.labels: no visible global function definition for ‘unit’
    make.xaxis.hh.labels: no visible global function definition for
     ‘grid.text’
    make.yaxis.hh.labels: no visible global function definition for ‘unit’
    make.yaxis.hh.labels: no visible global function definition for
     ‘grid.text’
    panel.axis.right: no visible global function definition for ‘gpar’
    panel.axis.right: no visible global function definition for ‘unit’
    panel.axis.right: no visible global function definition for
     ‘grid.segments’
    panel.axis.right: no visible global function definition for ‘grid.text’
    panel.cartesian: no visible global function definition for ‘grid.text’
    panel.cartesian: no visible global function definition for ‘unit’
    panel.cartesian: no visible global function definition for
     ‘current.viewport’
    panel.cartesian: no visible global function definition for
     ‘pushViewport’
    panel.cartesian: no visible global function definition for
     ‘popViewport’
    panel.cartesian: no visible global function definition for ‘gpar’
    panel.case: no visible global function definition for
     ‘current.viewport’
    panel.case: no visible global function definition for ‘pushViewport’
    panel.case: no visible global function definition for ‘popViewport’
    panel.ci.plot: no visible global function definition for ‘pushViewport’
    panel.ci.plot: no visible global function definition for ‘viewport’
    panel.ci.plot: no visible global function definition for ‘upViewport’
    pop.vp.hh: no visible global function definition for ‘popViewport’
    printOld.AEdotplot: no visible global function definition for
     ‘viewport’
    push.vp.hh: no visible global function definition for
     ‘current.viewport’
    push.vp.hh: no visible global function definition for ‘unit’
    push.vp.hh: no visible global function definition for ‘pushViewport’
    title.grob: no visible global function definition for ‘gpar’
    title.grob: no visible global function definition for ‘grid.text’
Flavors: r-devel-linux-x86_64-debian-clang, r-devel-linux-x86_64-debian-gcc, r-devel-linux-x86_64-fedora-clang, r-devel-linux-x86_64-fedora-gcc, r-devel-osx-x86_64-clang, r-devel-windows-ix86+x86_64