CRAN Package Check Results for Package HH

Last updated on 2017-12-11 08:48:40 CET.

Flavor Version Tinstall Tcheck Ttotal Status Flags
r-devel-linux-x86_64-debian-clang 3.1-34 10.36 204.44 214.80 OK
r-devel-linux-x86_64-debian-gcc 3.1-34 7.20 184.24 191.44 OK
r-devel-linux-x86_64-fedora-clang 3.1-34 277.47 OK
r-devel-linux-x86_64-fedora-gcc 3.1-34 278.07 OK
r-devel-windows-ix86+x86_64 3.1-34 41.00 332.00 373.00 OK
r-patched-linux-x86_64 3.1-34 9.37 251.65 261.02 OK
r-patched-solaris-x86 3.1-34 358.70 OK
r-release-linux-x86_64 3.1-34 9.10 252.16 261.26 OK
r-release-windows-ix86+x86_64 3.1-34 26.00 252.00 278.00 OK
r-release-osx-x86_64 3.1-34 NOTE
r-oldrel-windows-ix86+x86_64 3.1-34 24.00 214.00 238.00 OK
r-oldrel-osx-x86_64 3.1-34 OK

Check Details

Version: 3.1-34
Check: package dependencies
Result: NOTE
    Package suggested but not available for checking: ‘RcmdrPlugin.HH’
Flavor: r-release-osx-x86_64