CRAN Package Check Results for Package HH

Last updated on 2014-11-01 08:48:17.

Flavor Version Tinstall Tcheck Ttotal Status Flags
r-devel-linux-x86_64-debian-clang 3.1-5 6.73 116.22 122.95 OK
r-devel-linux-x86_64-debian-gcc 3.1-5 6.70 116.60 123.30 OK
r-devel-linux-x86_64-fedora-clang 3.1-5 241.28 OK
r-devel-linux-x86_64-fedora-gcc 3.1-5 223.32 OK
r-devel-osx-x86_64-clang 3.1-5 251.85 OK
r-devel-windows-ix86+x86_64 3.1-5 48.00 202.00 250.00 OK
r-patched-linux-x86_64 3.1-5 7.11 129.63 136.74 OK
r-patched-solaris-sparc 3.1-5 1285.60 OK
r-patched-solaris-x86 3.1-5 335.50 OK
r-release-linux-ix86 3.1-5 1.08 1.92 3.00 ERROR
r-release-linux-x86_64 3.1-5 7.26 129.02 136.28 OK
r-release-osx-x86_64-mavericks 3.1-5 OK
r-release-osx-x86_64-snowleopard 3.1-5 OK
r-release-windows-ix86+x86_64 3.1-5 35.00 203.00 238.00 OK
r-oldrel-windows-ix86+x86_64 3.1-5 35.00 208.00 243.00 OK

Check Details

Version: 3.1-5
Check: package dependencies
Result: ERROR
    Package required but not available: ‘Rcmdr’
    
    Package suggested but not available for checking: ‘RcmdrPlugin.HH’
    
    See the information on DESCRIPTION files in the chapter ‘Creating R
    packages’ of the ‘Writing R Extensions’ manual.
Flavor: r-release-linux-ix86