CRAN Package Check Results for Package HH

Last updated on 2016-05-01 11:47:13.

Flavor Version Tinstall Tcheck Ttotal Status Flags
r-devel-linux-x86_64-debian-gcc 3.1-31 7.17 135.64 142.81 OK
r-devel-linux-x86_64-fedora-clang 3.1-31 265.71 OK
r-devel-linux-x86_64-fedora-gcc 3.1-31 250.19 OK
r-devel-osx-x86_64-clang 3.1-31 286.91 OK
r-devel-windows-ix86+x86_64 3.1-31 25.00 237.00 262.00 OK
r-patched-linux-x86_64 3.1-31 6.77 131.03 137.79 OK
r-patched-solaris-sparc 3.1-31 1243.30 OK
r-patched-solaris-x86 3.1-31 315.30 OK
r-release-linux-x86_64 3.1-31 7.27 136.31 143.58 OK
r-release-osx-x86_64-mavericks 3.1-31 OK
r-release-windows-ix86+x86_64 3.1-31 33.00 281.00 314.00 OK
r-oldrel-windows-ix86+x86_64 3.1-31 64.00 212.00 276.00 ERROR

Check Details

Version: 3.1-31
Check: dependencies in R code
Result: NOTE
    Error in validObject(.Object) :
     invalid class "ObjectsWithPackage" object: superclass "atomicVector" not defined in the environment of the object's class
    Execution halted
Flavor: r-oldrel-windows-ix86+x86_64

Version: 3.1-31
Check: replacement functions
Result: WARN
    Error in validObject(.Object) :
     invalid class "ObjectsWithPackage" object: superclass "atomicVector" not defined in the environment of the object's class
    Calls: <Anonymous> ... metaNameUndo -> new -> initialize -> initialize -> validObject
    Execution halted
    The argument of a replacement function which corresponds to the right
    hand side must be named 'value'.
Flavor: r-oldrel-windows-ix86+x86_64

Version: 3.1-31
Check: foreign function calls
Result: NOTE
    Error in validObject(.Object) :
     invalid class "ObjectsWithPackage" object: superclass "atomicVector" not defined in the environment of the object's class
    Calls: <Anonymous> ... metaNameUndo -> new -> initialize -> initialize -> validObject
    Execution halted
    See chapter 'System and foreign language interfaces' in the 'Writing R
    Extensions' manual.
Flavor: r-oldrel-windows-ix86+x86_64

Version: 3.1-31
Check: R code for possible problems
Result: NOTE
    Error in validObject(.Object) :
     invalid class "ObjectsWithPackage" object: superclass "atomicVector" not defined in the environment of the object's class
    Calls: <Anonymous> ... metaNameUndo -> new -> initialize -> initialize -> validObject
    Execution halted
Flavor: r-oldrel-windows-ix86+x86_64

Version: 3.1-31
Check: for missing documentation entries
Result: ERROR
    Error in validObject(.Object) :
     invalid class "ObjectsWithPackage" object: superclass "atomicVector" not defined in the environment of the object's class
    Calls: <Anonymous> ... metaNameUndo -> new -> initialize -> initialize -> validObject
    Execution halted
Flavor: r-oldrel-windows-ix86+x86_64