CRAN Package Check Results for Package HH

Last updated on 2015-05-30 17:46:37.

Flavor Version Tinstall Tcheck Ttotal Status Flags
r-devel-linux-x86_64-debian-clang 3.1-15 7.71 131.56 139.27 OK
r-devel-linux-x86_64-debian-gcc 3.1-15 7.52 129.96 137.48 OK
r-devel-linux-x86_64-fedora-clang 3.1-15 282.78 OK
r-devel-linux-x86_64-fedora-gcc 3.1-15 261.13 OK
r-devel-osx-x86_64-clang 3.1-15 267.21 OK
r-devel-windows-ix86+x86_64 3.1-15 44.00 190.00 234.00 OK
r-patched-linux-x86_64 3.1-15 7.82 130.93 138.76 OK
r-patched-solaris-sparc 3.1-15 1626.60 OK
r-patched-solaris-x86 3.1-15 389.60 OK
r-release-linux-x86_64 3.1-15 10.58 132.32 142.90 OK
r-release-osx-x86_64-mavericks 3.1-15 NOTE
r-release-osx-x86_64-snowleopard 3.1-15 ERROR
r-release-windows-ix86+x86_64 3.1-15 37.00 178.00 215.00 OK
r-oldrel-windows-ix86+x86_64 3.1-15 70.00 318.00 388.00 OK

Check Details

Version: 3.1-15
Check: package dependencies
Result: NOTE
    Package suggested but not available for checking: ‘RcmdrPlugin.HH’
Flavor: r-release-osx-x86_64-mavericks

Version: 3.1-15
Check: package dependencies
Result: ERROR
    Packages required but not available:
     ‘latticeExtra’ ‘multcomp’ ‘gridExtra’ ‘Rcmdr’
    
    Packages suggested but not available for checking: ‘car’ ‘RcmdrPlugin.HH’
    
    See section ‘The DESCRIPTION file’ in the ‘Writing R Extensions’
    manual.
Flavor: r-release-osx-x86_64-snowleopard