CRAN Package Check Results for Package HH

Last updated on 2014-10-26 03:47:33.

Flavor Version Tinstall Tcheck Ttotal Status Flags
r-devel-linux-x86_64-debian-clang 3.1-5 7.14 119.66 126.81 OK
r-devel-linux-x86_64-debian-gcc 3.1-5 7.08 118.21 125.29 OK
r-devel-linux-x86_64-fedora-clang 3.1-5 242.13 OK
r-devel-linux-x86_64-fedora-gcc 3.1-5 227.40 OK
r-devel-osx-x86_64-clang 3.1-5 251.85 OK
r-devel-windows-ix86+x86_64 3.1-5 31.00 170.00 201.00 OK
r-patched-linux-x86_64 3.1-5 7.31 124.27 131.58 OK
r-patched-solaris-sparc 3.1-5 1285.60 OK
r-patched-solaris-x86 3.1-5 335.50 OK
r-release-linux-ix86 3.1-5 1.08 1.92 3.00 ERROR
r-release-linux-x86_64 3.1-5 7.26 129.02 136.28 OK
r-release-osx-x86_64-mavericks 3.1-5 OK
r-release-osx-x86_64-snowleopard 3.1-5 OK
r-release-windows-ix86+x86_64 3.1-5 43.00 206.00 249.00 OK
r-oldrel-windows-ix86+x86_64 3.1-5 44.00 215.00 259.00 OK

Check Details

Version: 3.1-5
Check: package dependencies
Result: ERROR
    Package required but not available: ‘Rcmdr’
    
    Package suggested but not available for checking: ‘RcmdrPlugin.HH’
    
    See the information on DESCRIPTION files in the chapter ‘Creating R
    packages’ of the ‘Writing R Extensions’ manual.
Flavor: r-release-linux-ix86