CRAN Package Check Results for Package HH

Last updated on 2014-04-21 12:43:18.

Flavor Version Tinstall Tcheck Ttotal Status Flags
r-devel-linux-x86_64-debian-clang 3.0-4 5.35 93.23 98.58 OK
r-devel-linux-x86_64-debian-gcc 3.0-4 5.38 94.30 99.69 OK
r-devel-linux-x86_64-fedora-clang 3.0-4 188.60 OK
r-devel-linux-x86_64-fedora-gcc 3.0-4 185.26 OK
r-devel-osx-x86_64-clang 3.0-4 163.24 OK
r-devel-osx-x86_64-gcc 3.0-4 ERROR
r-devel-windows-ix86+x86_64 3.0-4 18.00 135.00 153.00 OK
r-patched-linux-x86_64 3.0-4 5.38 93.42 98.80 OK
r-patched-solaris-sparc 3.0-4 955.30 OK
r-patched-solaris-x86 3.0-4 221.00 OK
r-release-linux-x86_64 3.0-4 5.31 93.18 98.49 OK
r-release-osx-x86_64-mavericks 3.0-4 ERROR
r-release-osx-x86_64-snowleopard 3.0-4 ERROR
r-release-windows-ix86+x86_64 3.0-4 22.00 160.00 182.00 OK
r-oldrel-windows-ix86+x86_64 3.0-4 21.00 131.00 152.00 OK

Check Details

Version: 3.0-4
Check: package dependencies
Result: ERROR
    Packages required but not available: ‘latticeExtra’ ‘multcomp’
    
    Package suggested but not available for checking: ‘Rcmdr’
    
    See the information on DESCRIPTION files in the chapter ‘Creating R
    packages’ of the ‘Writing R Extensions’ manual.
Flavor: r-devel-osx-x86_64-gcc

Version: 3.0-4
Check: package dependencies
Result: ERROR
    Package required but not available: ‘multcomp’
    
    See the information on DESCRIPTION files in the chapter ‘Creating R
    packages’ of the ‘Writing R Extensions’ manual.
Flavors: r-release-osx-x86_64-mavericks, r-release-osx-x86_64-snowleopard