CRAN Package Check Results for Package HH

Last updated on 2017-04-24 08:47:55.

Flavor Version Tinstall Tcheck Ttotal Status Flags
r-devel-linux-x86_64-debian-clang 3.1-34 7.37 144.48 151.85 OK
r-devel-linux-x86_64-debian-gcc 3.1-34 6.90 144.38 151.28 OK
r-devel-linux-x86_64-fedora-clang 3.1-34 310.72 OK --no-stop-on-test-error
r-devel-linux-x86_64-fedora-gcc 3.1-34 298.84 OK --no-stop-on-test-error
r-devel-windows-ix86+x86_64 3.1-34 39.00 317.00 356.00 OK
r-patched-linux-x86_64 3.1-34 6.88 139.85 146.73 OK
r-patched-solaris-sparc 3.1-34 1741.80 OK
r-patched-solaris-x86 3.1-34 358.00 OK
r-release-linux-x86_64 3.1-34 6.61 145.84 152.45 OK
r-release-windows-ix86+x86_64 3.1-34 21.00 229.00 250.00 OK
r-release-osx-x86_64 3.1-34 ERROR
r-oldrel-windows-ix86+x86_64 3.1-34 22.00 229.00 251.00 OK
r-oldrel-osx-x86_64 3.1-34 OK

Check Details

Version: 3.1-34
Check: package dependencies
Result: ERROR
    Package required but not available: ‘Rmpfr’
    
    Package suggested but not available for checking: ‘RcmdrPlugin.HH’
    
    See section ‘The DESCRIPTION file’ in the ‘Writing R Extensions’
    manual.
Flavor: r-release-osx-x86_64