CRAN Package Check Results for Package HH

Last updated on 2017-06-22 19:46:58.

Flavor Version Tinstall Tcheck Ttotal Status Flags
r-devel-linux-x86_64-debian-clang 3.1-34 7.15 145.73 152.88 OK
r-devel-linux-x86_64-debian-gcc 3.1-34 7.13 146.58 153.71 OK
r-devel-linux-x86_64-fedora-clang 3.1-34 324.01 OK
r-devel-linux-x86_64-fedora-gcc 3.1-34 301.35 OK
r-devel-windows-ix86+x86_64 3.1-34 49.00 315.00 364.00 OK
r-patched-linux-x86_64 3.1-34 7.43 150.80 158.23 OK
r-patched-solaris-sparc 3.1-34 1741.80 OK
r-patched-solaris-x86 3.1-34 356.40 OK
r-release-linux-x86_64 3.1-34 6.88 149.15 156.03 OK
r-release-windows-ix86+x86_64 3.1-34 42.00 249.00 291.00 OK
r-release-osx-x86_64 3.1-34 ERROR
r-oldrel-windows-ix86+x86_64 3.1-34 44.00 231.00 275.00 OK
r-oldrel-osx-x86_64 3.1-34 OK

Check Details

Version: 3.1-34
Check: package dependencies
Result: ERROR
    Package required but not available: ‘Rmpfr’
    
    Package suggested but not available for checking: ‘RcmdrPlugin.HH’
    
    See section ‘The DESCRIPTION file’ in the ‘Writing R Extensions’
    manual.
Flavor: r-release-osx-x86_64