Last updated on 2023-11-28 09:51:57 CET.
Flavor | Version | Tinstall | Tcheck | Ttotal | Status | Flags |
---|---|---|---|---|---|---|
r-devel-linux-x86_64-debian-clang | 3.1-49 | 32.03 | 384.90 | 416.93 | NOTE | |
r-devel-linux-x86_64-debian-gcc | 3.1-49 | 26.01 | 280.71 | 306.72 | NOTE | |
r-devel-linux-x86_64-fedora-clang | 3.1-49 | 524.59 | NOTE | |||
r-devel-linux-x86_64-fedora-gcc | 3.1-49 | 520.88 | NOTE | |||
r-devel-windows-x86_64 | 3.1-49 | 31.00 | 342.00 | 373.00 | NOTE | |
r-patched-linux-x86_64 | 3.1-49 | 40.98 | 367.46 | 408.44 | NOTE | |
r-release-linux-x86_64 | 3.1-49 | 21.55 | 363.82 | 385.37 | NOTE | |
r-release-macos-arm64 | 3.1-49 | 149.00 | NOTE | |||
r-release-macos-x86_64 | 3.1-49 | 142.00 | NOTE | |||
r-release-windows-x86_64 | 3.1-49 | 43.00 | 428.00 | 471.00 | NOTE | |
r-oldrel-macos-arm64 | 3.1-49 | 128.00 | OK | |||
r-oldrel-macos-x86_64 | 3.1-49 | 185.00 | OK | |||
r-oldrel-windows-x86_64 | 3.1-49 | 42.00 | 409.00 | 451.00 | OK |
Version: 3.1-49
Check: Rd files
Result: NOTE
checkRd: (-1) likertWeighted47.Rd:97: Lost braces; missing escapes or markup?
97 | used with \code{as.percent=TRUE}, the i^{th} stacked bar is 100\% wide
| ^
Flavors: r-devel-linux-x86_64-debian-clang, r-devel-linux-x86_64-debian-gcc
Version: 3.1-49
Check: Rd \usage sections
Result: NOTE
S3 methods shown with full name in Rd file 'HH-defunct.Rd':
‘anova.mean’ ‘print.glht.mmc.multicomp’ ‘coef.arima.HH’ ‘glht.mmc’
‘plot.odds.ratio’ ‘persp.plane’ ‘persp.floor’ ‘persp.back.wall.x’
‘persp.back.wall.y’ ‘persp.setup’ ‘plot.hov’ ‘plot.hov.bf’
‘plot.matchMMC’ ‘seqplot.forecast’
The \usage entries for S3 methods should use the \method markup and not
their full name.
See chapter ‘Writing R documentation files’ in the ‘Writing R
Extensions’ manual.
Flavors: r-devel-linux-x86_64-debian-clang, r-devel-linux-x86_64-debian-gcc, r-devel-linux-x86_64-fedora-clang, r-devel-linux-x86_64-fedora-gcc, r-devel-windows-x86_64
Version: 3.1-49
Check: Rd contents
Result: NOTE
Argument items with no description in Rd file 'residual.plots.lattice.Rd':
‘X’
Flavors: r-devel-linux-x86_64-debian-clang, r-devel-linux-x86_64-debian-gcc, r-devel-linux-x86_64-fedora-clang, r-devel-linux-x86_64-fedora-gcc, r-devel-windows-x86_64
Version: 3.1-49
Check: Rd \usage sections
Result: NOTE
S3 methods shown with full name in documentation object 'defunct':
‘anova.mean’ ‘print.glht.mmc.multicomp’ ‘coef.arima.HH’ ‘glht.mmc’
‘plot.odds.ratio’ ‘persp.plane’ ‘persp.floor’ ‘persp.back.wall.x’
‘persp.back.wall.y’ ‘persp.setup’ ‘plot.hov’ ‘plot.hov.bf’
‘plot.matchMMC’ ‘seqplot.forecast’
The \usage entries for S3 methods should use the \method markup and not
their full name.
See chapter ‘Writing R documentation files’ in the ‘Writing R
Extensions’ manual.
Flavors: r-patched-linux-x86_64, r-release-linux-x86_64, r-release-macos-arm64, r-release-macos-x86_64, r-release-windows-x86_64
Version: 3.1-49
Check: package dependencies
Result: NOTE
Package suggested but not available for checking: ‘RcmdrPlugin.HH’
Flavor: r-release-macos-x86_64