CRAN Package Check Results for Package HHG

Last updated on 2017-04-29 15:48:00.

Flavor Version Tinstall Tcheck Ttotal Status Flags
r-devel-linux-x86_64-debian-clang 2.0 6.60 25.40 32.00 NOTE
r-devel-linux-x86_64-debian-gcc 2.0 5.46 24.82 30.28 NOTE
r-devel-linux-x86_64-fedora-clang 2.0 60.64 NOTE --no-stop-on-test-error
r-devel-linux-x86_64-fedora-gcc 2.0 55.46 NOTE --no-stop-on-test-error
r-devel-windows-ix86+x86_64 2.0 43.00 82.00 125.00 OK
r-patched-linux-x86_64 2.0 5.05 25.08 30.13 NOTE
r-patched-solaris-sparc 2.0 395.40 OK
r-patched-solaris-x86 2.0 76.00 OK
r-release-linux-x86_64 2.0 5.05 24.82 29.87 NOTE
r-release-windows-ix86+x86_64 2.0 43.00 83.00 126.00 OK
r-release-osx-x86_64 2.0 OK
r-oldrel-windows-ix86+x86_64 2.0 45.00 78.00 123.00 OK
r-oldrel-osx-x86_64 2.0 OK

Check Details

Version: 2.0
Check: compiled code
Result: NOTE
    File ‘HHG/libs/HHG.so’:
     Found no calls to: ‘R_registerRoutines’, ‘R_useDynamicSymbols’
    
    It is good practice to register native routines and to disable symbol
    search.
    
    See ‘Writing portable packages’ in the ‘Writing R Extensions’ manual.
Flavors: r-devel-linux-x86_64-debian-clang, r-devel-linux-x86_64-debian-gcc, r-patched-linux-x86_64, r-release-linux-x86_64

Version: 2.0
Flags: --no-stop-on-test-error
Check: compiled code
Result: NOTE
    File ‘HHG/libs/HHG.so’:
     Found no calls to: ‘R_registerRoutines’, ‘R_useDynamicSymbols’
    
    It is good practice to register native routines and to disable symbol
    search.
    
    See ‘Writing portable packages’ in the ‘Writing R Extensions’ manual.
Flavors: r-devel-linux-x86_64-fedora-clang, r-devel-linux-x86_64-fedora-gcc