CRAN Package Check Results for Package HHG

Last updated on 2014-04-23 12:48:19.

Flavor Version Tinstall Tcheck Ttotal Status Flags
r-devel-linux-x86_64-debian-clang 1.3 2.78 11.62 14.39 OK
r-devel-linux-x86_64-debian-gcc 1.3 3.75 11.67 15.42 OK
r-devel-linux-x86_64-fedora-clang 1.3 31.74 OK
r-devel-linux-x86_64-fedora-gcc 1.3 31.01 OK
r-devel-osx-x86_64-clang 1.3 28.64 OK
r-devel-osx-x86_64-gcc 1.3 OK
r-devel-windows-ix86+x86_64 1.3 17.00 32.00 49.00 OK
r-patched-linux-x86_64 1.3 3.68 11.54 15.22 OK
r-patched-solaris-sparc 1.3 188.90 OK
r-patched-solaris-x86 1.3 46.40 OK
r-release-linux-ix86 1.3 6.00 27.00 33.00 OK
r-release-linux-x86_64 1.3 3.73 11.53 15.26 OK
r-release-osx-x86_64-mavericks 1.3 WARN
r-release-osx-x86_64-snowleopard 1.3 OK
r-release-windows-ix86+x86_64 1.3 17.00 30.00 47.00 OK
r-oldrel-windows-ix86+x86_64 1.3 17.00 39.00 56.00 OK

Check Details

Version: 1.3
Check: PDF version of manual
Result: WARNING
    LaTeX errors when creating PDF version.
    This typically indicates Rd problems.
    LaTeX errors found:
    ! LaTeX Error: File `upquote.sty' not found.
    
    Type X to quit or <RETURN> to proceed,
    or enter new name. (Default extension: sty)
    
    d45aeea/Rd2.tex:8: ==> Fatal error occurred, no output PDF file produced!
Flavor: r-release-osx-x86_64-mavericks