CRAN Package Check Results for Package HHG

Last updated on 2015-04-26 16:47:04.

Flavor Version Tinstall Tcheck Ttotal Status Flags
r-devel-linux-x86_64-debian-clang 1.4 3.44 11.31 14.75 NOTE
r-devel-linux-x86_64-debian-gcc 1.4 3.97 11.38 15.35 NOTE
r-devel-linux-x86_64-fedora-clang 1.4 33.60 NOTE
r-devel-linux-x86_64-fedora-gcc 1.4 30.76 NOTE
r-devel-osx-x86_64-clang 1.4 32.00 NOTE
r-devel-windows-ix86+x86_64 1.4 22.00 35.00 57.00 NOTE
r-patched-linux-x86_64 1.4 3.95 11.40 15.35 NOTE
r-patched-solaris-sparc 1.4 216.90 NOTE
r-patched-solaris-x86 1.4 46.60 NOTE
r-release-linux-x86_64 1.4 3.99 11.30 15.29 NOTE
r-release-osx-x86_64-mavericks 1.4 NOTE
r-release-osx-x86_64-snowleopard 1.4 NOTE
r-release-windows-ix86+x86_64 1.4 20.00 30.00 50.00 NOTE
r-oldrel-windows-ix86+x86_64 1.4 14.00 35.00 49.00 NOTE

Check Details

Version: 1.4
Check: compiled code
Result: NOTE
    File ‘HHG/libs/HHG.so’:
     Found ‘rand’, possibly from ‘rand’ (C)
     Object: ‘StatsComputer.o’
     Found ‘srand’, possibly from ‘srand’ (C)
     Object: ‘SequentialTest.o’
    
    Compiled code should not call entry points which might terminate R nor
    write to stdout/stderr instead of to the console, nor the system RNG.
    
    See ‘Writing portable packages’ in the ‘Writing R Extensions’ manual.
Flavors: r-devel-linux-x86_64-fedora-clang, r-devel-linux-x86_64-fedora-gcc, r-patched-solaris-sparc, r-patched-solaris-x86

Version: 1.4
Check: compiled code
Result: NOTE
    File ‘HHG/libs/HHG.so’:
     Found ‘_rand’, possibly from ‘rand’ (C)
     Object: ‘StatsComputer.o’
     Found ‘_srand’, possibly from ‘srand’ (C)
     Object: ‘SequentialTest.o’
    
    Compiled code should not call entry points which might terminate R nor
    write to stdout/stderr instead of to the console, nor the system RNG.
    
    See ‘Writing portable packages’ in the ‘Writing R Extensions’ manual.
Flavors: r-devel-osx-x86_64-clang, r-release-osx-x86_64-mavericks

Version: 1.4
Check: compiled code
Result: NOTE
    File 'HHG/libs/i386/HHG.dll':
     Found 'rand', possibly from 'rand' (C)
     Object: 'StatsComputer.o'
     Found 'srand', possibly from 'srand' (C)
     Object: 'SequentialTest.o'
    File 'HHG/libs/x64/HHG.dll':
     Found 'rand', possibly from 'rand' (C)
     Object: 'StatsComputer.o'
     Found 'srand', possibly from 'srand' (C)
     Object: 'SequentialTest.o'
    
    Compiled code should not call entry points which might terminate R nor
    write to stdout/stderr instead of to the console, nor the system RNG.
    
    See 'Writing portable packages' in the 'Writing R Extensions' manual.
Flavors: r-devel-windows-ix86+x86_64, r-release-windows-ix86+x86_64, r-oldrel-windows-ix86+x86_64