CRAN Package Check Results for Package HHG

Last updated on 2014-11-28 03:47:35.

Flavor Version Tinstall Tcheck Ttotal Status Flags
r-devel-linux-x86_64-debian-clang 1.4 3.21 12.23 15.44 NOTE
r-devel-linux-x86_64-debian-gcc 1.4 3.92 11.65 15.57 NOTE
r-devel-linux-x86_64-fedora-clang 1.4 35.65 NOTE
r-devel-linux-x86_64-fedora-gcc 1.4 34.86 NOTE
r-devel-osx-x86_64-clang 1.4 33.54 NOTE
r-devel-windows-ix86+x86_64 1.4 18.00 33.00 51.00 NOTE
r-patched-linux-x86_64 1.4 4.16 11.91 16.07 NOTE
r-patched-solaris-sparc 1.4 247.00 NOTE
r-patched-solaris-x86 1.4 49.60 NOTE
r-release-linux-ix86 1.4 5.36 19.82 25.18 NOTE
r-release-linux-x86_64 1.4 4.00 11.92 15.92 NOTE
r-release-osx-x86_64-mavericks 1.4 OK
r-release-osx-x86_64-snowleopard 1.4 OK
r-release-windows-ix86+x86_64 1.4 19.00 34.00 53.00 NOTE
r-oldrel-windows-ix86+x86_64 1.4 18.00 37.00 55.00 OK

Check Details

Version: 1.4
Check: compiled code
Result: NOTE
    File ‘HHG/libs/HHG.so’:
     Found ‘rand’, possibly from ‘rand’ (C)
     Object: ‘StatsComputer.o’
     Found ‘srand’, possibly from ‘srand’ (C)
     Object: ‘SequentialTest.o’
    
    Compiled code should not call entry points which might terminate R nor
    write to stdout/stderr instead of to the console, nor the C RNG.
    
    See ‘Writing portable packages’ in the ‘Writing R Extensions’ manual.
Flavors: r-devel-linux-x86_64-debian-clang, r-devel-linux-x86_64-debian-gcc, r-devel-linux-x86_64-fedora-clang, r-devel-linux-x86_64-fedora-gcc, r-patched-linux-x86_64, r-patched-solaris-sparc, r-patched-solaris-x86, r-release-linux-ix86, r-release-linux-x86_64

Version: 1.4
Check: compiled code
Result: NOTE
    File ‘HHG/libs/HHG.so’:
     Found ‘_rand’, possibly from ‘rand’ (C)
     Object: ‘StatsComputer.o’
     Found ‘_srand’, possibly from ‘srand’ (C)
     Object: ‘SequentialTest.o’
    
    Compiled code should not call entry points which might terminate R nor
    write to stdout/stderr instead of to the console, nor the C RNG.
    
    See ‘Writing portable packages’ in the ‘Writing R Extensions’ manual.
Flavor: r-devel-osx-x86_64-clang

Version: 1.4
Check: compiled code
Result: NOTE
    File 'HHG/libs/i386/HHG.dll':
     Found 'rand', possibly from 'rand' (C)
     Object: 'StatsComputer.o'
     Found 'srand', possibly from 'srand' (C)
     Object: 'SequentialTest.o'
    File 'HHG/libs/x64/HHG.dll':
     Found 'rand', possibly from 'rand' (C)
     Object: 'StatsComputer.o'
     Found 'srand', possibly from 'srand' (C)
     Object: 'SequentialTest.o'
    
    Compiled code should not call entry points which might terminate R nor
    write to stdout/stderr instead of to the console, nor the C RNG.
    
    See 'Writing portable packages' in the 'Writing R Extensions' manual.
Flavors: r-devel-windows-ix86+x86_64, r-release-windows-ix86+x86_64