CRAN Package Check Results for Package HHG

Last updated on 2014-12-22 07:48:03.

Flavor Version Tinstall Tcheck Ttotal Status Flags
r-devel-linux-x86_64-debian-clang 1.4 3.25 12.06 15.31 NOTE
r-devel-linux-x86_64-debian-gcc 1.4 3.91 12.01 15.92 NOTE
r-devel-linux-x86_64-fedora-clang 1.4 35.68 NOTE
r-devel-linux-x86_64-fedora-gcc 1.4 33.19 NOTE
r-devel-osx-x86_64-clang 1.4 31.40 NOTE
r-devel-windows-ix86+x86_64 1.4 18.00 36.00 54.00 NOTE
r-patched-linux-x86_64 1.4 4.00 12.32 16.32 NOTE
r-patched-solaris-sparc 1.4 209.10 NOTE
r-patched-solaris-x86 1.4 49.80 NOTE
r-release-linux-ix86 1.4 5.39 20.03 25.42 NOTE
r-release-linux-x86_64 1.4 4.12 12.66 16.78 NOTE
r-release-osx-x86_64-mavericks 1.4 OK
r-release-osx-x86_64-snowleopard 1.4 OK
r-release-windows-ix86+x86_64 1.4 19.00 32.00 51.00 NOTE
r-oldrel-windows-ix86+x86_64 1.4 18.00 36.00 54.00 OK

Check Details

Version: 1.4
Check: compiled code
Result: NOTE
    File ‘HHG/libs/HHG.so’:
     Found ‘rand’, possibly from ‘rand’ (C)
     Object: ‘StatsComputer.o’
     Found ‘srand’, possibly from ‘srand’ (C)
     Object: ‘SequentialTest.o’
    
    Compiled code should not call entry points which might terminate R nor
    write to stdout/stderr instead of to the console, nor the system RNG.
    
    See ‘Writing portable packages’ in the ‘Writing R Extensions’ manual.
Flavors: r-devel-linux-x86_64-debian-clang, r-devel-linux-x86_64-debian-gcc, r-devel-linux-x86_64-fedora-clang, r-devel-linux-x86_64-fedora-gcc, r-patched-linux-x86_64, r-patched-solaris-sparc, r-patched-solaris-x86

Version: 1.4
Check: compiled code
Result: NOTE
    File ‘HHG/libs/HHG.so’:
     Found ‘_rand’, possibly from ‘rand’ (C)
     Object: ‘StatsComputer.o’
     Found ‘_srand’, possibly from ‘srand’ (C)
     Object: ‘SequentialTest.o’
    
    Compiled code should not call entry points which might terminate R nor
    write to stdout/stderr instead of to the console, nor the system RNG.
    
    See ‘Writing portable packages’ in the ‘Writing R Extensions’ manual.
Flavor: r-devel-osx-x86_64-clang

Version: 1.4
Check: compiled code
Result: NOTE
    File 'HHG/libs/i386/HHG.dll':
     Found 'rand', possibly from 'rand' (C)
     Object: 'StatsComputer.o'
     Found 'srand', possibly from 'srand' (C)
     Object: 'SequentialTest.o'
    File 'HHG/libs/x64/HHG.dll':
     Found 'rand', possibly from 'rand' (C)
     Object: 'StatsComputer.o'
     Found 'srand', possibly from 'srand' (C)
     Object: 'SequentialTest.o'
    
    Compiled code should not call entry points which might terminate R nor
    write to stdout/stderr instead of to the console, nor the system RNG.
    
    See 'Writing portable packages' in the 'Writing R Extensions' manual.
Flavor: r-devel-windows-ix86+x86_64

Version: 1.4
Check: compiled code
Result: NOTE
    File ‘HHG/libs/HHG.so’:
     Found ‘rand’, possibly from ‘rand’ (C)
     Object: ‘StatsComputer.o’
     Found ‘srand’, possibly from ‘srand’ (C)
     Object: ‘SequentialTest.o’
    
    Compiled code should not call entry points which might terminate R nor
    write to stdout/stderr instead of to the console, nor the C RNG.
    
    See ‘Writing portable packages’ in the ‘Writing R Extensions’ manual.
Flavors: r-release-linux-ix86, r-release-linux-x86_64

Version: 1.4
Check: compiled code
Result: NOTE
    File 'HHG/libs/i386/HHG.dll':
     Found 'rand', possibly from 'rand' (C)
     Object: 'StatsComputer.o'
     Found 'srand', possibly from 'srand' (C)
     Object: 'SequentialTest.o'
    File 'HHG/libs/x64/HHG.dll':
     Found 'rand', possibly from 'rand' (C)
     Object: 'StatsComputer.o'
     Found 'srand', possibly from 'srand' (C)
     Object: 'SequentialTest.o'
    
    Compiled code should not call entry points which might terminate R nor
    write to stdout/stderr instead of to the console, nor the C RNG.
    
    See 'Writing portable packages' in the 'Writing R Extensions' manual.
Flavor: r-release-windows-ix86+x86_64