CRAN Package Check Results for Package HHG

Last updated on 2017-06-23 02:47:11.

Flavor Version Tinstall Tcheck Ttotal Status Flags
r-devel-linux-x86_64-debian-clang 2.0 6.63 24.90 31.53 NOTE
r-devel-linux-x86_64-debian-gcc 2.0 5.73 24.52 30.25 NOTE
r-devel-linux-x86_64-fedora-clang 2.0 63.54 NOTE
r-devel-linux-x86_64-fedora-gcc 2.0 57.74 NOTE
r-devel-windows-ix86+x86_64 2.0 39.00 65.00 104.00 OK
r-patched-linux-x86_64 2.0 5.17 25.18 30.35 NOTE
r-patched-solaris-sparc 2.0 395.40 OK
r-patched-solaris-x86 2.0 75.00 OK
r-release-linux-x86_64 2.0 5.03 24.88 29.91 NOTE
r-release-windows-ix86+x86_64 2.0 42.00 70.00 112.00 OK
r-release-osx-x86_64 2.0 OK
r-oldrel-windows-ix86+x86_64 2.0 37.00 66.00 103.00 OK
r-oldrel-osx-x86_64 2.0 OK

Additional issues

rchk

Check Details

Version: 2.0
Check: compiled code
Result: NOTE
    File ‘HHG/libs/HHG.so’:
     Found no calls to: ‘R_registerRoutines’, ‘R_useDynamicSymbols’
    
    It is good practice to register native routines and to disable symbol
    search.
    
    See ‘Writing portable packages’ in the ‘Writing R Extensions’ manual.
Flavors: r-devel-linux-x86_64-debian-clang, r-devel-linux-x86_64-debian-gcc, r-devel-linux-x86_64-fedora-clang, r-devel-linux-x86_64-fedora-gcc, r-patched-linux-x86_64, r-release-linux-x86_64