CRAN Package Check Results for Package HHG

Last updated on 2015-03-06 11:48:29.

Flavor Version Tinstall Tcheck Ttotal Status Flags
r-devel-linux-x86_64-debian-clang 1.4 3.60 11.31 14.91 NOTE
r-devel-linux-x86_64-debian-gcc 1.4 3.93 11.32 15.25 NOTE
r-devel-linux-x86_64-fedora-clang 1.4 33.22 NOTE
r-devel-linux-x86_64-fedora-gcc 1.4 30.86 NOTE
r-devel-osx-x86_64-clang 1.4 30.74 NOTE
r-devel-windows-ix86+x86_64 1.4 18.00 33.00 51.00 NOTE
r-patched-linux-x86_64 1.4 4.07 12.15 16.22 NOTE
r-patched-solaris-sparc 1.4 227.80 NOTE
r-patched-solaris-x86 1.4 50.90 NOTE
r-release-linux-ix86 1.4 5.81 20.50 26.32 NOTE
r-release-linux-x86_64 1.4 4.03 11.87 15.90 NOTE
r-release-osx-x86_64-mavericks 1.4 NOTE
r-release-osx-x86_64-snowleopard 1.4 OK
r-release-windows-ix86+x86_64 1.4 19.00 35.00 54.00 NOTE
r-oldrel-windows-ix86+x86_64 1.4 19.00 38.00 57.00 OK

Check Details

Version: 1.4
Check: compiled code
Result: NOTE
    File ‘HHG/libs/HHG.so’:
     Found ‘rand’, possibly from ‘rand’ (C)
     Object: ‘StatsComputer.o’
     Found ‘srand’, possibly from ‘srand’ (C)
     Object: ‘SequentialTest.o’
    
    Compiled code should not call entry points which might terminate R nor
    write to stdout/stderr instead of to the console, nor the system RNG.
    
    See ‘Writing portable packages’ in the ‘Writing R Extensions’ manual.
Flavors: r-devel-linux-x86_64-debian-clang, r-devel-linux-x86_64-debian-gcc, r-devel-linux-x86_64-fedora-clang, r-devel-linux-x86_64-fedora-gcc, r-patched-linux-x86_64, r-patched-solaris-sparc, r-patched-solaris-x86

Version: 1.4
Check: compiled code
Result: NOTE
    File ‘HHG/libs/HHG.so’:
     Found ‘_rand’, possibly from ‘rand’ (C)
     Object: ‘StatsComputer.o’
     Found ‘_srand’, possibly from ‘srand’ (C)
     Object: ‘SequentialTest.o’
    
    Compiled code should not call entry points which might terminate R nor
    write to stdout/stderr instead of to the console, nor the system RNG.
    
    See ‘Writing portable packages’ in the ‘Writing R Extensions’ manual.
Flavors: r-devel-osx-x86_64-clang, r-release-osx-x86_64-mavericks

Version: 1.4
Check: compiled code
Result: NOTE
    File 'HHG/libs/i386/HHG.dll':
     Found 'rand', possibly from 'rand' (C)
     Object: 'StatsComputer.o'
     Found 'srand', possibly from 'srand' (C)
     Object: 'SequentialTest.o'
    File 'HHG/libs/x64/HHG.dll':
     Found 'rand', possibly from 'rand' (C)
     Object: 'StatsComputer.o'
     Found 'srand', possibly from 'srand' (C)
     Object: 'SequentialTest.o'
    
    Compiled code should not call entry points which might terminate R nor
    write to stdout/stderr instead of to the console, nor the system RNG.
    
    See 'Writing portable packages' in the 'Writing R Extensions' manual.
Flavor: r-devel-windows-ix86+x86_64

Version: 1.4
Check: compiled code
Result: NOTE
    File ‘HHG/libs/HHG.so’:
     Found ‘rand’, possibly from ‘rand’ (C)
     Object: ‘StatsComputer.o’
     Found ‘srand’, possibly from ‘srand’ (C)
     Object: ‘SequentialTest.o’
    
    Compiled code should not call entry points which might terminate R nor
    write to stdout/stderr instead of to the console, nor the C RNG.
    
    See ‘Writing portable packages’ in the ‘Writing R Extensions’ manual.
Flavors: r-release-linux-ix86, r-release-linux-x86_64

Version: 1.4
Check: compiled code
Result: NOTE
    File 'HHG/libs/i386/HHG.dll':
     Found 'rand', possibly from 'rand' (C)
     Object: 'StatsComputer.o'
     Found 'srand', possibly from 'srand' (C)
     Object: 'SequentialTest.o'
    File 'HHG/libs/x64/HHG.dll':
     Found 'rand', possibly from 'rand' (C)
     Object: 'StatsComputer.o'
     Found 'srand', possibly from 'srand' (C)
     Object: 'SequentialTest.o'
    
    Compiled code should not call entry points which might terminate R nor
    write to stdout/stderr instead of to the console, nor the C RNG.
    
    See 'Writing portable packages' in the 'Writing R Extensions' manual.
Flavor: r-release-windows-ix86+x86_64