CRAN Package Check Results for Package HHG

Last updated on 2017-02-19 23:48:13.

Flavor Version Tinstall Tcheck Ttotal Status Flags
r-devel-linux-x86_64-debian-clang 2.0 6.59 24.56 31.15 NOTE
r-devel-linux-x86_64-debian-gcc 2.0 5.54 24.60 30.14 NOTE
r-devel-linux-x86_64-fedora-clang 2.0 58.16 NOTE --no-stop-on-test-error
r-devel-linux-x86_64-fedora-gcc 2.0 54.62 NOTE --no-stop-on-test-error
r-devel-macos-x86_64-clang 2.0 46.24 NOTE --no-stop-on-test-error
r-devel-windows-ix86+x86_64 2.0 28.00 84.00 112.00 OK
r-patched-linux-x86_64 2.0 4.97 22.00 26.98 OK
r-patched-solaris-sparc 2.0 294.90 OK
r-patched-solaris-x86 2.0 63.50 OK
r-release-linux-x86_64 2.0 4.91 21.68 26.60 OK
r-release-osx-x86_64-mavericks 2.0 OK
r-release-windows-ix86+x86_64 2.0 26.00 57.00 83.00 OK
r-oldrel-windows-ix86+x86_64 2.0 36.00 76.00 112.00 OK

Check Details

Version: 2.0
Check: compiled code
Result: NOTE
    File ‘HHG/libs/HHG.so’:
     Found no calls to: ‘R_registerRoutines’, ‘R_useDynamicSymbols’
    
    It is good practice to register native routines and to disable symbol
    search.
    
    See ‘Writing portable packages’ in the ‘Writing R Extensions’ manual.
Flavors: r-devel-linux-x86_64-debian-clang, r-devel-linux-x86_64-debian-gcc

Version: 2.0
Flags: --no-stop-on-test-error
Check: compiled code
Result: NOTE
    File ‘HHG/libs/HHG.so’:
     Found no calls to: ‘R_registerRoutines’, ‘R_useDynamicSymbols’
    
    It is good practice to register native routines and to disable symbol
    search.
    
    See ‘Writing portable packages’ in the ‘Writing R Extensions’ manual.
Flavors: r-devel-linux-x86_64-fedora-clang, r-devel-linux-x86_64-fedora-gcc, r-devel-macos-x86_64-clang