CRAN Package Check Results for Package HHG

Last updated on 2014-09-02 08:47:16.

Flavor Version Tinstall Tcheck Ttotal Status Flags
r-devel-linux-x86_64-debian-clang 1.4 2.89 10.68 13.56 NOTE
r-devel-linux-x86_64-debian-gcc 1.4 3.94 10.58 14.52 NOTE
r-devel-linux-x86_64-fedora-clang 1.4 31.02 NOTE
r-devel-linux-x86_64-fedora-gcc 1.4 31.16 NOTE
r-devel-osx-x86_64-clang 1.4 28.36 NOTE
r-devel-windows-ix86+x86_64 1.4 20.00 32.00 52.00 NOTE
r-patched-linux-x86_64 1.4 3.90 11.46 15.36 OK
r-patched-solaris-sparc 1.4 189.20 OK
r-patched-solaris-x86 1.4 46.00 OK
r-release-linux-ix86 1.4 5.63 19.65 25.28 OK
r-release-linux-x86_64 1.4 3.98 11.46 15.44 OK
r-release-osx-x86_64-mavericks 1.4 OK
r-release-osx-x86_64-snowleopard 1.4 OK
r-release-windows-ix86+x86_64 1.4 18.00 33.00 51.00 OK
r-oldrel-windows-ix86+x86_64 1.4 26.00 32.00 58.00 OK

Check Details

Version: 1.4
Check: compiled code
Result: NOTE
    File ‘/home/hornik/tmp/R.check/r-devel-clang/Work/build/Packages/HHG/libs/HHG.so’:
     Found ‘rand’, possibly from ‘rand’ (C)
     Object: ‘StatsComputer.o’
     Found ‘srand’, possibly from ‘srand’ (C)
     Object: ‘SequentialTest.o’
    
    Compiled code should not call entry points which might terminate R nor
    write to stdout/stderr instead of to the console, nor the C RNG.
    
    See ‘Writing portable packages’ in the ‘Writing R Extensions’ manual.
Flavor: r-devel-linux-x86_64-debian-clang

Version: 1.4
Check: compiled code
Result: NOTE
    File ‘/home/hornik/tmp/R.check/r-devel-gcc/Work/build/Packages/HHG/libs/HHG.so’:
     Found ‘rand’, possibly from ‘rand’ (C)
     Object: ‘StatsComputer.o’
     Found ‘srand’, possibly from ‘srand’ (C)
     Object: ‘SequentialTest.o’
    
    Compiled code should not call entry points which might terminate R nor
    write to stdout/stderr instead of to the console, nor the C RNG.
    
    See ‘Writing portable packages’ in the ‘Writing R Extensions’ manual.
Flavor: r-devel-linux-x86_64-debian-gcc

Version: 1.4
Check: compiled code
Result: NOTE
    File ‘/data/gannet/ripley/R/packages/tests-clang/HHG.Rcheck/HHG/libs/HHG.so’:
     Found ‘rand’, possibly from ‘rand’ (C)
     Object: ‘StatsComputer.o’
     Found ‘srand’, possibly from ‘srand’ (C)
     Object: ‘SequentialTest.o’
    
    Compiled code should not call entry points which might terminate R nor
    write to stdout/stderr instead of to the console, nor the C RNG.
    
    See ‘Writing portable packages’ in the ‘Writing R Extensions’ manual.
Flavor: r-devel-linux-x86_64-fedora-clang

Version: 1.4
Check: compiled code
Result: NOTE
    File ‘/data/gannet/ripley/R/packages/tests-devel/HHG.Rcheck/HHG/libs/HHG.so’:
     Found ‘rand’, possibly from ‘rand’ (C)
     Object: ‘StatsComputer.o’
     Found ‘srand’, possibly from ‘srand’ (C)
     Object: ‘SequentialTest.o’
    
    Compiled code should not call entry points which might terminate R nor
    write to stdout/stderr instead of to the console, nor the C RNG.
    
    See ‘Writing portable packages’ in the ‘Writing R Extensions’ manual.
Flavor: r-devel-linux-x86_64-fedora-gcc

Version: 1.4
Check: compiled code
Result: NOTE
    File ‘/Users/ripley/R/packages/tests-devel/HHG.Rcheck/HHG/libs/HHG.so’:
     Found ‘_rand’, possibly from ‘rand’ (C)
     Object: ‘StatsComputer.o’
     Found ‘_srand’, possibly from ‘srand’ (C)
     Object: ‘SequentialTest.o’
    
    Compiled code should not call entry points which might terminate R nor
    write to stdout/stderr instead of to the console, nor the C RNG.
    
    See ‘Writing portable packages’ in the ‘Writing R Extensions’ manual.
Flavor: r-devel-osx-x86_64-clang

Version: 1.4
Check: compiled code
Result: NOTE
    File 'd:/Rcompile/CRANpkg/lib/3.2/HHG/libs/i386/HHG.dll':
     Found 'rand', possibly from 'rand' (C)
     Object: 'StatsComputer.o'
     Found 'srand', possibly from 'srand' (C)
     Object: 'SequentialTest.o'
    File 'd:/Rcompile/CRANpkg/lib/3.2/HHG/libs/x64/HHG.dll':
     Found 'rand', possibly from 'rand' (C)
     Object: 'StatsComputer.o'
     Found 'srand', possibly from 'srand' (C)
     Object: 'SequentialTest.o'
    
    Compiled code should not call entry points which might terminate R nor
    write to stdout/stderr instead of to the console, nor the C RNG.
    
    See 'Writing portable packages' in the 'Writing R Extensions' manual.
Flavor: r-devel-windows-ix86+x86_64