CRAN Package Check Results for Package HHG

Last updated on 2017-03-23 23:50:47.

Flavor Version Tinstall Tcheck Ttotal Status Flags
r-devel-linux-x86_64-debian-clang 2.0 6.68 24.75 31.43 NOTE
r-devel-linux-x86_64-debian-gcc 2.0 5.50 24.50 30.00 NOTE
r-devel-linux-x86_64-fedora-clang 2.0 59.36 NOTE --no-stop-on-test-error
r-devel-linux-x86_64-fedora-gcc 2.0 54.96 NOTE --no-stop-on-test-error
r-devel-macos-x86_64-clang 2.0 45.57 NOTE --no-stop-on-test-error
r-devel-windows-ix86+x86_64 2.0 29.00 61.00 90.00 OK
r-patched-linux-x86_64 2.0 5.00 22.10 27.09 OK
r-patched-solaris-sparc 2.0 395.40 OK
r-patched-solaris-x86 2.0 75.50 OK
r-release-linux-x86_64 2.0 4.86 21.74 26.60 OK
r-release-osx-x86_64-mavericks 2.0 OK
r-release-windows-ix86+x86_64 2.0 42.00 63.00 105.00 OK
r-oldrel-windows-ix86+x86_64 2.0 36.00 78.00 114.00 OK

Check Details

Version: 2.0
Check: compiled code
Result: NOTE
    File ‘HHG/libs/HHG.so’:
     Found no calls to: ‘R_registerRoutines’, ‘R_useDynamicSymbols’
    
    It is good practice to register native routines and to disable symbol
    search.
    
    See ‘Writing portable packages’ in the ‘Writing R Extensions’ manual.
Flavors: r-devel-linux-x86_64-debian-clang, r-devel-linux-x86_64-debian-gcc

Version: 2.0
Flags: --no-stop-on-test-error
Check: compiled code
Result: NOTE
    File ‘HHG/libs/HHG.so’:
     Found no calls to: ‘R_registerRoutines’, ‘R_useDynamicSymbols’
    
    It is good practice to register native routines and to disable symbol
    search.
    
    See ‘Writing portable packages’ in the ‘Writing R Extensions’ manual.
Flavors: r-devel-linux-x86_64-fedora-clang, r-devel-linux-x86_64-fedora-gcc, r-devel-macos-x86_64-clang