CRAN Package Check Results for Package HI

Last updated on 2016-05-30 17:48:00.

Flavor Version Tinstall Tcheck Ttotal Status Flags
r-devel-linux-x86_64-debian-gcc 0.4 1.10 12.27 13.36 NOTE
r-devel-linux-x86_64-fedora-clang 0.4 23.38 NOTE
r-devel-linux-x86_64-fedora-gcc 0.4 22.73 NOTE
r-devel-osx-x86_64-clang 0.4 27.04 NOTE
r-devel-windows-ix86+x86_64 0.4 6.00 39.00 45.00 NOTE
r-patched-linux-x86_64 0.4 0.89 12.50 13.39 NOTE
r-patched-solaris-sparc 0.4 150.90 NOTE
r-patched-solaris-x86 0.4 29.50 NOTE
r-release-linux-x86_64 0.4 0.98 12.02 13.00 NOTE
r-release-osx-x86_64-mavericks 0.4 NOTE
r-release-windows-ix86+x86_64 0.4 9.00 39.00 48.00 NOTE
r-oldrel-windows-ix86+x86_64 0.4 6.00 29.00 35.00 OK

Check Details

Version: 0.4
Check: R code for possible problems
Result: NOTE
    arms: no visible global function definition for ‘rnorm’
    rballunif: no visible global function definition for ‘rnorm’
    rballunif: no visible global function definition for ‘runif’
    Undefined global functions or variables:
     rnorm runif
    Consider adding
     importFrom("stats", "rnorm", "runif")
    to your NAMESPACE file.
Flavors: r-devel-linux-x86_64-debian-gcc, r-devel-linux-x86_64-fedora-clang, r-devel-linux-x86_64-fedora-gcc, r-devel-osx-x86_64-clang, r-devel-windows-ix86+x86_64, r-patched-linux-x86_64, r-patched-solaris-sparc, r-patched-solaris-x86, r-release-linux-x86_64, r-release-osx-x86_64-mavericks, r-release-windows-ix86+x86_64