CRAN Package Check Results for Package HI

Last updated on 2016-12-03 11:47:30.

Flavor Version Tinstall Tcheck Ttotal Status Flags
r-devel-linux-x86_64-debian-clang 0.4 1.06 16.31 17.37 NOTE
r-devel-linux-x86_64-debian-gcc 0.4 1.01 15.76 16.77 NOTE
r-devel-linux-x86_64-fedora-clang 0.4 31.19 NOTE
r-devel-linux-x86_64-fedora-gcc 0.4 29.96 NOTE
r-devel-macos-x86_64-clang 0.4 25.78 NOTE
r-devel-windows-ix86+x86_64 0.4 12.00 57.00 69.00 NOTE
r-patched-linux-x86_64 0.4 1.48 12.78 14.27 NOTE
r-patched-solaris-sparc 0.4 152.80 NOTE
r-patched-solaris-x86 0.4 29.30 NOTE
r-release-linux-x86_64 0.4 0.94 12.47 13.42 NOTE
r-release-osx-x86_64-mavericks 0.4 NOTE
r-release-windows-ix86+x86_64 0.4 10.00 39.00 49.00 NOTE
r-oldrel-windows-ix86+x86_64 0.4 13.00 34.00 47.00 OK

Check Details

Version: 0.4
Check: R code for possible problems
Result: NOTE
    arms: no visible global function definition for ‘rnorm’
    rballunif: no visible global function definition for ‘rnorm’
    rballunif: no visible global function definition for ‘runif’
    Undefined global functions or variables:
     rnorm runif
    Consider adding
     importFrom("stats", "rnorm", "runif")
    to your NAMESPACE file.
Flavors: r-devel-linux-x86_64-debian-clang, r-devel-linux-x86_64-debian-gcc, r-devel-linux-x86_64-fedora-clang, r-devel-linux-x86_64-fedora-gcc, r-devel-macos-x86_64-clang, r-devel-windows-ix86+x86_64, r-patched-linux-x86_64, r-patched-solaris-sparc, r-patched-solaris-x86, r-release-linux-x86_64, r-release-osx-x86_64-mavericks, r-release-windows-ix86+x86_64