CRAN Package Check Results for Package HI

Last updated on 2017-07-26 02:47:52.

Flavor Version Tinstall Tcheck Ttotal Status Flags
r-devel-linux-x86_64-debian-clang 0.4 1.14 22.57 23.70 NOTE
r-devel-linux-x86_64-debian-gcc 0.4 1.08 22.21 23.28 NOTE
r-devel-linux-x86_64-fedora-clang 0.4 30.84 NOTE
r-devel-linux-x86_64-fedora-gcc 0.4 32.84 NOTE
r-devel-windows-ix86+x86_64 0.4 9.00 57.00 66.00 NOTE
r-patched-linux-x86_64 0.4 1.44 22.38 23.82 NOTE
r-patched-solaris-x86 0.4 39.80 NOTE
r-release-linux-x86_64 0.4 1.05 23.10 24.15 NOTE
r-release-windows-ix86+x86_64 0.4 6.00 43.00 49.00 NOTE
r-release-osx-x86_64 0.4 NOTE
r-oldrel-windows-ix86+x86_64 0.4 10.00 39.00 49.00 NOTE
r-oldrel-osx-x86_64 0.4 NOTE

Check Details

Version: 0.4
Check: R code for possible problems
Result: NOTE
    arms: no visible global function definition for ‘rnorm’
    rballunif: no visible global function definition for ‘rnorm’
    rballunif: no visible global function definition for ‘runif’
    Undefined global functions or variables:
     rnorm runif
    Consider adding
     importFrom("stats", "rnorm", "runif")
    to your NAMESPACE file.
Flavors: r-devel-linux-x86_64-debian-clang, r-devel-linux-x86_64-debian-gcc, r-devel-linux-x86_64-fedora-clang, r-devel-linux-x86_64-fedora-gcc, r-devel-windows-ix86+x86_64, r-patched-linux-x86_64, r-patched-solaris-x86, r-release-linux-x86_64, r-release-windows-ix86+x86_64, r-release-osx-x86_64, r-oldrel-windows-ix86+x86_64, r-oldrel-osx-x86_64

Version: 0.4
Check: compiled code
Result: NOTE
    File ‘HI/libs/HI.so’:
     Found no calls to: ‘R_registerRoutines’, ‘R_useDynamicSymbols’
    
    It is good practice to register native routines and to disable symbol
    search.
    
    See ‘Writing portable packages’ in the ‘Writing R Extensions’ manual.
Flavors: r-devel-linux-x86_64-debian-clang, r-devel-linux-x86_64-debian-gcc, r-devel-linux-x86_64-fedora-clang, r-devel-linux-x86_64-fedora-gcc, r-patched-linux-x86_64, r-release-linux-x86_64