CRAN Package Check Results for Package HI

Last updated on 2015-08-04 19:50:33.

Flavor Version Tinstall Tcheck Ttotal Status Flags
r-devel-linux-x86_64-debian-clang 0.4 0.83 12.04 12.87 NOTE
r-devel-linux-x86_64-debian-gcc 0.4 0.88 11.72 12.60 NOTE
r-devel-linux-x86_64-fedora-clang 0.4 25.35 NOTE
r-devel-linux-x86_64-fedora-gcc 0.4 23.38 NOTE
r-devel-osx-x86_64-clang 0.4 25.73 OK
r-devel-windows-ix86+x86_64 0.4 6.00 32.00 38.00 NOTE
r-patched-linux-x86_64 0.4 0.94 12.49 13.42 OK
r-patched-solaris-sparc 0.4 175.60 OK
r-patched-solaris-x86 0.4 34.90 OK
r-release-linux-x86_64 0.4 0.94 12.28 13.22 OK
r-release-osx-x86_64-mavericks 0.4 OK
r-release-windows-ix86+x86_64 0.4 5.00 28.00 33.00 OK
r-oldrel-windows-ix86+x86_64 0.4 9.00 41.00 50.00 OK

Check Details

Version: 0.4
Check: R code for possible problems
Result: NOTE
    arms: no visible global function definition for ‘rnorm’
    rballunif: no visible global function definition for ‘rnorm’
    rballunif: no visible global function definition for ‘runif’
    Undefined global functions or variables:
     rnorm runif
    Consider adding
     importFrom("stats", "rnorm", "runif")
    to your NAMESPACE.
Flavors: r-devel-linux-x86_64-debian-clang, r-devel-linux-x86_64-debian-gcc, r-devel-linux-x86_64-fedora-clang, r-devel-linux-x86_64-fedora-gcc, r-devel-windows-ix86+x86_64