CRAN Package Check Results for Package HI

Last updated on 2015-07-07 06:46:35.

Flavor Version Tinstall Tcheck Ttotal Status Flags
r-devel-linux-x86_64-debian-clang 0.4 0.82 12.00 12.83 NOTE
r-devel-linux-x86_64-debian-gcc 0.4 0.86 11.57 12.44 NOTE
r-devel-linux-x86_64-fedora-clang 0.4 24.49 NOTE
r-devel-linux-x86_64-fedora-gcc 0.4 23.21 NOTE
r-devel-osx-x86_64-clang 0.4 24.75 OK
r-devel-windows-ix86+x86_64 0.4 6.00 30.00 36.00 NOTE
r-patched-linux-x86_64 0.4 0.90 12.13 13.03 OK
r-patched-solaris-sparc 0.4 176.80 OK
r-patched-solaris-x86 0.4 35.50 OK
r-release-linux-x86_64 0.4 0.89 12.12 13.01 OK
r-release-osx-x86_64-mavericks 0.4 OK
r-release-windows-ix86+x86_64 0.4 5.00 28.00 33.00 OK
r-oldrel-windows-ix86+x86_64 0.4 9.00 41.00 50.00 OK

Check Details

Version: 0.4
Check: R code for possible problems
Result: NOTE
    arms: no visible global function definition for ‘rnorm’
    rballunif: no visible global function definition for ‘rnorm’
    rballunif: no visible global function definition for ‘runif’
    Undefined global functions or variables:
     rnorm runif
Flavors: r-devel-linux-x86_64-debian-clang, r-devel-linux-x86_64-debian-gcc, r-devel-linux-x86_64-fedora-clang, r-devel-linux-x86_64-fedora-gcc, r-devel-windows-ix86+x86_64