CRAN Package Check Results for Package HI

Last updated on 2016-08-24 06:47:42.

Flavor Version Tinstall Tcheck Ttotal Status Flags
r-devel-linux-x86_64-debian-clang 0.4 0.99 12.64 13.63 NOTE
r-devel-linux-x86_64-debian-gcc 0.4 1.01 12.49 13.50 NOTE
r-devel-linux-x86_64-fedora-clang 0.4 23.38 NOTE
r-devel-linux-x86_64-fedora-gcc 0.4 22.99 NOTE
r-devel-osx-x86_64-clang 0.4 20.12 NOTE
r-devel-windows-ix86+x86_64 0.4 9.00 36.00 45.00 NOTE
r-patched-linux-x86_64 0.4 0.91 12.48 13.39 NOTE
r-patched-solaris-sparc 0.4 152.80 NOTE
r-patched-solaris-x86 0.4 29.10 NOTE
r-release-linux-x86_64 0.4 0.98 12.55 13.53 NOTE
r-release-osx-x86_64-mavericks 0.4 NOTE
r-release-windows-ix86+x86_64 0.4 9.00 39.00 48.00 NOTE
r-oldrel-windows-ix86+x86_64 0.4 6.00 29.00 35.00 OK

Check Details

Version: 0.4
Check: R code for possible problems
Result: NOTE
    arms: no visible global function definition for ‘rnorm’
    rballunif: no visible global function definition for ‘rnorm’
    rballunif: no visible global function definition for ‘runif’
    Undefined global functions or variables:
     rnorm runif
    Consider adding
     importFrom("stats", "rnorm", "runif")
    to your NAMESPACE file.
Flavors: r-devel-linux-x86_64-debian-clang, r-devel-linux-x86_64-debian-gcc, r-devel-linux-x86_64-fedora-clang, r-devel-linux-x86_64-fedora-gcc, r-devel-osx-x86_64-clang, r-devel-windows-ix86+x86_64, r-patched-linux-x86_64, r-patched-solaris-sparc, r-patched-solaris-x86, r-release-linux-x86_64, r-release-osx-x86_64-mavericks, r-release-windows-ix86+x86_64