CRAN Package Check Results for Package HI

Last updated on 2016-04-28 21:47:31.

Flavor Version Tinstall Tcheck Ttotal Status Flags
r-devel-linux-x86_64-debian-gcc 0.4 1.02 12.27 13.29 NOTE
r-devel-linux-x86_64-fedora-clang 0.4 23.12 NOTE
r-devel-linux-x86_64-fedora-gcc 0.4 21.72 NOTE
r-devel-osx-x86_64-clang 0.4 26.94 NOTE
r-devel-windows-ix86+x86_64 0.4 6.00 37.00 43.00 NOTE
r-patched-linux-x86_64 0.4 1.02 12.23 13.25 NOTE
r-patched-solaris-sparc 0.4 153.40 NOTE
r-patched-solaris-x86 0.4 29.60 NOTE
r-release-linux-x86_64 0.4 0.98 13.50 14.48 OK
r-release-osx-x86_64-mavericks 0.4 OK
r-release-windows-ix86+x86_64 0.4 6.00 29.00 35.00 OK
r-oldrel-windows-ix86+x86_64 0.4 9.00 41.00 50.00 OK

Check Details

Version: 0.4
Check: R code for possible problems
Result: NOTE
    arms: no visible global function definition for ‘rnorm’
    rballunif: no visible global function definition for ‘rnorm’
    rballunif: no visible global function definition for ‘runif’
    Undefined global functions or variables:
     rnorm runif
    Consider adding
     importFrom("stats", "rnorm", "runif")
    to your NAMESPACE file.
Flavors: r-devel-linux-x86_64-debian-gcc, r-devel-linux-x86_64-fedora-clang, r-devel-linux-x86_64-fedora-gcc, r-devel-osx-x86_64-clang, r-devel-windows-ix86+x86_64, r-patched-linux-x86_64, r-patched-solaris-sparc, r-patched-solaris-x86