CRAN Package Check Results for Package HI

Last updated on 2016-02-08 08:47:37.

Flavor Version Tinstall Tcheck Ttotal Status Flags
r-devel-linux-x86_64-debian-gcc 0.4 0.88 11.52 12.40 NOTE
r-devel-linux-x86_64-fedora-clang 0.4 22.97 NOTE
r-devel-linux-x86_64-fedora-gcc 0.4 21.63 NOTE
r-devel-osx-x86_64-clang 0.4 26.42 NOTE
r-devel-windows-ix86+x86_64 0.4 8.00 32.00 40.00 NOTE
r-patched-linux-x86_64 0.4 0.96 11.96 12.93 OK
r-patched-solaris-sparc 0.4 155.10 OK
r-patched-solaris-x86 0.4 30.90 OK
r-release-linux-x86_64 0.4 1.03 12.08 13.11 OK
r-release-osx-x86_64-mavericks 0.4 OK
r-release-windows-ix86+x86_64 0.4 6.00 29.00 35.00 OK
r-oldrel-windows-ix86+x86_64 0.4 9.00 41.00 50.00 OK

Check Details

Version: 0.4
Check: R code for possible problems
Result: NOTE
    arms: no visible global function definition for ‘rnorm’
    rballunif: no visible global function definition for ‘rnorm’
    rballunif: no visible global function definition for ‘runif’
    Undefined global functions or variables:
     rnorm runif
    Consider adding
     importFrom("stats", "rnorm", "runif")
    to your NAMESPACE file.
Flavors: r-devel-linux-x86_64-debian-gcc, r-devel-linux-x86_64-fedora-clang, r-devel-linux-x86_64-fedora-gcc, r-devel-osx-x86_64-clang, r-devel-windows-ix86+x86_64