CRAN Package Check Results for Package HI

Last updated on 2017-09-22 02:47:33.

Flavor Version Tinstall Tcheck Ttotal Status Flags
r-devel-linux-x86_64-debian-clang 0.4 1.01 16.29 17.30 NOTE
r-devel-linux-x86_64-debian-gcc 0.4 1.05 16.13 17.18 NOTE
r-devel-linux-x86_64-fedora-clang 0.4 31.40 NOTE
r-devel-linux-x86_64-fedora-gcc 0.4 29.45 NOTE
r-devel-windows-ix86+x86_64 0.4 12.00 43.00 55.00 NOTE
r-patched-linux-x86_64 0.4 1.02 16.65 17.66 NOTE
r-patched-solaris-x86 0.4 39.50 NOTE
r-release-linux-x86_64 0.4 1.16 16.35 17.50 NOTE
r-release-windows-ix86+x86_64 0.4 6.00 44.00 50.00 NOTE
r-release-osx-x86_64 0.4 NOTE
r-oldrel-windows-ix86+x86_64 0.4 10.00 39.00 49.00 NOTE
r-oldrel-osx-x86_64 0.4 NOTE

Check Details

Version: 0.4
Check: R code for possible problems
Result: NOTE
    arms: no visible global function definition for ‘rnorm’
    rballunif: no visible global function definition for ‘rnorm’
    rballunif: no visible global function definition for ‘runif’
    Undefined global functions or variables:
     rnorm runif
    Consider adding
     importFrom("stats", "rnorm", "runif")
    to your NAMESPACE file.
Flavors: r-devel-linux-x86_64-debian-clang, r-devel-linux-x86_64-debian-gcc, r-devel-linux-x86_64-fedora-clang, r-devel-linux-x86_64-fedora-gcc, r-devel-windows-ix86+x86_64, r-patched-linux-x86_64, r-patched-solaris-x86, r-release-linux-x86_64, r-release-windows-ix86+x86_64, r-release-osx-x86_64, r-oldrel-windows-ix86+x86_64, r-oldrel-osx-x86_64

Version: 0.4
Check: compiled code
Result: NOTE
    File ‘HI/libs/HI.so’:
     Found no calls to: ‘R_registerRoutines’, ‘R_useDynamicSymbols’
    
    It is good practice to register native routines and to disable symbol
    search.
    
    See ‘Writing portable packages’ in the ‘Writing R Extensions’ manual.
Flavors: r-devel-linux-x86_64-debian-clang, r-devel-linux-x86_64-debian-gcc, r-devel-linux-x86_64-fedora-clang, r-devel-linux-x86_64-fedora-gcc, r-patched-linux-x86_64, r-release-linux-x86_64