CRAN Package Check Results for Package HIBAG

Last updated on 2014-07-30 09:47:51.

Flavor Version Tinstall Tcheck Ttotal Status Flags
r-devel-linux-x86_64-debian-clang 1.2.3 4.09 25.28 29.37 OK
r-devel-linux-x86_64-debian-gcc 1.2.3 6.84 24.92 31.77 OK
r-devel-linux-x86_64-fedora-clang 1.2.3 58.62 OK
r-devel-linux-x86_64-fedora-gcc 1.2.3 59.50 OK
r-devel-osx-x86_64-clang 1.2.3 58.17 OK
r-devel-windows-ix86+x86_64 1.2.3 23.00 61.00 84.00 OK
r-patched-linux-x86_64 1.2.3 6.86 24.32 31.18 OK
r-patched-solaris-sparc 1.2.3 374.60 OK
r-patched-solaris-x86 1.2.3 93.70 OK
r-release-linux-ix86 1.2.3 9.00 34.70 43.70 OK
r-release-linux-x86_64 1.2.3 6.96 24.84 31.81 OK
r-release-osx-x86_64-mavericks 1.2.3 NOTE
r-release-osx-x86_64-snowleopard 1.2.3 OK
r-release-windows-ix86+x86_64 1.2.3 29.00 62.00 91.00 OK
r-oldrel-windows-ix86+x86_64 1.2.3 20.00 66.00 86.00 OK

Check Details

Version: 1.2.3
Check: re-building of vignette outputs
Result: NOTE
    Error in re-building vignettes:
     ...
    Error in texi2dvi(file = file, pdf = TRUE, clean = clean, quiet = quiet, :
     Running 'texi2dvi' on 'HIBAG_Tutorial.tex' failed.
    LaTeX errors:
    ! LaTeX Error: File `fullpage.sty' not found.
    
    Type X to quit or <RETURN> to proceed,
    or enter new name. (Default extension: sty)
    
    est/HIBAG/vignettes/HIBAG_Tutorial.tex:8: ==> Fatal error occurred, no output
    PDF file produced!
    Calls: buildVignettes -> texi2pdf -> texi2dvi
    Execution halted
Flavor: r-release-osx-x86_64-mavericks