CRAN Package Check Results for Package HIBAG

Last updated on 2014-09-02 20:48:51.

Flavor Version Tinstall Tcheck Ttotal Status Flags
r-devel-linux-x86_64-debian-clang 1.2.3 4.16 24.58 28.74 WARN
r-devel-linux-x86_64-debian-gcc 1.2.3 6.90 24.04 30.95 WARN
r-devel-linux-x86_64-fedora-clang 1.2.3 59.78 WARN
r-devel-linux-x86_64-fedora-gcc 1.2.3 59.31 WARN
r-devel-osx-x86_64-clang 1.2.3 58.79 WARN
r-devel-windows-ix86+x86_64 1.2.3 21.00 61.00 82.00 WARN
r-patched-linux-x86_64 1.2.3 6.85 25.08 31.93 WARN
r-patched-solaris-sparc 1.2.3 411.40 WARN
r-patched-solaris-x86 1.2.3 93.10 WARN
r-release-linux-ix86 1.2.3 9.04 35.31 44.35 OK
r-release-linux-x86_64 1.2.3 6.93 24.67 31.60 OK
r-release-osx-x86_64-mavericks 1.2.3 NOTE
r-release-osx-x86_64-snowleopard 1.2.3 OK
r-release-windows-ix86+x86_64 1.2.3 29.00 62.00 91.00 OK
r-oldrel-windows-ix86+x86_64 1.2.3 20.00 66.00 86.00 OK

Check Details

Version: 1.2.3
Check: dependencies in R code
Result: WARN
    'library' or 'require' call not declared from: ‘parallel’
    See the information on DESCRIPTION files in the chapter ‘Creating R
    packages’ of the ‘Writing R Extensions’ manual.
Flavors: r-devel-linux-x86_64-debian-clang, r-devel-linux-x86_64-debian-gcc, r-devel-linux-x86_64-fedora-clang, r-devel-linux-x86_64-fedora-gcc, r-devel-osx-x86_64-clang, r-devel-windows-ix86+x86_64, r-patched-linux-x86_64, r-patched-solaris-sparc, r-patched-solaris-x86

Version: 1.2.3
Check: re-building of vignette outputs
Result: NOTE
    Error in re-building vignettes:
     ...
    Error in texi2dvi(file = file, pdf = TRUE, clean = clean, quiet = quiet, :
     Running 'texi2dvi' on 'HIBAG_Tutorial.tex' failed.
    LaTeX errors:
    ! LaTeX Error: File `fullpage.sty' not found.
    
    Type X to quit or <RETURN> to proceed,
    or enter new name. (Default extension: sty)
    
    est/HIBAG/vignettes/HIBAG_Tutorial.tex:8: ==> Fatal error occurred, no output
    PDF file produced!
    Calls: buildVignettes -> texi2pdf -> texi2dvi
    Execution halted
Flavor: r-release-osx-x86_64-mavericks