CRAN Package Check Results for Package HIBAG

Last updated on 2014-11-23 01:48:05.

Flavor Version Tinstall Tcheck Ttotal Status Flags
r-devel-linux-x86_64-debian-clang 1.2.4 4.71 26.53 31.24 OK
r-devel-linux-x86_64-debian-gcc 1.2.4 7.67 27.00 34.67 OK
r-devel-linux-x86_64-fedora-clang 1.2.4 64.11 OK
r-devel-linux-x86_64-fedora-gcc 1.2.4 61.64 OK
r-devel-osx-x86_64-clang 1.2.4 62.21 OK
r-devel-windows-ix86+x86_64 1.2.4 25.00 57.00 82.00 OK
r-patched-linux-x86_64 1.2.4 7.08 26.88 33.96 OK
r-patched-solaris-sparc 1.2.4 369.20 OK
r-patched-solaris-x86 1.2.4 95.70 OK
r-release-linux-ix86 1.2.4 9.06 34.77 43.83 OK
r-release-linux-x86_64 1.2.4 6.80 26.02 32.82 OK
r-release-osx-x86_64-mavericks 1.2.4 NOTE
r-release-osx-x86_64-snowleopard 1.2.4 OK
r-release-windows-ix86+x86_64 1.2.4 23.00 63.00 86.00 OK
r-oldrel-windows-ix86+x86_64 1.2.4 22.00 71.00 93.00 OK

Check Details

Version: 1.2.4
Check: re-building of vignette outputs
Result: NOTE
    Error in re-building vignettes:
     ...
    Error in texi2dvi(file = file, pdf = TRUE, clean = clean, quiet = quiet, :
     Running 'texi2dvi' on 'HIBAG_Tutorial.tex' failed.
    LaTeX errors:
    ! LaTeX Error: File `fullpage.sty' not found.
    
    Type X to quit or <RETURN> to proceed,
    or enter new name. (Default extension: sty)
    
    est/HIBAG/vignettes/HIBAG_Tutorial.tex:8: ==> Fatal error occurred, no output
    PDF file produced!
    Calls: buildVignettes -> texi2pdf -> texi2dvi
    Execution halted
Flavor: r-release-osx-x86_64-mavericks