CRAN Package Check Results for Package HIBAG

Last updated on 2014-04-23 12:48:19.

Flavor Version Tinstall Tcheck Ttotal Status Flags
r-devel-linux-x86_64-debian-clang 1.2.3 4.20 26.13 30.33 OK
r-devel-linux-x86_64-debian-gcc 1.2.3 6.83 25.58 32.41 OK
r-devel-linux-x86_64-fedora-clang 1.2.3 58.12 OK
r-devel-linux-x86_64-fedora-gcc 1.2.3 60.69 OK
r-devel-osx-x86_64-clang 1.2.3 58.66 OK
r-devel-osx-x86_64-gcc 1.2.3 OK
r-devel-windows-ix86+x86_64 1.2.3 19.00 60.00 79.00 OK
r-patched-linux-x86_64 1.2.3 6.66 25.85 32.52 OK
r-patched-solaris-sparc 1.2.3 374.60 OK
r-patched-solaris-x86 1.2.3 94.90 OK
r-release-linux-ix86 1.2.3 11.00 48.00 59.00 OK
r-release-linux-x86_64 1.2.3 6.80 25.80 32.60 OK
r-release-osx-x86_64-mavericks 1.2.3 NOTE
r-release-osx-x86_64-snowleopard 1.2.3 OK
r-release-windows-ix86+x86_64 1.2.3 32.00 79.00 111.00 OK
r-oldrel-windows-ix86+x86_64 1.2.3 20.00 66.00 86.00 OK

Check Details

Version: 1.2.3
Check: re-building of vignette outputs
Result: NOTE
    Error in re-building vignettes:
     ...
    Error in texi2dvi(file = file, pdf = TRUE, clean = clean, quiet = quiet, :
     Running 'texi2dvi' on 'HIBAG_Tutorial.tex' failed.
    LaTeX errors:
    ! LaTeX Error: File `fullpage.sty' not found.
    
    Type X to quit or <RETURN> to proceed,
    or enter new name. (Default extension: sty)
    
    est/HIBAG/vignettes/HIBAG_Tutorial.tex:8: ==> Fatal error occurred, no output
    PDF file produced!
    Calls: buildVignettes -> texi2pdf -> texi2dvi
    Execution halted
Flavor: r-release-osx-x86_64-mavericks