CRAN Package Check Results for Package HIBAG

Last updated on 2014-12-20 12:47:27.

Flavor Version Tinstall Tcheck Ttotal Status Flags
r-devel-linux-x86_64-debian-clang 1.2.4 4.74 26.76 31.50 OK
r-devel-linux-x86_64-debian-gcc 1.2.4 6.79 25.12 31.90 OK
r-devel-windows-ix86+x86_64 1.2.4 35.00 81.00 116.00 OK
r-patched-linux-x86_64 1.2.4 6.83 26.43 33.26 OK
r-patched-solaris-sparc 1.2.4 369.20 OK
r-release-linux-ix86 1.2.4 8.72 34.92 43.63 OK
r-release-linux-x86_64 1.2.4 6.80 26.17 32.96 OK
r-release-osx-x86_64-mavericks 1.2.4 NOTE
r-release-osx-x86_64-snowleopard 1.2.4 OK
r-release-windows-ix86+x86_64 1.2.4 23.00 63.00 86.00 OK
r-oldrel-windows-ix86+x86_64 1.2.4 22.00 71.00 93.00 OK

Check Details

Version: 1.2.4
Check: re-building of vignette outputs
Result: NOTE
    Error in re-building vignettes:
     ...
    Error in texi2dvi(file = file, pdf = TRUE, clean = clean, quiet = quiet, :
     Running 'texi2dvi' on 'HIBAG_Tutorial.tex' failed.
    LaTeX errors:
    ! LaTeX Error: File `fullpage.sty' not found.
    
    Type X to quit or <RETURN> to proceed,
    or enter new name. (Default extension: sty)
    
    est/HIBAG/vignettes/HIBAG_Tutorial.tex:8: ==> Fatal error occurred, no output
    PDF file produced!
    Calls: buildVignettes -> texi2pdf -> texi2dvi
    Execution halted
Flavor: r-release-osx-x86_64-mavericks