CRAN Package Check Results for Package HKprocess

Last updated on 2019-08-17 18:46:13 CEST.

Flavor Version Tinstall Tcheck Ttotal Status Flags
r-devel-linux-x86_64-debian-clang 0.0-2 9.06 60.30 69.36 NOTE
r-devel-linux-x86_64-debian-gcc 0.0-2 8.07 48.59 56.66 NOTE
r-devel-linux-x86_64-fedora-clang 0.0-2 85.13 NOTE
r-devel-linux-x86_64-fedora-gcc 0.0-2 86.07 NOTE
r-devel-windows-ix86+x86_64 0.0-2 39.00 142.00 181.00 OK
r-patched-linux-x86_64 0.0-2 8.20 61.33 69.53 NOTE
r-patched-solaris-x86 0.0-2 140.60 NOTE
r-release-linux-x86_64 0.0-2 8.26 62.02 70.28 NOTE
r-release-windows-ix86+x86_64 0.0-2 40.00 139.00 179.00 OK
r-release-osx-x86_64 0.0-2 NOTE
r-oldrel-windows-ix86+x86_64 0.0-2 34.00 128.00 162.00 OK
r-oldrel-osx-x86_64 0.0-2 OK

Check Details

Version: 0.0-2
Check: package dependencies
Result: NOTE
    Package suggested but not available for checking: 'FGN'
Flavors: r-devel-linux-x86_64-debian-clang, r-devel-linux-x86_64-debian-gcc, r-devel-linux-x86_64-fedora-clang, r-devel-linux-x86_64-fedora-gcc, r-patched-linux-x86_64, r-patched-solaris-x86, r-release-linux-x86_64, r-release-osx-x86_64

Version: 0.0-2
Check: compiled code
Result: NOTE
    File ‘HKprocess/libs/HKprocess.so’:
     Found no calls to: ‘R_registerRoutines’, ‘R_useDynamicSymbols’
    
    It is good practice to register native routines and to disable symbol
    search.
    
    See ‘Writing portable packages’ in the ‘Writing R Extensions’ manual.
Flavors: r-devel-linux-x86_64-fedora-clang, r-devel-linux-x86_64-fedora-gcc