CRAN Package Check Results for Package HKprocess

Last updated on 2019-04-25 09:50:23 CEST.

Flavor Version Tinstall Tcheck Ttotal Status Flags
r-devel-linux-x86_64-debian-clang 0.0-2 9.76 60.91 70.67 NOTE
r-devel-linux-x86_64-debian-gcc 0.0-2 8.10 49.21 57.31 NOTE
r-devel-linux-x86_64-fedora-clang 0.0-2 83.48 NOTE
r-devel-linux-x86_64-fedora-gcc 0.0-2 89.42 NOTE
r-devel-windows-ix86+x86_64 0.0-2 33.00 130.00 163.00 OK
r-patched-linux-x86_64 0.0-2 8.11 62.38 70.49 NOTE
r-patched-solaris-x86 0.0-2 131.50 NOTE
r-release-linux-x86_64 0.0-2 6.56 59.76 66.32 NOTE
r-release-windows-ix86+x86_64 0.0-2 20.00 122.00 142.00 OK
r-release-osx-x86_64 0.0-2 OK
r-oldrel-windows-ix86+x86_64 0.0-2 20.00 129.00 149.00 OK
r-oldrel-osx-x86_64 0.0-2 OK

Check Details

Version: 0.0-2
Check: package dependencies
Result: NOTE
    Package suggested but not available for checking: 'FGN'
Flavors: r-devel-linux-x86_64-debian-clang, r-devel-linux-x86_64-debian-gcc, r-devel-linux-x86_64-fedora-clang, r-devel-linux-x86_64-fedora-gcc, r-patched-linux-x86_64, r-patched-solaris-x86, r-release-linux-x86_64

Version: 0.0-2
Check: compiled code
Result: NOTE
    File ‘HKprocess/libs/HKprocess.so’:
     Found no calls to: ‘R_registerRoutines’, ‘R_useDynamicSymbols’
    
    It is good practice to register native routines and to disable symbol
    search.
    
    See ‘Writing portable packages’ in the ‘Writing R Extensions’ manual.
Flavors: r-devel-linux-x86_64-fedora-clang, r-devel-linux-x86_64-fedora-gcc