CRAN Package Check Results for Package HLMdiag

Last updated on 2017-11-25 11:55:21 CET.

Flavor Version Tinstall Tcheck Ttotal Status Flags
r-devel-linux-x86_64-debian-clang 0.3.1 57.83 120.40 178.23 NOTE
r-devel-linux-x86_64-debian-gcc 0.3.1 56.82 106.27 163.09 NOTE
r-devel-linux-x86_64-fedora-clang 0.3.1 192.63 NOTE
r-devel-linux-x86_64-fedora-gcc 0.3.1 195.42 NOTE
r-devel-windows-ix86+x86_64 0.3.1 138.00 131.00 269.00 OK
r-patched-linux-x86_64 0.3.1 64.97 126.87 191.84 NOTE
r-patched-solaris-x86 0.3.1 252.00 OK
r-release-linux-x86_64 0.3.1 67.39 133.39 200.78 NOTE
r-release-windows-ix86+x86_64 0.3.1 147.00 146.00 293.00 OK
r-release-osx-x86_64 0.3.1 OK
r-oldrel-windows-ix86+x86_64 0.3.1 135.00 129.00 264.00 OK
r-oldrel-osx-x86_64 0.3.1 OK

Check Details

Version: 0.3.1
Check: compiled code
Result: NOTE
    File ‘HLMdiag/libs/HLMdiag.so’:
     Found no calls to: ‘R_registerRoutines’, ‘R_useDynamicSymbols’
    
    It is good practice to register native routines and to disable symbol
    search.
    
    See ‘Writing portable packages’ in the ‘Writing R Extensions’ manual.
Flavors: r-devel-linux-x86_64-debian-clang, r-devel-linux-x86_64-debian-gcc, r-devel-linux-x86_64-fedora-clang, r-devel-linux-x86_64-fedora-gcc, r-patched-linux-x86_64, r-release-linux-x86_64