CRAN Package Check Results for Package HLMdiag

Last updated on 2015-05-23 14:46:58.

Flavor Version Tinstall Tcheck Ttotal Status Flags
r-devel-linux-x86_64-debian-clang 0.2.5 32.97 59.22 92.19 NOTE
r-devel-linux-x86_64-debian-gcc 0.2.5 37.37 56.62 93.99 NOTE
r-devel-linux-x86_64-fedora-clang 0.2.5 205.04 NOTE
r-devel-linux-x86_64-fedora-gcc 0.2.5 184.41 NOTE
r-devel-osx-x86_64-clang 0.2.5 139.27 NOTE
r-devel-windows-ix86+x86_64 0.2.5 115.00 123.00 238.00 OK
r-patched-linux-x86_64 0.2.5 37.12 56.40 93.51 NOTE
r-patched-solaris-sparc 0.2.5 1185.60 NOTE
r-patched-solaris-x86 0.2.5 243.60 NOTE
r-release-linux-x86_64 0.2.5 37.11 58.07 95.18 NOTE
r-release-osx-x86_64-mavericks 0.2.5 OK
r-release-osx-x86_64-snowleopard 0.2.5 ERROR
r-release-windows-ix86+x86_64 0.2.5 105.00 125.00 230.00 OK
r-oldrel-windows-ix86+x86_64 0.2.5 112.00 184.00 296.00 OK

Check Details

Version: 0.2.5
Check: S3 generic/method consistency
Result: NOTE
    Found the following apparent S3 methods exported but not registered:
     HLMresid.default LSresids.default case_delete.default
     covratio.default covtrace.default leverage.default mdffits.default
     rotate_ranef.default rvc.default
    See section ‘Registering S3 methods’ in the ‘Writing R Extensions’
    manual.
Flavors: r-devel-linux-x86_64-debian-clang, r-devel-linux-x86_64-debian-gcc, r-devel-linux-x86_64-fedora-clang, r-devel-linux-x86_64-fedora-gcc, r-devel-osx-x86_64-clang, r-patched-linux-x86_64, r-patched-solaris-sparc, r-patched-solaris-x86, r-release-linux-x86_64

Version: 0.2.5
Check: installed package size
Result: NOTE
     installed size is 5.2Mb
     sub-directories of 1Mb or more:
     libs 4.8Mb
Flavor: r-patched-solaris-sparc

Version: 0.2.5
Check: package dependencies
Result: ERROR
    Package required but not available: ‘ggplot2’
    
    See section ‘The DESCRIPTION file’ in the ‘Writing R Extensions’
    manual.
Flavor: r-release-osx-x86_64-snowleopard