CRAN Package Check Results for Package HLMdiag

Last updated on 2016-06-26 11:48:12.

Flavor Version Tinstall Tcheck Ttotal Status Flags
r-devel-linux-x86_64-debian-gcc 0.3.1 53.12 51.02 104.14 OK
r-devel-linux-x86_64-fedora-clang 0.3.1 184.77 OK
r-devel-linux-x86_64-fedora-gcc 0.3.1 171.36 OK
r-devel-osx-x86_64-clang 0.3.1 130.90 OK
r-devel-windows-ix86+x86_64 0.3.1 172.00 119.00 291.00 OK
r-patched-linux-x86_64 0.3.1 37.48 52.32 89.80 OK
r-patched-solaris-sparc 0.3.1 1028.60 NOTE
r-patched-solaris-x86 0.3.1 208.60 NOTE
r-release-linux-x86_64 0.3.1 36.07 52.15 88.22 OK
r-release-osx-x86_64-mavericks 0.3.1 OK
r-release-windows-ix86+x86_64 0.3.1 126.00 116.00 242.00 OK
r-oldrel-windows-ix86+x86_64 0.3.1 152.00 136.00 288.00 OK

Check Details

Version: 0.3.1
Check: installed package size
Result: NOTE
     installed size is 5.8Mb
     sub-directories of 1Mb or more:
     libs 5.4Mb
Flavors: r-patched-solaris-sparc, r-patched-solaris-x86