CRAN Package Check Results for Package HLMdiag

Last updated on 2017-01-17 03:50:59.

Flavor Version Tinstall Tcheck Ttotal Status Flags
r-devel-linux-x86_64-debian-clang 0.3.1 39.17 55.26 94.43 OK
r-devel-linux-x86_64-debian-gcc 0.3.1 44.93 52.68 97.61 OK
r-devel-linux-x86_64-fedora-clang 0.3.1 200.70 OK --no-stop-on-test-error
r-devel-linux-x86_64-fedora-gcc 0.3.1 200.21 NOTE --no-stop-on-test-error
r-devel-macos-x86_64-clang 0.3.1 139.19 OK --no-stop-on-test-error
r-devel-windows-ix86+x86_64 0.3.1 165.00 169.00 334.00 OK
r-patched-linux-x86_64 0.3.1 35.67 48.55 84.22 OK
r-patched-solaris-sparc 0.3.1 1014.10 OK
r-patched-solaris-x86 0.3.1 204.30 OK
r-release-linux-x86_64 0.3.1 36.22 49.61 85.83 OK
r-release-osx-x86_64-mavericks 0.3.1 OK
r-release-windows-ix86+x86_64 0.3.1 163.00 160.00 323.00 OK
r-oldrel-windows-ix86+x86_64 0.3.1 112.00 135.00 247.00 OK

Check Details

Version: 0.3.1
Flags: --no-stop-on-test-error
Check: compiled code
Result: NOTE
    File ‘HLMdiag/libs/HLMdiag.so’:
     Found no calls to: ‘R_registerRoutines’, ‘R_useDynamicSymbols’
    
    It is good practice to use registered native symbols and disable symbol
    search.
    
    See ‘Writing portable packages’ in the ‘Writing R Extensions’ manual.
Flavor: r-devel-linux-x86_64-fedora-gcc