CRAN Package Check Results for Package HLMdiag

Last updated on 2015-09-04 03:48:22.

Flavor Version Tinstall Tcheck Ttotal Status Flags
r-devel-linux-x86_64-debian-clang 0.3.0 32.21 50.14 82.36 NOTE
r-devel-linux-x86_64-debian-gcc 0.3.0 38.77 49.73 88.50 NOTE
r-devel-linux-x86_64-fedora-clang 0.3.0 169.19 NOTE
r-devel-linux-x86_64-fedora-gcc 0.3.0 164.64 NOTE
r-devel-osx-x86_64-clang 0.3.0 118.97 OK
r-devel-windows-ix86+x86_64 0.3.0 105.00 112.00 217.00 NOTE
r-patched-linux-x86_64 0.3.0 35.98 51.21 87.19 OK
r-patched-solaris-sparc 0.3.0 1067.50 OK
r-patched-solaris-x86 0.3.0 211.70 OK
r-release-linux-x86_64 0.3.0 36.06 50.04 86.11 OK
r-release-osx-x86_64-mavericks 0.3.0 OK
r-release-windows-ix86+x86_64 0.3.0 145.00 121.00 266.00 OK
r-oldrel-windows-ix86+x86_64 0.3.0 149.00 172.00 321.00 OK

Check Details

Version: 0.3.0
Check: R code for possible problems
Result: NOTE
    .extract.lmeDesign: no visible global function definition for
     ‘complete.cases’
    .extract.lmeDesign: no visible global function definition for
     ‘model.matrix’
    .extract.lmeDesign: no visible global function definition for ‘formula’
    BlockZ: no visible global function definition for ‘as’
    HLMresid.lmerMod: no visible global function definition for ‘resid’
    HLMresid.mer: no visible global function definition for ‘resid’
    LSresids.lmerMod: no visible global function definition for ‘formula’
    LSresids.lmerMod: no visible binding for global variable ‘resid’
    LSresids.lmerMod: no visible binding for global variable ‘fitted’
    LSresids.lmerMod: no visible binding for global variable ‘model.frame’
    LSresids.lmerMod: no visible binding for global variable ‘lm.influence’
    LSresids.lmerMod: no visible binding for global variable ‘rstandard’
    LSresids.lmerMod: no visible global function definition for ‘lm’
    LSresids.mer: no visible global function definition for ‘formula’
    LSresids.mer: no visible binding for global variable ‘resid’
    LSresids.mer: no visible binding for global variable ‘fitted’
    LSresids.mer: no visible binding for global variable ‘model.frame’
    LSresids.mer: no visible binding for global variable ‘lm.influence’
    LSresids.mer: no visible binding for global variable ‘rstandard’
    LSresids.mer: no visible global function definition for ‘lm’
    adjust_lmList.formula: no visible global function definition for
     ‘formula’
    adjust_lmList.formula: no visible global function definition for ‘lm’
    case_delete.lmerMod: no visible global function definition for
     ‘formula’
    case_delete.lmerMod: no visible global function definition for ‘vcov’
    case_delete.lmerMod: no visible global function definition for ‘fitted’
    case_delete.lmerMod: no visible binding for global variable ‘vcov’
    case_delete.lmerMod : <anonymous>: no visible global function
     definition for ‘fitted’
    case_delete.mer: no visible global function definition for ‘is’
    case_delete.mer: no visible global function definition for ‘formula’
    case_delete.mer: no visible global function definition for ‘vcov’
    case_delete.mer: no visible global function definition for ‘fitted’
    case_delete.mer: no visible binding for global variable ‘vcov’
    case_delete.mer : <anonymous>: no visible global function definition
     for ‘fitted’
    compare_eb_ls: no visible global function definition for
     ‘devAskNewPage’
    confint.adjust_lmList: no visible global function definition for ‘qt’
    cooks.distance.case_delete: no visible global function definition for
     ‘is’
    cooks.distance.mer: no visible global function definition for ‘is’
    covratio.case_delete: no visible global function definition for ‘is’
    covratio.mer: no visible global function definition for ‘is’
    covtrace.case_delete: no visible global function definition for ‘is’
    covtrace.mer: no visible global function definition for ‘is’
    diagnostics: no visible global function definition for ‘is’
    dotplot_diag: no visible global function definition for ‘reorder’
    ggplot_qqnorm: no visible global function definition for ‘ppoints’
    ggplot_qqnorm: no visible global function definition for ‘qnorm’
    group_qqnorm : <anonymous>: no visible global function definition for
     ‘ppoints’
    group_qqnorm : <anonymous>: no visible global function definition for
     ‘qnorm’
    group_qqnorm: no visible global function definition for ‘ppoints’
    group_qqnorm: no visible global function definition for ‘qnorm’
    internal_cutoff: no visible global function definition for ‘quantile’
    internal_cutoff: no visible global function definition for ‘IQR’
    leverage.lme: no visible global function definition for ‘aggregate’
    leverage.lmerMod: no visible global function definition for ‘aggregate’
    leverage.mer: no visible global function definition for ‘is’
    leverage.mer: no visible global function definition for ‘aggregate’
    mdffits.case_delete: no visible global function definition for ‘is’
    mdffits.mer: no visible global function definition for ‘is’
    plot.adjust_lmList.confint: no visible global function definition for
     ‘as’
    pooledSD: no visible global function definition for ‘is’
    pooledSD : <anonymous>: no visible global function definition for
     ‘resid’
    qqlineInfo: no visible global function definition for ‘quantile’
    qqlineInfo: no visible global function definition for ‘qnorm’
    rotate_ranef.lme: no visible global function definition for ‘varimax’
    rotate_ranef.lmerMod: no visible global function definition for
     ‘varimax’
    rotate_ranef.mer: no visible global function definition for ‘varimax’
    Undefined global functions or variables:
     IQR aggregate as complete.cases devAskNewPage fitted formula is lm
     lm.influence model.frame model.matrix ppoints qnorm qt quantile
     reorder resid rstandard varimax vcov
    Consider adding
     importFrom("grDevices", "devAskNewPage")
     importFrom("methods", "as", "is")
     importFrom("stats", "IQR", "aggregate", "complete.cases", "fitted",
     "formula", "lm", "lm.influence", "model.frame",
     "model.matrix", "ppoints", "qnorm", "qt", "quantile",
     "reorder", "resid", "rstandard", "varimax", "vcov")
    to your NAMESPACE (and ensure that your DESCRIPTION Imports field
    contains 'methods').
Flavors: r-devel-linux-x86_64-debian-clang, r-devel-linux-x86_64-debian-gcc, r-devel-linux-x86_64-fedora-clang, r-devel-linux-x86_64-fedora-gcc, r-devel-windows-ix86+x86_64