CRAN Package Check Results for Package HLMdiag

Last updated on 2017-03-27 21:48:46.

Flavor Version Tinstall Tcheck Ttotal Status Flags
r-devel-linux-x86_64-debian-clang 0.3.1 41.05 55.74 96.79 NOTE
r-devel-linux-x86_64-debian-gcc 0.3.1 45.20 54.90 100.10 NOTE
r-devel-linux-x86_64-fedora-clang 0.3.1 210.59 NOTE --no-stop-on-test-error
r-devel-linux-x86_64-fedora-gcc 0.3.1 205.44 NOTE --no-stop-on-test-error
r-devel-macos-x86_64-clang 0.3.1 141.42 NOTE --no-stop-on-test-error
r-devel-windows-ix86+x86_64 0.3.1 131.00 142.00 273.00 OK
r-patched-linux-x86_64 0.3.1 36.94 54.14 91.08 NOTE
r-patched-solaris-sparc 0.3.1 1092.80 OK
r-patched-solaris-x86 0.3.1 235.30 OK
r-release-linux-x86_64 0.3.1 35.43 50.05 85.48 OK
r-release-osx-x86_64-mavericks 0.3.1 OK
r-release-windows-ix86+x86_64 0.3.1 186.00 163.00 349.00 OK
r-oldrel-windows-ix86+x86_64 0.3.1 115.00 116.00 231.00 OK

Check Details

Version: 0.3.1
Check: compiled code
Result: NOTE
    File ‘HLMdiag/libs/HLMdiag.so’:
     Found no calls to: ‘R_registerRoutines’, ‘R_useDynamicSymbols’
    
    It is good practice to register native routines and to disable symbol
    search.
    
    See ‘Writing portable packages’ in the ‘Writing R Extensions’ manual.
Flavors: r-devel-linux-x86_64-debian-clang, r-devel-linux-x86_64-debian-gcc, r-patched-linux-x86_64

Version: 0.3.1
Flags: --no-stop-on-test-error
Check: compiled code
Result: NOTE
    File ‘HLMdiag/libs/HLMdiag.so’:
     Found no calls to: ‘R_registerRoutines’, ‘R_useDynamicSymbols’
    
    It is good practice to register native routines and to disable symbol
    search.
    
    See ‘Writing portable packages’ in the ‘Writing R Extensions’ manual.
Flavors: r-devel-linux-x86_64-fedora-clang, r-devel-linux-x86_64-fedora-gcc, r-devel-macos-x86_64-clang