CRAN Package Check Results for Package HLMdiag

Last updated on 2015-01-31 04:47:55.

Flavor Version Tinstall Tcheck Ttotal Status Flags
r-devel-linux-x86_64-debian-clang 0.2.5 30.12 54.97 85.08 NOTE
r-devel-linux-x86_64-debian-gcc 0.2.5 35.69 53.72 89.41 NOTE
r-devel-linux-x86_64-fedora-clang 0.2.5 238.53 NOTE
r-devel-linux-x86_64-fedora-gcc 0.2.5 219.94 NOTE
r-devel-osx-x86_64-clang 0.2.5 180.11 NOTE
r-devel-windows-ix86+x86_64 0.2.5 123.00 117.00 240.00 OK
r-patched-linux-x86_64 0.2.5 37.35 77.82 115.18 OK
r-patched-solaris-sparc 0.2.5 1485.70 OK
r-patched-solaris-x86 0.2.5 316.00 OK
r-release-linux-ix86 0.2.5 43.25 91.03 134.28 OK
r-release-linux-x86_64 0.2.5 37.37 77.87 115.24 OK
r-release-osx-x86_64-mavericks 0.2.5 OK
r-release-osx-x86_64-snowleopard 0.2.5 OK
r-release-windows-ix86+x86_64 0.2.5 98.00 169.00 267.00 OK
r-oldrel-windows-ix86+x86_64 0.2.5 111.00 166.00 277.00 OK

Check Details

Version: 0.2.5
Check: S3 generic/method consistency
Result: NOTE
    Found the following apparent S3 methods exported but not registered:
     HLMresid.default LSresids.default case_delete.default
     covratio.default covtrace.default leverage.default mdffits.default
     rotate_ranef.default rvc.default
    See section ‘Registering S3 methods’ in the ‘Writing R Extensions’
    manual.
Flavors: r-devel-linux-x86_64-debian-clang, r-devel-linux-x86_64-debian-gcc, r-devel-linux-x86_64-fedora-clang, r-devel-linux-x86_64-fedora-gcc, r-devel-osx-x86_64-clang