CRAN Package Check Results for Package HLMdiag

Last updated on 2015-03-30 21:49:14.

Flavor Version Tinstall Tcheck Ttotal Status Flags
r-devel-linux-x86_64-debian-clang 0.2.5 32.25 56.70 88.95 NOTE
r-devel-linux-x86_64-debian-gcc 0.2.5 36.22 55.76 91.98 NOTE
r-devel-linux-x86_64-fedora-clang 0.2.5 194.25 NOTE
r-devel-linux-x86_64-fedora-gcc 0.2.5 182.61 NOTE
r-devel-osx-x86_64-clang 0.2.5 144.08 NOTE
r-prerel-windows-ix86+x86_64 0.2.5 109.00 123.00 232.00 OK
r-prerel-linux-x86_64 0.2.5 38.65 55.07 93.72 NOTE
r-prerel-solaris-sparc 0.2.5 1145.20 OK
r-prerel-solaris-x86 0.2.5 231.90 OK
r-release-linux-x86_64 0.2.5 38.67 78.95 117.62 OK
r-release-osx-x86_64-mavericks 0.2.5 OK
r-release-osx-x86_64-snowleopard 0.2.5 OK
r-release-windows-ix86+x86_64 0.2.5 108.00 166.00 274.00 OK
r-oldrel-windows-ix86+x86_64 0.2.5 104.00 167.00 271.00 OK

Check Details

Version: 0.2.5
Check: S3 generic/method consistency
Result: NOTE
    Found the following apparent S3 methods exported but not registered:
     HLMresid.default LSresids.default case_delete.default
     covratio.default covtrace.default leverage.default mdffits.default
     rotate_ranef.default rvc.default
    See section ‘Registering S3 methods’ in the ‘Writing R Extensions’
    manual.
Flavors: r-devel-linux-x86_64-debian-clang, r-devel-linux-x86_64-debian-gcc, r-devel-linux-x86_64-fedora-clang, r-devel-linux-x86_64-fedora-gcc, r-devel-osx-x86_64-clang, r-prerel-linux-x86_64