CRAN Package Check Results for Package HLMdiag

Last updated on 2018-02-17 21:49:23 CET.

Flavor Version Tinstall Tcheck Ttotal Status Flags
r-devel-linux-x86_64-debian-clang 0.3.1 63.69 84.41 148.10 NOTE
r-devel-linux-x86_64-debian-gcc 0.3.1 57.64 65.24 122.88 NOTE
r-devel-linux-x86_64-fedora-clang 0.3.1 199.87 NOTE
r-devel-linux-x86_64-fedora-gcc 0.3.1 196.95 NOTE
r-devel-windows-ix86+x86_64 0.3.1 124.00 127.00 251.00 OK
r-patched-linux-x86_64 0.3.1 67.64 91.39 159.03 NOTE
r-patched-solaris-x86 0.3.1 235.70 OK
r-release-linux-x86_64 0.3.1 67.60 90.31 157.91 NOTE
r-release-windows-ix86+x86_64 0.3.1 178.00 191.00 369.00 OK
r-release-osx-x86_64 0.3.1 OK
r-oldrel-windows-ix86+x86_64 0.3.1 122.00 169.00 291.00 OK
r-oldrel-osx-x86_64 0.3.1 OK

Check Details

Version: 0.3.1
Check: compiled code
Result: NOTE
    File ‘HLMdiag/libs/HLMdiag.so’:
     Found no calls to: ‘R_registerRoutines’, ‘R_useDynamicSymbols’
    
    It is good practice to register native routines and to disable symbol
    search.
    
    See ‘Writing portable packages’ in the ‘Writing R Extensions’ manual.
Flavors: r-devel-linux-x86_64-debian-clang, r-devel-linux-x86_64-debian-gcc, r-devel-linux-x86_64-fedora-clang, r-devel-linux-x86_64-fedora-gcc, r-patched-linux-x86_64, r-release-linux-x86_64