CRAN Package Check Results for Package HLMdiag

Last updated on 2015-04-19 09:55:37.

Flavor Version Tinstall Tcheck Ttotal Status Flags
r-devel-linux-x86_64-debian-clang 0.2.5 32.20 57.32 89.52 NOTE
r-devel-linux-x86_64-debian-gcc 0.2.5 37.41 56.22 93.64 NOTE
r-devel-linux-x86_64-fedora-clang 0.2.5 194.47 NOTE
r-devel-linux-x86_64-fedora-gcc 0.2.5 204.53 NOTE
r-devel-osx-x86_64-clang 0.2.5 143.90 NOTE
r-devel-windows-ix86+x86_64 0.2.5 145.00 162.00 307.00 OK
r-patched-linux-x86_64 0.2.5 36.64 58.62 95.25 NOTE
r-patched-solaris-sparc 0.2.5 1145.20 OK
r-patched-solaris-x86 0.2.5 232.30 OK
r-release-linux-x86_64 0.2.5 36.83 57.54 94.36 NOTE
r-release-osx-x86_64-mavericks 0.2.5 OK
r-release-osx-x86_64-snowleopard 0.2.5 ERROR
r-release-windows-ix86+x86_64 0.2.5 89.00 122.00 211.00 OK
r-oldrel-windows-ix86+x86_64 0.2.5 131.00 232.00 363.00 OK

Check Details

Version: 0.2.5
Check: S3 generic/method consistency
Result: NOTE
    Found the following apparent S3 methods exported but not registered:
     HLMresid.default LSresids.default case_delete.default
     covratio.default covtrace.default leverage.default mdffits.default
     rotate_ranef.default rvc.default
    See section ‘Registering S3 methods’ in the ‘Writing R Extensions’
    manual.
Flavors: r-devel-linux-x86_64-debian-clang, r-devel-linux-x86_64-debian-gcc, r-devel-linux-x86_64-fedora-clang, r-devel-linux-x86_64-fedora-gcc, r-devel-osx-x86_64-clang, r-patched-linux-x86_64, r-release-linux-x86_64

Version: 0.2.5
Check: package dependencies
Result: ERROR
    Package required but not available: ‘ggplot2’
    
    See section ‘The DESCRIPTION file’ in the ‘Writing R Extensions’
    manual.
Flavor: r-release-osx-x86_64-snowleopard