CRAN Package Check Results for Package HLMdiag

Last updated on 2017-09-21 05:48:29.

Flavor Version Tinstall Tcheck Ttotal Status Flags
r-devel-linux-x86_64-debian-clang 0.3.1 42.36 58.11 100.47 NOTE
r-devel-linux-x86_64-debian-gcc 0.3.1 49.67 57.06 106.74 NOTE
r-devel-linux-x86_64-fedora-clang 0.3.1 228.39 NOTE
r-devel-linux-x86_64-fedora-gcc 0.3.1 221.80 NOTE
r-devel-windows-ix86+x86_64 0.3.1 124.00 206.00 330.00 OK
r-patched-linux-x86_64 0.3.1 48.59 59.15 107.74 NOTE
r-patched-solaris-x86 0.3.1 242.10 OK
r-release-linux-x86_64 0.3.1 49.27 58.94 108.21 NOTE
r-release-windows-ix86+x86_64 0.3.1 144.00 154.00 298.00 OK
r-release-osx-x86_64 0.3.1 OK
r-oldrel-windows-ix86+x86_64 0.3.1 128.00 124.00 252.00 OK
r-oldrel-osx-x86_64 0.3.1 OK

Check Details

Version: 0.3.1
Check: compiled code
Result: NOTE
    File ‘HLMdiag/libs/HLMdiag.so’:
     Found no calls to: ‘R_registerRoutines’, ‘R_useDynamicSymbols’
    
    It is good practice to register native routines and to disable symbol
    search.
    
    See ‘Writing portable packages’ in the ‘Writing R Extensions’ manual.
Flavors: r-devel-linux-x86_64-debian-clang, r-devel-linux-x86_64-debian-gcc, r-devel-linux-x86_64-fedora-clang, r-devel-linux-x86_64-fedora-gcc, r-patched-linux-x86_64, r-release-linux-x86_64