CRAN Package Check Results for Package HLMdiag

Last updated on 2017-02-25 07:49:08.

Flavor Version Tinstall Tcheck Ttotal Status Flags
r-devel-linux-x86_64-debian-clang 0.3.1 38.97 55.43 94.40 NOTE
r-devel-linux-x86_64-debian-gcc 0.3.1 45.29 54.52 99.81 NOTE
r-devel-linux-x86_64-fedora-clang 0.3.1 205.70 NOTE --no-stop-on-test-error
r-devel-linux-x86_64-fedora-gcc 0.3.1 214.17 NOTE --no-stop-on-test-error
r-devel-macos-x86_64-clang 0.3.1 141.98 NOTE --no-stop-on-test-error
r-devel-windows-ix86+x86_64 0.3.1 186.00 175.00 361.00 OK
r-patched-linux-x86_64 0.3.1 35.52 51.33 86.86 OK
r-patched-solaris-sparc 0.3.1 1014.10 OK
r-patched-solaris-x86 0.3.1 196.10 OK
r-release-linux-x86_64 0.3.1 36.39 50.41 86.80 OK
r-release-osx-x86_64-mavericks 0.3.1 OK
r-release-windows-ix86+x86_64 0.3.1 178.00 116.00 294.00 OK
r-oldrel-windows-ix86+x86_64 0.3.1 158.00 170.00 328.00 OK

Check Details

Version: 0.3.1
Check: compiled code
Result: NOTE
    File ‘HLMdiag/libs/HLMdiag.so’:
     Found no calls to: ‘R_registerRoutines’, ‘R_useDynamicSymbols’
    
    It is good practice to register native routines and to disable symbol
    search.
    
    See ‘Writing portable packages’ in the ‘Writing R Extensions’ manual.
Flavors: r-devel-linux-x86_64-debian-clang, r-devel-linux-x86_64-debian-gcc

Version: 0.3.1
Flags: --no-stop-on-test-error
Check: compiled code
Result: NOTE
    File ‘HLMdiag/libs/HLMdiag.so’:
     Found no calls to: ‘R_registerRoutines’, ‘R_useDynamicSymbols’
    
    It is good practice to register native routines and to disable symbol
    search.
    
    See ‘Writing portable packages’ in the ‘Writing R Extensions’ manual.
Flavors: r-devel-linux-x86_64-fedora-clang, r-devel-linux-x86_64-fedora-gcc, r-devel-macos-x86_64-clang