CRAN Package Check Results for Package HLMdiag

Last updated on 2017-04-23 17:49:39.

Flavor Version Tinstall Tcheck Ttotal Status Flags
r-devel-linux-x86_64-debian-clang 0.3.1 40.79 59.27 100.06 NOTE
r-devel-linux-x86_64-debian-gcc 0.3.1 44.82 58.37 103.19 NOTE
r-devel-linux-x86_64-fedora-clang 0.3.1 216.17 NOTE --no-stop-on-test-error
r-devel-linux-x86_64-fedora-gcc 0.3.1 208.59 NOTE --no-stop-on-test-error
r-devel-windows-ix86+x86_64 0.3.1 176.00 202.00 378.00 OK
r-patched-linux-x86_64 0.3.1 36.57 58.79 95.36 NOTE
r-patched-solaris-sparc 0.3.1 1092.80 OK
r-patched-solaris-x86 0.3.1 232.20 OK
r-release-linux-x86_64 0.3.1 36.14 57.49 93.63 NOTE
r-release-windows-ix86+x86_64 0.3.1 131.00 154.00 285.00 OK
r-release-osx-x86_64 0.3.1 OK
r-oldrel-windows-ix86+x86_64 0.3.1 134.00 135.00 269.00 OK
r-oldrel-osx-x86_64 0.3.1 OK

Check Details

Version: 0.3.1
Check: compiled code
Result: NOTE
    File ‘HLMdiag/libs/HLMdiag.so’:
     Found no calls to: ‘R_registerRoutines’, ‘R_useDynamicSymbols’
    
    It is good practice to register native routines and to disable symbol
    search.
    
    See ‘Writing portable packages’ in the ‘Writing R Extensions’ manual.
Flavors: r-devel-linux-x86_64-debian-clang, r-devel-linux-x86_64-debian-gcc, r-patched-linux-x86_64, r-release-linux-x86_64

Version: 0.3.1
Flags: --no-stop-on-test-error
Check: compiled code
Result: NOTE
    File ‘HLMdiag/libs/HLMdiag.so’:
     Found no calls to: ‘R_registerRoutines’, ‘R_useDynamicSymbols’
    
    It is good practice to register native routines and to disable symbol
    search.
    
    See ‘Writing portable packages’ in the ‘Writing R Extensions’ manual.
Flavors: r-devel-linux-x86_64-fedora-clang, r-devel-linux-x86_64-fedora-gcc