CRAN Package Check Results for Package HLMdiag

Last updated on 2018-04-24 15:47:58 CEST.

Flavor Version Tinstall Tcheck Ttotal Status Flags
r-devel-linux-x86_64-debian-clang 0.3.1 67.85 82.47 150.32 NOTE
r-devel-linux-x86_64-debian-gcc 0.3.1 61.76 65.40 127.16 NOTE
r-devel-linux-x86_64-fedora-clang 0.3.1 199.88 NOTE
r-devel-linux-x86_64-fedora-gcc 0.3.1 191.77 NOTE
r-devel-windows-ix86+x86_64 0.3.1 186.00 129.00 315.00 OK
r-patched-linux-x86_64 0.3.1 80.77 81.31 162.08 NOTE
r-patched-solaris-x86 0.3.1 230.90 OK
r-release-linux-x86_64 0.3.1 77.10 80.75 157.85 NOTE
r-release-windows-ix86+x86_64 0.3.1 186.00 129.00 315.00 OK
r-release-osx-x86_64 0.3.1 OK
r-oldrel-windows-ix86+x86_64 0.3.1 147.00 162.00 309.00 OK
r-oldrel-osx-x86_64 0.3.1 OK

Check Details

Version: 0.3.1
Check: compiled code
Result: NOTE
    File ‘HLMdiag/libs/HLMdiag.so’:
     Found no calls to: ‘R_registerRoutines’, ‘R_useDynamicSymbols’
    
    It is good practice to register native routines and to disable symbol
    search.
    
    See ‘Writing portable packages’ in the ‘Writing R Extensions’ manual.
Flavors: r-devel-linux-x86_64-debian-clang, r-devel-linux-x86_64-debian-gcc, r-devel-linux-x86_64-fedora-clang, r-devel-linux-x86_64-fedora-gcc, r-patched-linux-x86_64, r-release-linux-x86_64