CRAN Package Check Results for Package HLMdiag

Last updated on 2014-04-23 17:47:45.

Flavor Version Tinstall Tcheck Ttotal Status Flags
r-devel-linux-x86_64-debian-clang 0.2.5 30.94 82.62 113.56 OK
r-devel-linux-x86_64-debian-gcc 0.2.5 36.90 83.29 120.19 OK
r-devel-linux-x86_64-fedora-clang 0.2.5 257.00 OK
r-devel-linux-x86_64-fedora-gcc 0.2.5 248.01 OK
r-devel-osx-x86_64-clang 0.2.5 196.02 OK
r-devel-osx-x86_64-gcc 0.2.5 ERROR
r-devel-windows-ix86+x86_64 0.2.5 102.00 215.00 317.00 OK
r-patched-linux-x86_64 0.2.5 37.25 82.19 119.44 OK
r-patched-solaris-sparc 0.2.5 1429.20 OK
r-patched-solaris-x86 0.2.5 303.30 OK
r-release-linux-ix86 0.2.5 53.00 127.00 180.00 OK
r-release-linux-x86_64 0.2.5 37.22 81.51 118.73 OK
r-release-osx-x86_64-mavericks 0.2.5 OK
r-release-osx-x86_64-snowleopard 0.2.5 OK
r-release-windows-ix86+x86_64 0.2.5 90.00 163.00 253.00 OK
r-oldrel-windows-ix86+x86_64 0.2.5 91.00 168.00 259.00 OK

Check Details

Version: 0.2.5
Check: package dependencies
Result: ERROR
    Package required but not available: ‘ggplot2’
    
    See the information on DESCRIPTION files in the chapter ‘Creating R
    packages’ of the ‘Writing R Extensions’ manual.
Flavor: r-devel-osx-x86_64-gcc