CRAN Package Check Results for Package HMB

Last updated on 2022-12-08 02:51:03 CET.

Flavor Version Tinstall Tcheck Ttotal Status Flags
r-devel-linux-x86_64-debian-clang 1.1 140.98 37.32 178.30 OK
r-devel-linux-x86_64-debian-gcc 1.1 106.52 28.77 135.29 OK
r-devel-linux-x86_64-fedora-clang 1.1 272.53 OK
r-devel-linux-x86_64-fedora-gcc 1.1 240.42 OK
r-devel-windows-x86_64 1.1 141.00 83.00 224.00 NOTE
r-patched-linux-x86_64 1.1 104.53 33.74 138.27 OK
r-release-linux-x86_64 1.1 111.11 34.68 145.79 OK
r-release-macos-arm64 1.1 52.00 NOTE
r-release-macos-x86_64 1.1 71.00 NOTE
r-release-windows-x86_64 1.1 128.00 86.00 214.00 NOTE
r-oldrel-macos-arm64 1.1 63.00 NOTE
r-oldrel-macos-x86_64 1.1 150.00 NOTE
r-oldrel-windows-ix86+x86_64 1.1 331.00 91.00 422.00 NOTE

Check Details

Version: 1.1
Check: installed package size
Result: NOTE
     installed size is 5.0Mb
     sub-directories of 1Mb or more:
     data 3.5Mb
     libs 1.3Mb
Flavors: r-devel-windows-x86_64, r-release-macos-arm64, r-release-macos-x86_64, r-release-windows-x86_64, r-oldrel-macos-arm64, r-oldrel-macos-x86_64, r-oldrel-windows-ix86+x86_64