CRAN Package Check Results for Package HMM

Last updated on 2016-09-26 05:47:33.

Flavor Version Tinstall Tcheck Ttotal Status Flags
r-devel-linux-x86_64-debian-clang 1.0 0.55 11.86 12.41 NOTE
r-devel-linux-x86_64-debian-gcc 1.0 0.54 11.51 12.05 NOTE
r-devel-linux-x86_64-fedora-clang 1.0 22.28 NOTE
r-devel-linux-x86_64-fedora-gcc 1.0 20.34 NOTE
r-devel-macos-x86_64-clang 1.0 19.69 NOTE
r-devel-windows-ix86+x86_64 1.0 4.00 28.00 32.00 NOTE
r-patched-linux-x86_64 1.0 0.54 11.74 12.27 NOTE
r-patched-solaris-sparc 1.0 147.10 NOTE
r-patched-solaris-x86 1.0 28.80 NOTE
r-release-linux-x86_64 1.0 0.60 11.49 12.09 NOTE
r-release-osx-x86_64-mavericks 1.0 NOTE
r-release-windows-ix86+x86_64 1.0 2.00 26.00 28.00 NOTE
r-oldrel-windows-ix86+x86_64 1.0 2.00 18.00 20.00 NOTE

Check Details

Version: 1.0
Check: DESCRIPTION meta-information
Result: NOTE
    Malformed Description field: should contain one or more complete sentences.
Flavors: r-devel-linux-x86_64-debian-clang, r-devel-linux-x86_64-debian-gcc, r-devel-linux-x86_64-fedora-clang, r-devel-linux-x86_64-fedora-gcc, r-devel-macos-x86_64-clang, r-devel-windows-ix86+x86_64, r-patched-linux-x86_64, r-patched-solaris-sparc, r-patched-solaris-x86, r-release-linux-x86_64, r-release-osx-x86_64-mavericks, r-release-windows-ix86+x86_64, r-oldrel-windows-ix86+x86_64

Version: 1.0
Check: R code for possible problems
Result: NOTE
    dishonestCasino: no visible global function definition for ‘plot’
    dishonestCasino: no visible global function definition for ‘axis’
    dishonestCasino: no visible global function definition for ‘text’
    dishonestCasino: no visible global function definition for ‘rect’
    dishonestCasino: no visible global function definition for ‘rgb’
    dishonestCasino: no visible global function definition for ‘points’
    Undefined global functions or variables:
     axis plot points rect rgb text
    Consider adding
     importFrom("grDevices", "rgb")
     importFrom("graphics", "axis", "plot", "points", "rect", "text")
    to your NAMESPACE file.
Flavors: r-devel-linux-x86_64-debian-clang, r-devel-linux-x86_64-debian-gcc, r-devel-linux-x86_64-fedora-clang, r-devel-linux-x86_64-fedora-gcc, r-devel-macos-x86_64-clang, r-devel-windows-ix86+x86_64, r-patched-linux-x86_64, r-patched-solaris-sparc, r-patched-solaris-x86, r-release-linux-x86_64, r-release-osx-x86_64-mavericks, r-release-windows-ix86+x86_64