CRAN Package Check Results for Package HMM

Last updated on 2015-04-26 03:47:32.

Flavor Version Tinstall Tcheck Ttotal Status Flags
r-devel-linux-x86_64-debian-clang 1.0 0.59 11.61 12.20 NOTE
r-devel-linux-x86_64-debian-gcc 1.0 0.56 11.76 12.32 NOTE
r-devel-linux-x86_64-fedora-clang 1.0 24.73 NOTE
r-devel-linux-x86_64-fedora-gcc 1.0 22.83 NOTE
r-devel-osx-x86_64-clang 1.0 29.11 NOTE
r-devel-windows-ix86+x86_64 1.0 2.00 20.00 22.00 NOTE
r-patched-linux-x86_64 1.0 0.60 11.60 12.20 NOTE
r-patched-solaris-sparc 1.0 166.70 NOTE
r-patched-solaris-x86 1.0 33.30 NOTE
r-release-linux-x86_64 1.0 0.61 11.94 12.55 NOTE
r-release-osx-x86_64-mavericks 1.0 NOTE
r-release-osx-x86_64-snowleopard 1.0 NOTE
r-release-windows-ix86+x86_64 1.0 2.00 22.00 24.00 NOTE
r-oldrel-windows-ix86+x86_64 1.0 3.00 28.00 31.00 OK

Check Details

Version: 1.0
Check: DESCRIPTION meta-information
Result: NOTE
    Malformed Description field: should contain one or more complete sentences.
Flavors: r-devel-windows-ix86+x86_64, r-release-windows-ix86+x86_64