CRAN Package Check Results for Package HMM

Last updated on 2015-03-28 09:48:18.

Flavor Version Tinstall Tcheck Ttotal Status Flags
r-devel-linux-x86_64-debian-clang 1.0 0.57 11.74 12.32 NOTE
r-devel-linux-x86_64-debian-gcc 1.0 0.62 11.63 12.24 NOTE
r-devel-linux-x86_64-fedora-clang 1.0 23.82 NOTE
r-devel-linux-x86_64-fedora-gcc 1.0 23.21 NOTE
r-devel-osx-x86_64-clang 1.0 31.72 NOTE
r-prerel-windows-ix86+x86_64 1.0 3.00 19.00 22.00 NOTE
r-prerel-linux-x86_64 1.0 0.60 11.60 12.20 NOTE
r-prerel-solaris-sparc 1.0 166.70 NOTE
r-prerel-solaris-x86 1.0 33.10 NOTE
r-release-linux-x86_64 1.0 0.64 12.32 12.96 OK
r-release-osx-x86_64-mavericks 1.0 OK
r-release-windows-ix86+x86_64 1.0 3.00 28.00 31.00 OK
r-oldrel-windows-ix86+x86_64 1.0 2.00 20.00 22.00 OK

Check Details

Version: 1.0
Check: DESCRIPTION meta-information
Result: NOTE
    Malformed Description field: should contain one or more complete sentences.
Flavors: r-devel-linux-x86_64-debian-clang, r-devel-linux-x86_64-debian-gcc, r-devel-linux-x86_64-fedora-clang, r-devel-linux-x86_64-fedora-gcc, r-devel-osx-x86_64-clang, r-prerel-windows-ix86+x86_64, r-prerel-linux-x86_64, r-prerel-solaris-sparc, r-prerel-solaris-x86