CRAN Package Check Results for Package HMM

Last updated on 2015-07-06 23:47:47.

Flavor Version Tinstall Tcheck Ttotal Status Flags
r-devel-linux-x86_64-debian-clang 1.0 0.53 11.05 11.58 NOTE
r-devel-linux-x86_64-debian-gcc 1.0 0.68 11.44 12.12 NOTE
r-devel-linux-x86_64-fedora-clang 1.0 22.84 NOTE
r-devel-linux-x86_64-fedora-gcc 1.0 21.48 NOTE
r-devel-osx-x86_64-clang 1.0 24.08 NOTE
r-devel-windows-ix86+x86_64 1.0 3.00 20.00 23.00 NOTE
r-patched-linux-x86_64 1.0 0.56 11.34 11.90 NOTE
r-patched-solaris-sparc 1.0 154.30 NOTE
r-patched-solaris-x86 1.0 33.00 NOTE
r-release-linux-x86_64 1.0 0.56 11.41 11.97 NOTE
r-release-osx-x86_64-mavericks 1.0 NOTE
r-release-windows-ix86+x86_64 1.0 2.00 20.00 22.00 NOTE
r-oldrel-windows-ix86+x86_64 1.0 3.00 28.00 31.00 OK

Check Details

Version: 1.0
Check: DESCRIPTION meta-information
Result: NOTE
    Malformed Description field: should contain one or more complete sentences.
Flavors: r-devel-linux-x86_64-debian-clang, r-devel-linux-x86_64-debian-gcc, r-devel-linux-x86_64-fedora-clang, r-devel-linux-x86_64-fedora-gcc, r-devel-osx-x86_64-clang, r-devel-windows-ix86+x86_64, r-patched-linux-x86_64, r-patched-solaris-sparc, r-patched-solaris-x86, r-release-linux-x86_64, r-release-osx-x86_64-mavericks, r-release-windows-ix86+x86_64

Version: 1.0
Check: R code for possible problems
Result: NOTE
    dishonestCasino: no visible global function definition for ‘plot’
    dishonestCasino: no visible global function definition for ‘axis’
    dishonestCasino: no visible global function definition for ‘text’
    dishonestCasino: no visible global function definition for ‘rect’
    dishonestCasino: no visible global function definition for ‘rgb’
    dishonestCasino: no visible global function definition for ‘points’
    Undefined global functions or variables:
     axis plot points rect rgb text
Flavors: r-devel-linux-x86_64-debian-clang, r-devel-linux-x86_64-debian-gcc, r-devel-linux-x86_64-fedora-clang, r-devel-linux-x86_64-fedora-gcc, r-devel-windows-ix86+x86_64