CRAN Package Check Results for Package HMM

Last updated on 2017-09-21 17:48:08.

Flavor Version Tinstall Tcheck Ttotal Status Flags
r-devel-linux-x86_64-debian-clang 1.0 0.61 13.58 14.19 NOTE
r-devel-linux-x86_64-debian-gcc 1.0 0.60 13.29 13.89 NOTE
r-devel-linux-x86_64-fedora-clang 1.0 25.17 NOTE
r-devel-linux-x86_64-fedora-gcc 1.0 23.74 NOTE
r-devel-windows-ix86+x86_64 1.0 5.00 28.00 33.00 NOTE
r-patched-linux-x86_64 1.0 0.65 13.18 13.83 NOTE
r-patched-solaris-x86 1.0 33.00 NOTE
r-release-linux-x86_64 1.0 0.69 13.35 14.03 NOTE
r-release-windows-ix86+x86_64 1.0 2.00 30.00 32.00 NOTE
r-release-osx-x86_64 1.0 NOTE
r-oldrel-windows-ix86+x86_64 1.0 3.00 30.00 33.00 NOTE
r-oldrel-osx-x86_64 1.0 NOTE

Check Details

Version: 1.0
Check: DESCRIPTION meta-information
Result: NOTE
    Malformed Description field: should contain one or more complete sentences.
Flavors: r-devel-linux-x86_64-debian-clang, r-devel-linux-x86_64-debian-gcc, r-devel-linux-x86_64-fedora-clang, r-devel-linux-x86_64-fedora-gcc, r-devel-windows-ix86+x86_64, r-patched-linux-x86_64, r-patched-solaris-x86, r-release-linux-x86_64, r-release-windows-ix86+x86_64, r-release-osx-x86_64, r-oldrel-windows-ix86+x86_64, r-oldrel-osx-x86_64

Version: 1.0
Check: R code for possible problems
Result: NOTE
    dishonestCasino: no visible global function definition for ‘plot’
    dishonestCasino: no visible global function definition for ‘axis’
    dishonestCasino: no visible global function definition for ‘text’
    dishonestCasino: no visible global function definition for ‘rect’
    dishonestCasino: no visible global function definition for ‘rgb’
    dishonestCasino: no visible global function definition for ‘points’
    Undefined global functions or variables:
     axis plot points rect rgb text
    Consider adding
     importFrom("grDevices", "rgb")
     importFrom("graphics", "axis", "plot", "points", "rect", "text")
    to your NAMESPACE file.
Flavors: r-devel-linux-x86_64-debian-clang, r-devel-linux-x86_64-debian-gcc, r-devel-linux-x86_64-fedora-clang, r-devel-linux-x86_64-fedora-gcc, r-devel-windows-ix86+x86_64, r-patched-linux-x86_64, r-patched-solaris-x86, r-release-linux-x86_64, r-release-windows-ix86+x86_64, r-release-osx-x86_64, r-oldrel-windows-ix86+x86_64, r-oldrel-osx-x86_64