CRAN Package Check Results for Package HMM

Last updated on 2015-05-23 03:48:44.

Flavor Version Tinstall Tcheck Ttotal Status Flags
r-devel-linux-x86_64-debian-clang 1.0 0.65 12.48 13.13 NOTE
r-devel-linux-x86_64-debian-gcc 1.0 2.70 11.44 14.14 NOTE
r-devel-linux-x86_64-fedora-clang 1.0 24.85 NOTE
r-devel-linux-x86_64-fedora-gcc 1.0 22.46 NOTE
r-devel-osx-x86_64-clang 1.0 29.87 NOTE
r-devel-windows-ix86+x86_64 1.0 3.00 21.00 24.00 NOTE
r-patched-linux-x86_64 1.0 0.74 11.74 12.48 NOTE
r-patched-solaris-sparc 1.0 154.30 NOTE
r-patched-solaris-x86 1.0 33.40 NOTE
r-release-linux-x86_64 1.0 0.68 11.53 12.21 NOTE
r-release-osx-x86_64-mavericks 1.0 NOTE
r-release-osx-x86_64-snowleopard 1.0 NOTE
r-release-windows-ix86+x86_64 1.0 2.00 22.00 24.00 NOTE
r-oldrel-windows-ix86+x86_64 1.0 3.00 28.00 31.00 OK

Check Details

Version: 1.0
Check: DESCRIPTION meta-information
Result: NOTE
    Malformed Description field: should contain one or more complete sentences.
Flavors: r-devel-linux-x86_64-debian-clang, r-devel-linux-x86_64-debian-gcc, r-devel-linux-x86_64-fedora-clang, r-devel-linux-x86_64-fedora-gcc, r-devel-osx-x86_64-clang, r-devel-windows-ix86+x86_64, r-patched-linux-x86_64, r-patched-solaris-sparc, r-patched-solaris-x86, r-release-linux-x86_64, r-release-osx-x86_64-mavericks, r-release-osx-x86_64-snowleopard, r-release-windows-ix86+x86_64