CRAN Package Check Results for Package HMM

Last updated on 2017-03-23 06:48:06.

Flavor Version Tinstall Tcheck Ttotal Status Flags
r-devel-linux-x86_64-debian-clang 1.0 0.64 12.95 13.59 NOTE
r-devel-linux-x86_64-debian-gcc 1.0 0.62 12.77 13.39 NOTE
r-devel-linux-x86_64-fedora-clang 1.0 23.58 NOTE --no-stop-on-test-error
r-devel-linux-x86_64-fedora-gcc 1.0 22.29 NOTE --no-stop-on-test-error
r-devel-macos-x86_64-clang 1.0 20.93 NOTE --no-stop-on-test-error
r-devel-windows-ix86+x86_64 1.0 3.00 26.00 29.00 NOTE
r-patched-linux-x86_64 1.0 0.63 11.79 12.43 NOTE
r-patched-solaris-sparc 1.0 150.30 NOTE
r-patched-solaris-x86 1.0 32.00 NOTE
r-release-linux-x86_64 1.0 0.64 11.95 12.60 NOTE
r-release-osx-x86_64-mavericks 1.0 NOTE
r-release-windows-ix86+x86_64 1.0 3.00 30.00 33.00 NOTE
r-oldrel-windows-ix86+x86_64 1.0 2.00 27.00 29.00 NOTE

Check Details

Version: 1.0
Check: DESCRIPTION meta-information
Result: NOTE
    Malformed Description field: should contain one or more complete sentences.
Flavors: r-devel-linux-x86_64-debian-clang, r-devel-linux-x86_64-debian-gcc, r-devel-windows-ix86+x86_64, r-patched-linux-x86_64, r-patched-solaris-sparc, r-patched-solaris-x86, r-release-linux-x86_64, r-release-osx-x86_64-mavericks, r-release-windows-ix86+x86_64, r-oldrel-windows-ix86+x86_64

Version: 1.0
Check: R code for possible problems
Result: NOTE
    dishonestCasino: no visible global function definition for ‘plot’
    dishonestCasino: no visible global function definition for ‘axis’
    dishonestCasino: no visible global function definition for ‘text’
    dishonestCasino: no visible global function definition for ‘rect’
    dishonestCasino: no visible global function definition for ‘rgb’
    dishonestCasino: no visible global function definition for ‘points’
    Undefined global functions or variables:
     axis plot points rect rgb text
    Consider adding
     importFrom("grDevices", "rgb")
     importFrom("graphics", "axis", "plot", "points", "rect", "text")
    to your NAMESPACE file.
Flavors: r-devel-linux-x86_64-debian-clang, r-devel-linux-x86_64-debian-gcc, r-devel-windows-ix86+x86_64, r-patched-linux-x86_64, r-patched-solaris-sparc, r-patched-solaris-x86, r-release-linux-x86_64, r-release-osx-x86_64-mavericks, r-release-windows-ix86+x86_64

Version: 1.0
Flags: --no-stop-on-test-error
Check: DESCRIPTION meta-information
Result: NOTE
    Malformed Description field: should contain one or more complete sentences.
Flavors: r-devel-linux-x86_64-fedora-clang, r-devel-linux-x86_64-fedora-gcc, r-devel-macos-x86_64-clang

Version: 1.0
Flags: --no-stop-on-test-error
Check: R code for possible problems
Result: NOTE
    dishonestCasino: no visible global function definition for ‘plot’
    dishonestCasino: no visible global function definition for ‘axis’
    dishonestCasino: no visible global function definition for ‘text’
    dishonestCasino: no visible global function definition for ‘rect’
    dishonestCasino: no visible global function definition for ‘rgb’
    dishonestCasino: no visible global function definition for ‘points’
    Undefined global functions or variables:
     axis plot points rect rgb text
    Consider adding
     importFrom("grDevices", "rgb")
     importFrom("graphics", "axis", "plot", "points", "rect", "text")
    to your NAMESPACE file.
Flavors: r-devel-linux-x86_64-fedora-clang, r-devel-linux-x86_64-fedora-gcc, r-devel-macos-x86_64-clang