CRAN Package Check Results for Package HMM

Last updated on 2016-02-14 06:47:02.

Flavor Version Tinstall Tcheck Ttotal Status Flags
r-devel-linux-x86_64-debian-gcc 1.0 0.58 10.75 11.34 NOTE
r-devel-linux-x86_64-fedora-clang 1.0 21.59 NOTE
r-devel-linux-x86_64-fedora-gcc 1.0 20.10 NOTE
r-devel-osx-x86_64-clang 1.0 25.68 NOTE
r-devel-windows-ix86+x86_64 1.0 4.00 23.00 27.00 NOTE
r-patched-linux-x86_64 1.0 0.62 11.31 11.93 NOTE
r-patched-solaris-sparc 1.0 141.00 NOTE
r-patched-solaris-x86 1.0 28.90 NOTE
r-release-linux-x86_64 1.0 0.63 11.33 11.96 NOTE
r-release-osx-x86_64-mavericks 1.0 NOTE
r-release-windows-ix86+x86_64 1.0 2.00 18.00 20.00 NOTE
r-oldrel-windows-ix86+x86_64 1.0 3.00 28.00 31.00 OK

Check Details

Version: 1.0
Check: DESCRIPTION meta-information
Result: NOTE
    Malformed Description field: should contain one or more complete sentences.
Flavors: r-devel-linux-x86_64-debian-gcc, r-devel-linux-x86_64-fedora-clang, r-devel-linux-x86_64-fedora-gcc, r-devel-osx-x86_64-clang, r-devel-windows-ix86+x86_64, r-patched-linux-x86_64, r-patched-solaris-sparc, r-patched-solaris-x86, r-release-linux-x86_64, r-release-osx-x86_64-mavericks, r-release-windows-ix86+x86_64

Version: 1.0
Check: R code for possible problems
Result: NOTE
    dishonestCasino: no visible global function definition for ‘plot’
    dishonestCasino: no visible global function definition for ‘axis’
    dishonestCasino: no visible global function definition for ‘text’
    dishonestCasino: no visible global function definition for ‘rect’
    dishonestCasino: no visible global function definition for ‘rgb’
    dishonestCasino: no visible global function definition for ‘points’
    Undefined global functions or variables:
     axis plot points rect rgb text
    Consider adding
     importFrom("grDevices", "rgb")
     importFrom("graphics", "axis", "plot", "points", "rect", "text")
    to your NAMESPACE file.
Flavors: r-devel-linux-x86_64-debian-gcc, r-devel-linux-x86_64-fedora-clang, r-devel-linux-x86_64-fedora-gcc, r-devel-osx-x86_64-clang, r-devel-windows-ix86+x86_64