CRAN Package Check Results for Package HMM

Last updated on 2015-02-28 07:50:03.

Flavor Version Tinstall Tcheck Ttotal Status Flags
r-devel-linux-x86_64-debian-clang 1.0 0.60 11.63 12.23 NOTE
r-devel-linux-x86_64-debian-gcc 1.0 0.58 12.28 12.86 NOTE
r-devel-linux-x86_64-fedora-clang 1.0 24.63 NOTE
r-devel-linux-x86_64-fedora-gcc 1.0 22.40 NOTE
r-devel-osx-x86_64-clang 1.0 31.14 NOTE
r-devel-windows-ix86+x86_64 1.0 3.00 19.00 22.00 NOTE
r-patched-linux-x86_64 1.0 0.63 12.15 12.78 OK
r-patched-solaris-sparc 1.0 165.70 OK
r-patched-solaris-x86 1.0 36.00 OK
r-release-linux-ix86 1.0 1.05 19.49 20.54 OK
r-release-linux-x86_64 1.0 0.59 12.15 12.74 OK
r-release-osx-x86_64-mavericks 1.0 OK
r-release-windows-ix86+x86_64 1.0 2.00 20.00 22.00 OK
r-oldrel-windows-ix86+x86_64 1.0 2.00 20.00 22.00 OK

Check Details

Version: 1.0
Check: DESCRIPTION meta-information
Result: NOTE
    Malformed Description field: should contain one or more complete sentences.
Flavors: r-devel-linux-x86_64-debian-clang, r-devel-linux-x86_64-debian-gcc, r-devel-linux-x86_64-fedora-clang, r-devel-linux-x86_64-fedora-gcc, r-devel-osx-x86_64-clang, r-devel-windows-ix86+x86_64