CRAN Package Check Results for Package HMM

Last updated on 2016-07-27 06:47:59.

Flavor Version Tinstall Tcheck Ttotal Status Flags
r-devel-linux-x86_64-debian-clang 1.0 0.85 14.38 15.23 NOTE
r-devel-linux-x86_64-debian-gcc 1.0 0.62 13.78 14.40 NOTE
r-devel-linux-x86_64-fedora-clang 1.0 22.13 NOTE
r-devel-linux-x86_64-fedora-gcc 1.0 19.92 NOTE
r-devel-osx-x86_64-clang 1.0 19.67 NOTE
r-devel-windows-ix86+x86_64 1.0 2.00 29.00 31.00 NOTE
r-patched-linux-x86_64 1.0 0.91 14.70 15.61 NOTE
r-patched-solaris-sparc 1.0 147.10 NOTE
r-patched-solaris-x86 1.0 29.00 NOTE
r-release-linux-x86_64 1.0 0.88 13.09 13.97 NOTE
r-release-osx-x86_64-mavericks 1.0 NOTE
r-release-windows-ix86+x86_64 1.0 2.00 28.00 30.00 NOTE
r-oldrel-windows-ix86+x86_64 1.0 2.00 18.00 20.00 NOTE

Check Details

Version: 1.0
Check: DESCRIPTION meta-information
Result: NOTE
    Malformed Description field: should contain one or more complete sentences.
Flavors: r-devel-linux-x86_64-debian-clang, r-devel-linux-x86_64-debian-gcc, r-devel-linux-x86_64-fedora-clang, r-devel-linux-x86_64-fedora-gcc, r-devel-osx-x86_64-clang, r-devel-windows-ix86+x86_64, r-patched-linux-x86_64, r-patched-solaris-sparc, r-patched-solaris-x86, r-release-linux-x86_64, r-release-osx-x86_64-mavericks, r-release-windows-ix86+x86_64, r-oldrel-windows-ix86+x86_64

Version: 1.0
Check: R code for possible problems
Result: NOTE
    dishonestCasino: no visible global function definition for ‘plot’
    dishonestCasino: no visible global function definition for ‘axis’
    dishonestCasino: no visible global function definition for ‘text’
    dishonestCasino: no visible global function definition for ‘rect’
    dishonestCasino: no visible global function definition for ‘rgb’
    dishonestCasino: no visible global function definition for ‘points’
    Undefined global functions or variables:
     axis plot points rect rgb text
    Consider adding
     importFrom("grDevices", "rgb")
     importFrom("graphics", "axis", "plot", "points", "rect", "text")
    to your NAMESPACE file.
Flavors: r-devel-linux-x86_64-debian-clang, r-devel-linux-x86_64-debian-gcc, r-devel-linux-x86_64-fedora-clang, r-devel-linux-x86_64-fedora-gcc, r-devel-osx-x86_64-clang, r-devel-windows-ix86+x86_64, r-patched-linux-x86_64, r-patched-solaris-sparc, r-patched-solaris-x86, r-release-linux-x86_64, r-release-osx-x86_64-mavericks, r-release-windows-ix86+x86_64