CRAN Package Check Results for Package HMMcopula

Last updated on 2021-12-06 23:50:49 CET.

Flavor Version Tinstall Tcheck Ttotal Status Flags
r-devel-linux-x86_64-debian-clang 1.0.4 11.33 87.11 98.44 NOTE
r-devel-linux-x86_64-debian-gcc 1.0.4 8.68 68.87 77.55 NOTE
r-devel-linux-x86_64-fedora-clang 1.0.4 127.74 NOTE
r-devel-linux-x86_64-fedora-gcc 1.0.4 114.43 NOTE
r-devel-windows-x86_64-new-UL 1.0.4 18.00 115.00 133.00 NOTE
r-devel-windows-x86_64-new-TK 1.0.4 NOTE
r-devel-windows-x86_64-old 1.0.4 16.00 77.00 93.00 NOTE
r-patched-linux-x86_64 1.0.4 10.86 76.80 87.66 NOTE
r-release-linux-x86_64 1.0.4 9.65 85.45 95.10 NOTE
r-release-macos-arm64 1.0.4 NOTE
r-release-macos-x86_64 1.0.4 NOTE
r-release-windows-ix86+x86_64 1.0.4 22.00 107.00 129.00 NOTE
r-oldrel-macos-x86_64 1.0.4 OK
r-oldrel-windows-ix86+x86_64 1.0.4 23.00 100.00 123.00 OK

Check Details

Version: 1.0.4
Check: LazyData
Result: NOTE
     'LazyData' is specified without a 'data' directory
Flavors: r-devel-linux-x86_64-debian-clang, r-devel-linux-x86_64-debian-gcc, r-devel-linux-x86_64-fedora-clang, r-devel-linux-x86_64-fedora-gcc, r-devel-windows-x86_64-new-UL, r-devel-windows-x86_64-new-TK, r-devel-windows-x86_64-old, r-patched-linux-x86_64, r-release-linux-x86_64, r-release-macos-arm64, r-release-macos-x86_64, r-release-windows-ix86+x86_64