CRAN Package Check Results for Package HMMmix

Last updated on 2014-04-23 17:47:46.

Flavor Version Tinstall Tcheck Ttotal Status Flags
r-devel-linux-x86_64-debian-clang 1.0 1.04 18.64 19.68 WARN
r-devel-linux-x86_64-debian-gcc 1.0 1.07 18.62 19.69 WARN
r-devel-linux-x86_64-fedora-clang 1.0 39.22 WARN
r-devel-linux-x86_64-fedora-gcc 1.0 38.32 WARN
r-devel-osx-x86_64-clang 1.0 37.38 WARN
r-devel-osx-x86_64-gcc 1.0 NOTE
r-devel-windows-ix86+x86_64 1.0 7.00 43.00 50.00 WARN
r-patched-linux-x86_64 1.0 1.05 18.24 19.30 WARN
r-patched-solaris-sparc 1.0 236.10 NOTE
r-patched-solaris-x86 1.0 50.50 NOTE
r-release-linux-ix86 1.0 2.00 35.00 37.00 WARN
r-release-linux-x86_64 1.0 1.06 18.80 19.86 WARN
r-release-osx-x86_64-mavericks 1.0 ERROR
r-release-osx-x86_64-snowleopard 1.0 OK
r-release-windows-ix86+x86_64 1.0 14.00 59.00 73.00 WARN
r-oldrel-windows-ix86+x86_64 1.0 6.00 48.00 54.00 NOTE

Check Details

Version: 1.0
Check: whether package can be installed
Result: WARNING
    Found the following significant warnings:
     Convert.c:21:1: warning: control reaches end of non-void function [-Wreturn-type]
     Convert.c:43:1: warning: control reaches end of non-void function [-Wreturn-type]
     Forward.c:40:1: warning: control reaches end of non-void function [-Wreturn-type]
     Forward.c:63:1: warning: control reaches end of non-void function [-Wreturn-type]
    See ‘/home/hornik/tmp/R.check/r-devel-clang/Work/PKGS/HMMmix.Rcheck/00install.out’ for details.
Flavor: r-devel-linux-x86_64-debian-clang

Version: 1.0
Check: dependencies in R code
Result: NOTE
    Package in Depends field not imported from: ‘mnormt’
     These packages need to be imported from (in the NAMESPACE file)
     for when this namespace is loaded but not attached.
    See the information on DESCRIPTION files in the chapter ‘Creating R
    packages’ of the ‘Writing R Extensions’ manual.
Flavors: r-devel-linux-x86_64-debian-clang, r-devel-linux-x86_64-debian-gcc, r-devel-linux-x86_64-fedora-clang, r-devel-linux-x86_64-fedora-gcc, r-devel-osx-x86_64-clang, r-devel-osx-x86_64-gcc, r-devel-windows-ix86+x86_64, r-patched-linux-x86_64, r-patched-solaris-sparc, r-patched-solaris-x86, r-release-linux-ix86, r-release-linux-x86_64, r-release-windows-ix86+x86_64, r-oldrel-windows-ix86+x86_64

Version: 1.0
Check: whether package can be installed
Result: WARNING
    Found the following significant warnings:
     Convert.c:21:1: warning: control reaches end of non-void function [-Wreturn-type]
     Convert.c:43:1: warning: control reaches end of non-void function [-Wreturn-type]
     Forward.c:40:1: warning: control reaches end of non-void function [-Wreturn-type]
     Forward.c:63:1: warning: control reaches end of non-void function [-Wreturn-type]
    See ‘/home/hornik/tmp/R.check/r-devel-gcc/Work/PKGS/HMMmix.Rcheck/00install.out’ for details.
Flavor: r-devel-linux-x86_64-debian-gcc

Version: 1.0
Check: whether package can be installed
Result: WARNING
    Found the following significant warnings:
     Convert.c:21:1: warning: control reaches end of non-void function [-Wreturn-type]
     Convert.c:43:1: warning: control reaches end of non-void function [-Wreturn-type]
     Forward.c:40:1: warning: control reaches end of non-void function [-Wreturn-type]
     Forward.c:63:1: warning: control reaches end of non-void function [-Wreturn-type]
    See ‘/data/gannet/ripley/R/packages/tests-clang/HMMmix.Rcheck/00install.out’ for details.
Flavor: r-devel-linux-x86_64-fedora-clang

Version: 1.0
Check: whether package can be installed
Result: WARNING
    Found the following significant warnings:
     Convert.c:21:1: warning: control reaches end of non-void function [-Wreturn-type]
     Convert.c:43:1: warning: control reaches end of non-void function [-Wreturn-type]
     Forward.c:40:1: warning: control reaches end of non-void function [-Wreturn-type]
     Forward.c:63:1: warning: control reaches end of non-void function [-Wreturn-type]
    See ‘/data/gannet/ripley/R/packages/tests-devel/HMMmix.Rcheck/00install.out’ for details.
Flavor: r-devel-linux-x86_64-fedora-gcc

Version: 1.0
Check: whether package can be installed
Result: WARNING
    Found the following significant warnings:
     Convert.c:21:1: warning: control reaches end of non-void function [-Wreturn-type]
     Convert.c:43:1: warning: control reaches end of non-void function [-Wreturn-type]
     Forward.c:40:1: warning: control reaches end of non-void function [-Wreturn-type]
     Forward.c:63:1: warning: control reaches end of non-void function [-Wreturn-type]
    See ‘/Users/ripley/R/packages/tests-devel/HMMmix.Rcheck/00install.out’ for details.
Flavor: r-devel-osx-x86_64-clang

Version: 1.0
Check: whether package can be installed
Result: WARNING
    Found the following significant warnings:
     Convert.c:43:1: warning: control reaches end of non-void function [-Wreturn-type]
     Convert.c:21:1: warning: control reaches end of non-void function [-Wreturn-type]
     Forward.c:63:1: warning: control reaches end of non-void function [-Wreturn-type]
     Forward.c:40:1: warning: control reaches end of non-void function [-Wreturn-type]
     Convert.c:43:1: warning: control reaches end of non-void function [-Wreturn-type]
     Convert.c:21:1: warning: control reaches end of non-void function [-Wreturn-type]
     Forward.c:63:1: warning: control reaches end of non-void function [-Wreturn-type]
     Forward.c:40:1: warning: control reaches end of non-void function [-Wreturn-type]
    See 'd:/Rcompile/CRANpkg/local/3.2/HMMmix.Rcheck/00install.out' for details.
Flavor: r-devel-windows-ix86+x86_64

Version: 1.0
Check: whether package can be installed
Result: WARNING
    Found the following significant warnings:
     Convert.c:21:1: warning: control reaches end of non-void function [-Wreturn-type]
     Convert.c:43:1: warning: control reaches end of non-void function [-Wreturn-type]
     Forward.c:40:1: warning: control reaches end of non-void function [-Wreturn-type]
     Forward.c:63:1: warning: control reaches end of non-void function [-Wreturn-type]
    See ‘/home/hornik/tmp/R.check/r-patched-gcc/Work/PKGS/HMMmix.Rcheck/00install.out’ for details.
Flavor: r-patched-linux-x86_64

Version: 1.0
Check: whether package can be installed
Result: WARNING
    Found the following significant warnings:
     Convert.c:21:1: warning: control reaches end of non-void function [-Wreturn-type]
     Convert.c:43:1: warning: control reaches end of non-void function [-Wreturn-type]
     Forward.c:40:1: warning: control reaches end of non-void function [-Wreturn-type]
     Forward.c:63:1: warning: control reaches end of non-void function [-Wreturn-type]
    See ‘/home/hornik/tmp/R.check/r-release-gcc/Work/PKGS/HMMmix.Rcheck/00install.out’ for details.
Flavors: r-release-linux-ix86, r-release-linux-x86_64

Version: 1.0
Check: whether package can be installed
Result: ERROR
    Installation failed.
    See ‘/Builds/CRAN-QA-Simon/packages/mavericks-x86_64/results/3.1/HMMmix.Rcheck/00install.out’ for details.
Flavor: r-release-osx-x86_64-mavericks

Version: 1.0
Check: whether package can be installed
Result: WARNING
    Found the following significant warnings:
     Convert.c:43:1: warning: control reaches end of non-void function [-Wreturn-type]
     Convert.c:21:1: warning: control reaches end of non-void function [-Wreturn-type]
     Forward.c:63:1: warning: control reaches end of non-void function [-Wreturn-type]
     Forward.c:40:1: warning: control reaches end of non-void function [-Wreturn-type]
     Convert.c:43:1: warning: control reaches end of non-void function [-Wreturn-type]
     Convert.c:21:1: warning: control reaches end of non-void function [-Wreturn-type]
     Forward.c:63:1: warning: control reaches end of non-void function [-Wreturn-type]
     Forward.c:40:1: warning: control reaches end of non-void function [-Wreturn-type]
    See 'd:/Rcompile/CRANpkg/local/3.1/HMMmix.Rcheck/00install.out' for details.
Flavor: r-release-windows-ix86+x86_64