CRAN Package Check Results for Package HMMmlselect

Last updated on 2019-05-26 22:52:13 CEST.

Flavor Version Tinstall Tcheck Ttotal Status Flags
r-devel-linux-x86_64-debian-clang 0.1.0 33.59 56.31 89.90 OK
r-devel-linux-x86_64-debian-gcc 0.1.0 26.95 42.03 68.98 OK
r-devel-linux-x86_64-fedora-clang 0.1.0 121.87 OK
r-devel-linux-x86_64-fedora-gcc 0.1.0 115.05 OK
r-devel-windows-ix86+x86_64 0.1.0 53.00 191.00 244.00 OK
r-patched-linux-x86_64 0.1.0 OK
r-patched-solaris-x86 0.1.0 10.40 ERROR
r-release-linux-x86_64 0.1.0 34.36 54.94 89.30 OK
r-release-windows-ix86+x86_64 0.1.0 92.00 158.00 250.00 OK
r-release-osx-x86_64 0.1.0 WARN
r-oldrel-windows-ix86+x86_64 0.1.0 77.00 157.00 234.00 OK
r-oldrel-osx-x86_64 0.1.0 WARN

Check Details

Version: 0.1.0
Check: whether package can be installed
Result: ERROR
    Installation failed.
Flavor: r-patched-solaris-x86

Version: 0.1.0
Check: whether package can be installed
Result: WARN
    Found the following significant warnings:
     Warning: 'rgl_init' failed, running with rgl.useNULL = TRUE
Flavors: r-release-osx-x86_64, r-oldrel-osx-x86_64