CRAN Package Check Results for Package HMP

Last updated on 2014-08-22 18:48:34.

Flavor Version Tinstall Tcheck Ttotal Status Flags
r-devel-linux-x86_64-debian-clang 1.3.1 1.04 22.17 23.21 NOTE
r-devel-linux-x86_64-debian-gcc 1.3.1 1.00 23.52 24.52 NOTE
r-devel-linux-x86_64-fedora-clang 1.3.1 45.36 NOTE
r-devel-linux-x86_64-fedora-gcc 1.3.1 43.33 NOTE
r-devel-osx-x86_64-clang 1.3.1 41.08 NOTE
r-devel-windows-ix86+x86_64 1.3.1 4.00 37.00 41.00 NOTE
r-patched-linux-x86_64 1.3.1 1.06 25.59 26.65 NOTE
r-patched-solaris-sparc 1.3.1 283.30 NOTE
r-patched-solaris-x86 1.3.1 63.30 NOTE
r-release-linux-ix86 1.3.1 1.53 31.08 32.61 NOTE
r-release-linux-x86_64 1.3.1 1.11 23.36 24.47 NOTE
r-release-osx-x86_64-mavericks 1.3.1 NOTE
r-release-osx-x86_64-snowleopard 1.3.1 OK
r-release-windows-ix86+x86_64 1.3.1 4.00 39.00 43.00 NOTE
r-oldrel-windows-ix86+x86_64 1.3.1 5.00 39.00 44.00 NOTE

Check Details

Version: 1.3.1
Check: dependencies in R code
Result: NOTE
    Packages in Depends field not imported from:
     ‘MCMCpack’ ‘dirmult’
     These packages need to be imported from (in the NAMESPACE file)
     for when this namespace is loaded but not attached.
    See the information on DESCRIPTION files in the chapter ‘Creating R
    packages’ of the ‘Writing R Extensions’ manual.
Flavors: r-devel-linux-x86_64-debian-clang, r-devel-linux-x86_64-debian-gcc, r-devel-linux-x86_64-fedora-clang, r-devel-linux-x86_64-fedora-gcc, r-devel-osx-x86_64-clang, r-devel-windows-ix86+x86_64, r-patched-linux-x86_64, r-patched-solaris-sparc, r-patched-solaris-x86, r-release-linux-ix86, r-release-linux-x86_64, r-release-osx-x86_64-mavericks, r-release-windows-ix86+x86_64, r-oldrel-windows-ix86+x86_64

Version: 1.3.1
Check: R code for possible problems
Result: NOTE
    Dirichlet.multinomial : <anonymous>: no visible global function
     definition for ‘rdirichlet’
    Xdc.statistics : <anonymous>: no visible global function definition for
     ‘dirmult’
    Xdc.statistics: no visible global function definition for ‘dirmult’
    Xmc.statistics : <anonymous>: no visible global function definition for
     ‘ginv’
    Xoc.statistics : <anonymous>: no visible global function definition for
     ‘dirmult’
    Xoc.statistics: no visible global function definition for ‘equalTheta’
    Xsc.statistics: no visible global function definition for ‘ginv’
Flavors: r-devel-linux-x86_64-debian-clang, r-devel-linux-x86_64-fedora-clang, r-devel-linux-x86_64-fedora-gcc, r-devel-osx-x86_64-clang