CRAN Package Check Results for Package HMP

Last updated on 2014-12-21 03:48:17.

Flavor Version Tinstall Tcheck Ttotal Status Flags
r-devel-linux-x86_64-debian-clang 1.3.1 1.12 24.29 25.41 NOTE
r-devel-linux-x86_64-debian-gcc 1.3.1 1.15 23.64 24.78 NOTE
r-devel-linux-x86_64-fedora-clang 1.3.1 48.02 NOTE
r-devel-linux-x86_64-fedora-gcc 1.3.1 45.40 NOTE
r-devel-osx-x86_64-clang 1.3.1 42.56 NOTE
r-devel-windows-ix86+x86_64 1.3.1 5.00 40.00 45.00 NOTE
r-patched-linux-x86_64 1.3.1 1.13 24.29 25.42 NOTE
r-patched-solaris-sparc 1.3.1 292.30 NOTE
r-patched-solaris-x86 1.3.1 64.30 NOTE
r-release-linux-ix86 1.3.1 1.49 29.94 31.43 NOTE
r-release-linux-x86_64 1.3.1 1.09 23.82 24.92 NOTE
r-release-osx-x86_64-mavericks 1.3.1 NOTE
r-release-osx-x86_64-snowleopard 1.3.1 OK
r-release-windows-ix86+x86_64 1.3.1 5.00 38.00 43.00 NOTE
r-oldrel-windows-ix86+x86_64 1.3.1 5.00 47.00 52.00 NOTE

Check Details

Version: 1.3.1
Check: dependencies in R code
Result: NOTE
    Packages in Depends field not imported from:
     ‘MCMCpack’ ‘dirmult’
     These packages need to be imported from (in the NAMESPACE file)
     for when this namespace is loaded but not attached.
    See the information on DESCRIPTION files in the chapter ‘Creating R
    packages’ of the ‘Writing R Extensions’ manual.
Flavors: r-devel-linux-x86_64-debian-clang, r-devel-linux-x86_64-debian-gcc, r-devel-linux-x86_64-fedora-clang, r-devel-linux-x86_64-fedora-gcc, r-devel-osx-x86_64-clang, r-devel-windows-ix86+x86_64, r-patched-linux-x86_64, r-patched-solaris-sparc, r-patched-solaris-x86, r-release-linux-ix86, r-release-linux-x86_64, r-release-osx-x86_64-mavericks, r-release-windows-ix86+x86_64, r-oldrel-windows-ix86+x86_64

Version: 1.3.1
Check: R code for possible problems
Result: NOTE
    Dirichlet.multinomial : <anonymous>: no visible global function
     definition for ‘rdirichlet’
    Xdc.statistics : <anonymous>: no visible global function definition for
     ‘dirmult’
    Xdc.statistics: no visible global function definition for ‘dirmult’
    Xmc.statistics : <anonymous>: no visible global function definition for
     ‘ginv’
    Xoc.statistics : <anonymous>: no visible global function definition for
     ‘dirmult’
    Xoc.statistics: no visible global function definition for ‘equalTheta’
    Xsc.statistics: no visible global function definition for ‘ginv’
Flavors: r-devel-linux-x86_64-debian-clang, r-devel-linux-x86_64-debian-gcc, r-devel-linux-x86_64-fedora-clang, r-devel-linux-x86_64-fedora-gcc, r-devel-osx-x86_64-clang, r-devel-windows-ix86+x86_64, r-patched-linux-x86_64, r-patched-solaris-sparc, r-patched-solaris-x86, r-release-linux-ix86, r-release-linux-x86_64, r-release-windows-ix86+x86_64