CRAN Package Check Results for Package HMP

Last updated on 2014-04-24 11:48:47.

Flavor Version Tinstall Tcheck Ttotal Status Flags
r-devel-linux-x86_64-debian-clang 1.3.1 1.15 23.89 25.04 NOTE
r-devel-linux-x86_64-debian-gcc 1.3.1 1.14 24.18 25.32 NOTE
r-devel-linux-x86_64-fedora-clang 1.3.1 48.23 NOTE
r-devel-linux-x86_64-fedora-gcc 1.3.1 45.85 NOTE
r-devel-osx-x86_64-clang 1.3.1 43.42 NOTE
r-devel-osx-x86_64-gcc 1.3.1 NOTE
r-devel-windows-ix86+x86_64 1.3.1 4.00 37.00 41.00 NOTE
r-patched-linux-x86_64 1.3.1 1.22 24.16 25.38 NOTE
r-patched-solaris-sparc 1.3.1 286.10 NOTE
r-patched-solaris-x86 1.3.1 63.30 NOTE
r-release-linux-ix86 1.3.1 2.00 44.00 46.00 NOTE
r-release-linux-x86_64 1.3.1 1.22 23.86 25.08 NOTE
r-release-osx-x86_64-mavericks 1.3.1 WARN
r-release-osx-x86_64-snowleopard 1.3.1 OK
r-release-windows-ix86+x86_64 1.3.1 4.00 39.00 43.00 NOTE
r-oldrel-windows-ix86+x86_64 1.3.1 5.00 39.00 44.00 NOTE

Check Details

Version: 1.3.1
Check: dependencies in R code
Result: NOTE
    Packages in Depends field not imported from:
     ‘MCMCpack’ ‘dirmult’
     These packages need to be imported from (in the NAMESPACE file)
     for when this namespace is loaded but not attached.
    See the information on DESCRIPTION files in the chapter ‘Creating R
    packages’ of the ‘Writing R Extensions’ manual.
Flavors: r-devel-linux-x86_64-debian-clang, r-devel-linux-x86_64-debian-gcc, r-devel-linux-x86_64-fedora-clang, r-devel-linux-x86_64-fedora-gcc, r-devel-osx-x86_64-clang, r-devel-osx-x86_64-gcc, r-devel-windows-ix86+x86_64, r-patched-linux-x86_64, r-patched-solaris-sparc, r-patched-solaris-x86, r-release-linux-ix86, r-release-linux-x86_64, r-release-osx-x86_64-mavericks, r-release-windows-ix86+x86_64, r-oldrel-windows-ix86+x86_64

Version: 1.3.1
Check: PDF version of manual
Result: WARNING
    LaTeX errors when creating PDF version.
    This typically indicates Rd problems.
    LaTeX errors found:
    ! LaTeX Error: File `upquote.sty' not found.
    
    Type X to quit or <RETURN> to proceed,
    or enter new name. (Default extension: sty)
    
    dc729c7/Rd2.tex:8: ==> Fatal error occurred, no output PDF file produced!
Flavor: r-release-osx-x86_64-mavericks