CRAN Package Check Results for Package HMP

Last updated on 2015-04-18 21:49:05.

Flavor Version Tinstall Tcheck Ttotal Status Flags
r-devel-linux-x86_64-debian-clang 1.3.1 1.00 20.76 21.76 NOTE
r-devel-linux-x86_64-debian-gcc 1.3.1 0.91 20.84 21.76 NOTE
r-devel-linux-x86_64-fedora-clang 1.3.1 41.07 NOTE
r-devel-linux-x86_64-fedora-gcc 1.3.1 43.20 NOTE
r-devel-osx-x86_64-clang 1.3.1 39.11 NOTE
r-patched-linux-x86_64 1.3.1 0.90 20.89 21.78 NOTE
r-patched-solaris-sparc 1.3.1 274.20 NOTE
r-patched-solaris-x86 1.3.1 56.80 NOTE
r-release-linux-x86_64 1.3.1 0.92 22.35 23.27 NOTE
r-release-osx-x86_64-mavericks 1.3.1 NOTE
r-release-osx-x86_64-snowleopard 1.3.1 NOTE
r-release-windows-ix86+x86_64 1.3.1 3.00 39.00 42.00 NOTE
r-oldrel-windows-ix86+x86_64 1.3.1 5.00 51.00 56.00 NOTE

Check Details

Version: 1.3.1
Check: dependencies in R code
Result: NOTE
    Packages in Depends field not imported from:
     ‘MCMCpack’ ‘dirmult’
     These packages need to be imported from (in the NAMESPACE file)
     for when this namespace is loaded but not attached.
Flavors: r-devel-linux-x86_64-debian-clang, r-devel-linux-x86_64-debian-gcc, r-devel-linux-x86_64-fedora-clang, r-devel-linux-x86_64-fedora-gcc, r-devel-osx-x86_64-clang, r-patched-linux-x86_64, r-patched-solaris-sparc, r-patched-solaris-x86, r-release-linux-x86_64, r-release-osx-x86_64-mavericks, r-release-osx-x86_64-snowleopard, r-release-windows-ix86+x86_64

Version: 1.3.1
Check: R code for possible problems
Result: NOTE
    Dirichlet.multinomial : <anonymous>: no visible global function
     definition for ‘rdirichlet’
    Xdc.statistics : <anonymous>: no visible global function definition for
     ‘dirmult’
    Xdc.statistics: no visible global function definition for ‘dirmult’
    Xmc.statistics : <anonymous>: no visible global function definition for
     ‘ginv’
    Xoc.statistics : <anonymous>: no visible global function definition for
     ‘dirmult’
    Xoc.statistics: no visible global function definition for ‘equalTheta’
    Xsc.statistics: no visible global function definition for ‘ginv’
Flavors: r-devel-linux-x86_64-debian-clang, r-devel-linux-x86_64-debian-gcc, r-devel-linux-x86_64-fedora-clang, r-devel-linux-x86_64-fedora-gcc, r-devel-osx-x86_64-clang, r-patched-linux-x86_64, r-patched-solaris-sparc, r-patched-solaris-x86, r-release-linux-x86_64, r-release-osx-x86_64-mavericks, r-release-osx-x86_64-snowleopard, r-release-windows-ix86+x86_64

Version: 1.3.1
Check: dependencies in R code
Result: NOTE
    Packages in Depends field not imported from:
     'MCMCpack' 'dirmult'
     These packages need to be imported from (in the NAMESPACE file)
     for when this namespace is loaded but not attached.
    See the information on DESCRIPTION files in the chapter 'Creating R
    packages' of the 'Writing R Extensions' manual.
Flavor: r-oldrel-windows-ix86+x86_64