CRAN Package Check Results for Package HMP

Last updated on 2014-07-24 17:49:02.

Flavor Version Tinstall Tcheck Ttotal Status Flags
r-devel-linux-x86_64-debian-clang 1.3.1 1.07 23.10 24.16 NOTE
r-devel-linux-x86_64-debian-gcc 1.3.1 1.46 22.84 24.30 NOTE
r-devel-linux-x86_64-fedora-clang 1.3.1 48.49 NOTE
r-devel-linux-x86_64-fedora-gcc 1.3.1 47.46 NOTE
r-devel-osx-x86_64-clang 1.3.1 40.31 NOTE
r-devel-windows-ix86+x86_64 1.3.1 4.00 36.00 40.00 NOTE
r-patched-linux-x86_64 1.3.1 1.06 23.34 24.40 NOTE
r-patched-solaris-sparc 1.3.1 286.10 NOTE
r-patched-solaris-x86 1.3.1 63.20 NOTE
r-release-linux-ix86 1.3.1 1.53 30.76 32.29 NOTE
r-release-linux-x86_64 1.3.1 1.11 23.57 24.68 NOTE
r-release-osx-x86_64-mavericks 1.3.1 NOTE
r-release-osx-x86_64-snowleopard 1.3.1 OK
r-release-windows-ix86+x86_64 1.3.1 4.00 38.00 42.00 NOTE
r-oldrel-windows-ix86+x86_64 1.3.1 5.00 38.00 43.00 NOTE

Check Details

Version: 1.3.1
Check: dependencies in R code
Result: NOTE
    Packages in Depends field not imported from:
     ‘MCMCpack’ ‘dirmult’
     These packages need to be imported from (in the NAMESPACE file)
     for when this namespace is loaded but not attached.
    See the information on DESCRIPTION files in the chapter ‘Creating R
    packages’ of the ‘Writing R Extensions’ manual.
Flavors: r-devel-linux-x86_64-debian-clang, r-devel-linux-x86_64-debian-gcc, r-devel-linux-x86_64-fedora-clang, r-devel-linux-x86_64-fedora-gcc, r-devel-osx-x86_64-clang, r-devel-windows-ix86+x86_64, r-patched-linux-x86_64, r-patched-solaris-sparc, r-patched-solaris-x86, r-release-linux-ix86, r-release-linux-x86_64, r-release-osx-x86_64-mavericks, r-release-windows-ix86+x86_64, r-oldrel-windows-ix86+x86_64