CRAN Package Check Results for Package HMP

Last updated on 2015-07-06 06:46:44.

Flavor Version Tinstall Tcheck Ttotal Status Flags
r-devel-linux-x86_64-debian-clang 1.3.1 0.87 20.35 21.22 NOTE
r-devel-linux-x86_64-debian-gcc 1.3.1 0.84 20.16 21.01 NOTE
r-devel-linux-x86_64-fedora-clang 1.3.1 39.52 NOTE
r-devel-linux-x86_64-fedora-gcc 1.3.1 37.29 NOTE
r-devel-osx-x86_64-clang 1.3.1 35.79 NOTE
r-devel-windows-ix86+x86_64 1.3.1 7.00 50.00 57.00 NOTE
r-patched-linux-x86_64 1.3.1 1.08 20.50 21.58 NOTE
r-patched-solaris-sparc 1.3.1 281.20 NOTE
r-patched-solaris-x86 1.3.1 56.50 NOTE
r-release-linux-x86_64 1.3.1 0.89 20.54 21.44 NOTE
r-release-osx-x86_64-mavericks 1.3.1 NOTE
r-release-windows-ix86+x86_64 1.3.1 6.00 51.00 57.00 NOTE
r-oldrel-windows-ix86+x86_64 1.3.1 8.00 39.00 47.00 NOTE

Check Details

Version: 1.3.1
Check: dependencies in R code
Result: NOTE
    Packages in Depends field not imported from:
     ‘MCMCpack’ ‘dirmult’
     These packages need to be imported from (in the NAMESPACE file)
     for when this namespace is loaded but not attached.
Flavors: r-devel-linux-x86_64-debian-clang, r-devel-linux-x86_64-debian-gcc, r-devel-linux-x86_64-fedora-clang, r-devel-linux-x86_64-fedora-gcc, r-devel-osx-x86_64-clang, r-devel-windows-ix86+x86_64, r-patched-linux-x86_64, r-patched-solaris-sparc, r-patched-solaris-x86, r-release-linux-x86_64, r-release-osx-x86_64-mavericks, r-release-windows-ix86+x86_64, r-oldrel-windows-ix86+x86_64

Version: 1.3.1
Check: R code for possible problems
Result: NOTE
    Barchart.data: no visible global function definition for ‘barplot’
    Barchart.data: no visible global function definition for ‘rainbow’
    C.alpha.multinomial: no visible global function definition for ‘pchisq’
    Dirichlet.multinomial : <anonymous>: no visible global function
     definition for ‘rmultinom’
    Dirichlet.multinomial : <anonymous>: no visible global function
     definition for ‘rdirichlet’
    MC.Xdc.statistics : <anonymous>: no visible global function definition
     for ‘qchisq’
    MC.Xmc.statistics : <anonymous>: no visible global function definition
     for ‘qchisq’
    MC.Xmcupo.statistics : <anonymous>: no visible global function
     definition for ‘qchisq’
    MC.Xoc.statistics : <anonymous>: no visible global function definition
     for ‘qchisq’
    MC.Xsc.statistics : <anonymous>: no visible global function definition
     for ‘qchisq’
    MC.ZT.statistics : <anonymous>: no visible global function definition
     for ‘qchisq’
    Multinomial : <anonymous>: no visible global function definition for
     ‘rmultinom’
    Xdc.sevsample: no visible global function definition for ‘pchisq’
    Xdc.statistics : <anonymous>: no visible global function definition for
     ‘dirmult’
    Xdc.statistics: no visible global function definition for ‘dirmult’
    Xmc.sevsample: no visible global function definition for ‘pchisq’
    Xmc.statistics : <anonymous>: no visible global function definition for
     ‘ginv’
    Xmcupo.sevsample: no visible global function definition for ‘pchisq’
    Xoc.sevsample: no visible global function definition for ‘pchisq’
    Xoc.statistics : <anonymous>: no visible global function definition for
     ‘dirmult’
    Xoc.statistics: no visible global function definition for ‘equalTheta’
    Xsc.onesample: no visible global function definition for ‘pchisq’
    Xsc.statistics: no visible global function definition for ‘ginv’
    Undefined global functions or variables:
     barplot dirmult equalTheta ginv pchisq qchisq rainbow rdirichlet
     rmultinom
Flavors: r-devel-linux-x86_64-debian-clang, r-devel-linux-x86_64-debian-gcc, r-devel-linux-x86_64-fedora-clang, r-devel-linux-x86_64-fedora-gcc, r-devel-windows-ix86+x86_64

Version: 1.3.1
Check: R code for possible problems
Result: NOTE
    Dirichlet.multinomial : <anonymous>: no visible global function
     definition for ‘rdirichlet’
    Xdc.statistics : <anonymous>: no visible global function definition for
     ‘dirmult’
    Xdc.statistics: no visible global function definition for ‘dirmult’
    Xmc.statistics : <anonymous>: no visible global function definition for
     ‘ginv’
    Xoc.statistics : <anonymous>: no visible global function definition for
     ‘dirmult’
    Xoc.statistics: no visible global function definition for ‘equalTheta’
    Xsc.statistics: no visible global function definition for ‘ginv’
    Undefined global functions or variables:
     dirmult equalTheta ginv rdirichlet
Flavor: r-devel-osx-x86_64-clang

Version: 1.3.1
Check: R code for possible problems
Result: NOTE
    Dirichlet.multinomial : <anonymous>: no visible global function
     definition for ‘rdirichlet’
    Xdc.statistics : <anonymous>: no visible global function definition for
     ‘dirmult’
    Xdc.statistics: no visible global function definition for ‘dirmult’
    Xmc.statistics : <anonymous>: no visible global function definition for
     ‘ginv’
    Xoc.statistics : <anonymous>: no visible global function definition for
     ‘dirmult’
    Xoc.statistics: no visible global function definition for ‘equalTheta’
    Xsc.statistics: no visible global function definition for ‘ginv’
Flavors: r-patched-linux-x86_64, r-patched-solaris-sparc, r-patched-solaris-x86, r-release-linux-x86_64, r-release-osx-x86_64-mavericks, r-release-windows-ix86+x86_64, r-oldrel-windows-ix86+x86_64