CRAN Package Check Results for Package HMPTrees

Last updated on 2015-01-27 11:49:52.

Flavor Version Tinstall Tcheck Ttotal Status Flags
r-devel-linux-x86_64-debian-clang 1.2 1.24 19.28 20.52 NOTE
r-devel-linux-x86_64-debian-gcc 1.2 0.85 17.83 18.68 NOTE
r-devel-linux-x86_64-fedora-clang 1.2 43.77 NOTE
r-devel-linux-x86_64-fedora-gcc 1.2 43.93 NOTE
r-devel-osx-x86_64-clang 1.2 45.41 NOTE
r-devel-windows-ix86+x86_64 1.2 5.00 29.00 34.00 NOTE
r-patched-linux-x86_64 1.2 1.02 20.58 21.60 NOTE
r-patched-solaris-sparc 1.2 260.90 NOTE
r-patched-solaris-x86 1.2 56.60 NOTE
r-release-linux-ix86 1.2 1.25 28.42 29.68 NOTE
r-release-linux-x86_64 1.2 0.99 20.44 21.43 NOTE
r-release-osx-x86_64-mavericks 1.2 NOTE
r-release-osx-x86_64-snowleopard 1.2 ERROR
r-release-windows-ix86+x86_64 1.2 4.00 33.00 37.00 NOTE
r-oldrel-windows-ix86+x86_64 1.2 6.00 37.00 43.00 NOTE

Check Details

Version: 1.2
Check: dependencies in R code
Result: NOTE
    'library' or 'require' calls in package code:
     ‘HMP’ ‘doParallel’
     Please use :: or requireNamespace() instead.
     See section 'Suggested packages' in the 'Writing R Extensions' manual.
    Package in Depends field not imported from: ‘ape’
     These packages need to be imported from (in the NAMESPACE file)
     for when this namespace is loaded but not attached.
Flavors: r-devel-linux-x86_64-debian-clang, r-devel-linux-x86_64-debian-gcc, r-devel-linux-x86_64-fedora-clang, r-devel-linux-x86_64-fedora-gcc, r-devel-osx-x86_64-clang, r-devel-windows-ix86+x86_64

Version: 1.2
Check: R code for possible problems
Result: NOTE
    compareTwoDataSets: no visible global function definition for
     ‘makeCluster’
    compareTwoDataSets: no visible global function definition for
     ‘registerDoParallel’
    compareTwoDataSets: no visible global function definition for ‘%dopar%’
    compareTwoDataSets: no visible global function definition for ‘foreach’
    compareTwoDataSets: no visible global function definition for ‘icount’
    compareTwoDataSets: no visible global function definition for
     ‘stopCluster’
    generateTree: no visible global function definition for ‘dirmult’
    generateTree: no visible global function definition for ‘DM.MoM’
    generateTree: no visible global function definition for
     ‘Dirichlet.multinomial’
    traverseTree: no visible global function definition for ‘read.tree’
    traverseTree: no visible global function definition for
     ‘collapse.singles’
Flavors: r-devel-linux-x86_64-debian-clang, r-devel-linux-x86_64-debian-gcc, r-devel-linux-x86_64-fedora-clang, r-devel-linux-x86_64-fedora-gcc, r-devel-osx-x86_64-clang, r-devel-windows-ix86+x86_64, r-patched-linux-x86_64, r-patched-solaris-sparc, r-patched-solaris-x86, r-release-linux-ix86, r-release-linux-x86_64, r-release-osx-x86_64-mavericks, r-release-windows-ix86+x86_64

Version: 1.2
Check: dependencies in R code
Result: NOTE
    Package in Depends field not imported from: ‘ape’
     These packages need to be imported from (in the NAMESPACE file)
     for when this namespace is loaded but not attached.
    See the information on DESCRIPTION files in the chapter ‘Creating R
    packages’ of the ‘Writing R Extensions’ manual.
Flavors: r-patched-linux-x86_64, r-patched-solaris-sparc, r-patched-solaris-x86, r-release-linux-ix86, r-release-linux-x86_64, r-release-osx-x86_64-mavericks, r-release-windows-ix86+x86_64, r-oldrel-windows-ix86+x86_64

Version: 1.2
Check: whether package can be installed
Result: ERROR
    Installation failed.
Flavor: r-release-osx-x86_64-snowleopard