CRAN Package Check Results for Package HPOSim

Last updated on 2014-10-23 09:52:47.

Flavor Version Tinstall Tcheck Ttotal Status Flags
r-devel-linux-x86_64-debian-clang 1.2 6.46 89.18 95.63 OK
r-devel-linux-x86_64-debian-gcc 1.2 6.28 92.23 98.52 OK
r-devel-linux-x86_64-fedora-clang 1.2 229.32 OK
r-devel-linux-x86_64-fedora-gcc 1.2 210.47 OK
r-devel-osx-x86_64-clang 1.2 177.87 OK
r-devel-windows-ix86+x86_64 1.2 5.00 1.00 6.00 ERROR
r-patched-linux-x86_64 1.2 6.69 95.04 101.73 OK
r-patched-solaris-sparc 1.2 1145.30 OK
r-patched-solaris-x86 1.2 287.00 OK
r-release-linux-ix86 1.2 6.25 99.18 105.43 OK
r-release-linux-x86_64 1.2 5.52 79.35 84.86 OK
r-release-osx-x86_64-mavericks 1.2 OK
r-release-osx-x86_64-snowleopard 1.2 OK
r-release-windows-ix86+x86_64 1.2 17.00 114.00 131.00 OK
r-oldrel-windows-ix86+x86_64 1.2 15.00 116.00 131.00 OK

Check Details

Version: 1.2
Check: whether package can be installed
Result: ERROR
    Installation failed.
Flavor: r-devel-windows-ix86+x86_64