CRAN Package Check Results for Package HPOSim

Last updated on 2014-04-25 05:47:17.

Flavor Version Tinstall Tcheck Ttotal Status Flags
r-devel-linux-x86_64-debian-clang 1.2 5.80 184.60 190.40 OK
r-devel-linux-x86_64-debian-gcc 1.2 5.82 82.18 88.00 OK
r-devel-linux-x86_64-fedora-clang 1.2 195.80 OK
r-devel-linux-x86_64-fedora-gcc 1.2 187.76 OK
r-devel-osx-x86_64-clang 1.2 153.41 OK
r-devel-osx-x86_64-gcc 1.2 ERROR
r-devel-windows-ix86+x86_64 1.2 13.00 114.00 127.00 OK
r-patched-linux-x86_64 1.2 5.50 82.33 87.83 OK
r-patched-solaris-sparc 1.2 1123.30 OK
r-patched-solaris-x86 1.2 228.80 OK
r-release-linux-ix86 1.2 7.00 124.00 131.00 OK
r-release-linux-x86_64 1.2 5.32 81.02 86.34 OK
r-release-osx-x86_64-mavericks 1.2 ERROR
r-release-osx-x86_64-snowleopard 1.2 OK
r-release-windows-ix86+x86_64 1.2 15.00 114.00 129.00 OK
r-oldrel-windows-ix86+x86_64 1.2 14.00 108.00 122.00 OK

Check Details

Version: 1.2
Check: package dependencies
Result: ERROR
    Packages required but not available: ‘AnnotationDbi’ ‘HPO.db’ ‘igraph’
    
    See the information on DESCRIPTION files in the chapter ‘Creating R
    packages’ of the ‘Writing R Extensions’ manual.
Flavor: r-devel-osx-x86_64-gcc

Version: 1.2
Check: package dependencies
Result: ERROR
    Packages required but not available: ‘AnnotationDbi’ ‘HPO.db’
    
    See the information on DESCRIPTION files in the chapter ‘Creating R
    packages’ of the ‘Writing R Extensions’ manual.
Flavor: r-release-osx-x86_64-mavericks