CRAN Package Check Results for Package HPbayes

Last updated on 2022-01-27 09:49:35 CET.

Flavor Version Tinstall Tcheck Ttotal Status Flags
r-devel-linux-x86_64-debian-clang 0.1 3.55 60.77 64.32 NOTE
r-devel-linux-x86_64-debian-gcc 0.1 3.12 44.85 47.97 NOTE
r-devel-linux-x86_64-fedora-clang 0.1 76.90 NOTE
r-devel-linux-x86_64-fedora-gcc 0.1 68.07 NOTE
r-devel-windows-x86_64-new-UL 0.1 31.00 77.00 108.00 NOTE
r-devel-windows-x86_64-new-TK 0.1 NOTE
r-patched-linux-x86_64 0.1 3.69 57.85 61.54 NOTE
r-release-linux-x86_64 0.1 3.41 57.63 61.04 NOTE
r-release-macos-arm64 0.1 NOTE
r-release-macos-x86_64 0.1 NOTE
r-release-windows-ix86+x86_64 0.1 7.00 63.00 70.00 NOTE
r-oldrel-macos-x86_64 0.1 NOTE
r-oldrel-windows-ix86+x86_64 0.1 8.00 64.00 72.00 NOTE

Check Details

Version: 0.1
Check: DESCRIPTION meta-information
Result: NOTE
    Malformed Description field: should contain one or more complete sentences.
Flavors: r-devel-linux-x86_64-debian-clang, r-devel-linux-x86_64-debian-gcc, r-devel-linux-x86_64-fedora-clang, r-devel-linux-x86_64-fedora-gcc, r-devel-windows-x86_64-new-UL, r-devel-windows-x86_64-new-TK, r-patched-linux-x86_64, r-release-linux-x86_64, r-release-macos-arm64, r-release-macos-x86_64, r-release-windows-ix86+x86_64, r-oldrel-macos-x86_64, r-oldrel-windows-ix86+x86_64

Version: 0.1
Check: R code for possible problems
Result: NOTE
    hpbayes.plot: no visible global function definition for 'par'
    hpbayes.plot: no visible global function definition for 'points'
    postpri.plot: no visible global function definition for 'par'
    postpri.plot: no visible global function definition for 'points'
    postpri.plot: no visible global function definition for 'segments'
    postpri.plot: no visible global function definition for 'boxplot'
    Undefined global functions or variables:
     boxplot par points segments
    Consider adding
     importFrom("graphics", "boxplot", "par", "points", "segments")
    to your NAMESPACE file.
Flavors: r-devel-linux-x86_64-debian-clang, r-devel-linux-x86_64-debian-gcc, r-devel-linux-x86_64-fedora-clang, r-devel-linux-x86_64-fedora-gcc, r-devel-windows-x86_64-new-UL, r-devel-windows-x86_64-new-TK, r-patched-linux-x86_64, r-release-linux-x86_64, r-release-macos-arm64, r-release-macos-x86_64, r-release-windows-ix86+x86_64, r-oldrel-macos-x86_64, r-oldrel-windows-ix86+x86_64