CRAN Package Check Results for Package HSAUR

Last updated on 2018-02-25 10:47:12 CET.

Flavor Version Tinstall Tcheck Ttotal Status Flags
r-devel-linux-x86_64-debian-clang 1.3-9 2.20 98.22 100.42 OK
r-devel-linux-x86_64-debian-gcc 1.3-9 1.66 79.30 80.96 OK
r-devel-linux-x86_64-fedora-clang 1.3-9 133.36 OK
r-devel-linux-x86_64-fedora-gcc 1.3-9 136.17 OK
r-devel-windows-ix86+x86_64 1.3-9 13.00 273.00 286.00 OK
r-patched-linux-x86_64 1.3-9 1.93 109.57 111.50 OK
r-patched-solaris-x86 1.3-9 188.10 OK
r-release-linux-x86_64 1.3-9 1.85 108.76 110.61 OK
r-release-windows-ix86+x86_64 1.3-9 5.00 350.00 355.00 OK
r-release-osx-x86_64 1.3-9 NOTE
r-oldrel-windows-ix86+x86_64 1.3-9 5.00 237.00 242.00 OK
r-oldrel-osx-x86_64 1.3-9 OK

Check Details

Version: 1.3-9
Check: re-building of vignette outputs
Result: NOTE
    Error in re-building vignettes:
     ...
    Loading required package: HSAUR
    Loading required package: tools
    Error in texi2dvi(file = file, pdf = TRUE, clean = clean, quiet = quiet, :
     Running 'texi2dvi' on 'Ch_analysing_longitudinal_dataI.tex' failed.
    LaTeX errors:
    ! LaTeX Error: File `relsize.sty' not found.
    
    Type X to quit or <RETURN> to proceed,
    or enter new name. (Default extension: sty)
    
    ! Emergency stop.
    <read *>
    
    l.29 ^^M
    
    ! ==> Fatal error occurred, no output PDF file produced!
    Calls: buildVignettes -> texi2pdf -> texi2dvi
    Execution halted
Flavor: r-release-osx-x86_64