CRAN Package Check Results for Package HSAUR

Last updated on 2015-07-07 03:47:41.

Flavor Version Tinstall Tcheck Ttotal Status Flags
r-devel-linux-x86_64-debian-clang 1.3-6 1.19 85.22 86.41 NOTE
r-devel-linux-x86_64-debian-gcc 1.3-6 1.16 76.67 77.83 NOTE
r-devel-linux-x86_64-fedora-clang 1.3-6 154.60 NOTE
r-devel-linux-x86_64-fedora-gcc 1.3-6 150.97 NOTE
r-devel-osx-x86_64-clang 1.3-6 183.11 OK
r-devel-windows-ix86+x86_64 1.3-6 8.00 157.00 165.00 NOTE
r-patched-linux-x86_64 1.3-6 1.25 75.14 76.39 OK
r-patched-solaris-sparc 1.3-6 1164.30 OK
r-patched-solaris-x86 1.3-6 222.70 OK
r-release-linux-x86_64 1.3-6 1.18 75.54 76.72 OK
r-release-osx-x86_64-mavericks 1.3-6 OK
r-release-windows-ix86+x86_64 1.3-6 9.00 158.00 167.00 OK
r-oldrel-windows-ix86+x86_64 1.3-6 10.00 154.00 164.00 OK

Check Details

Version: 1.3-6
Check: R code for possible problems
Result: NOTE
    HSAURtable.data.frame: no visible global function definition for
     ‘complete.cases’
    Undefined global functions or variables:
     complete.cases
Flavors: r-devel-linux-x86_64-debian-clang, r-devel-linux-x86_64-debian-gcc, r-devel-linux-x86_64-fedora-clang, r-devel-linux-x86_64-fedora-gcc, r-devel-windows-ix86+x86_64