CRAN Package Check Results for Package HSAUR

Last updated on 2014-08-01 05:48:26.

Flavor Version Tinstall Tcheck Ttotal Status Flags
r-devel-linux-x86_64-debian-clang 1.3-3 1.66 75.03 76.69 OK
r-devel-linux-x86_64-debian-gcc 1.3-3 1.58 73.46 75.04 OK
r-devel-linux-x86_64-fedora-clang 1.3-3 181.23 OK
r-devel-linux-x86_64-fedora-gcc 1.3-3 174.75 OK
r-devel-osx-x86_64-clang 1.3-3 205.11 OK
r-devel-windows-ix86+x86_64 1.3-3 8.00 143.00 151.00 OK
r-patched-linux-x86_64 1.3-3 1.59 72.78 74.37 OK
r-patched-solaris-sparc 1.3-3 1167.80 OK
r-patched-solaris-x86 1.3-3 268.30 OK
r-release-linux-ix86 1.3-3 2.20 124.03 126.24 OK
r-release-linux-x86_64 1.3-3 1.73 73.23 74.96 OK
r-release-osx-x86_64-mavericks 1.3-3 NOTE
r-release-windows-ix86+x86_64 1.3-3 6.00 204.00 210.00 OK
r-oldrel-windows-ix86+x86_64 1.3-3 12.00 210.00 222.00 OK

Check Details

Version: 1.3-3
Check: re-building of vignette outputs
Result: NOTE
    Error in re-building vignettes:
     ...
    Loading required package: HSAUR
    Loading required package: Rcpp
    Warning in checkArgs("lmer", method = "ML") :
     Argument 'method' is deprecated. Use the REML argument to specify ML or REML estimation.
    Warning in checkArgs("lmer", method = "ML") :
     Argument 'method' is deprecated. Use the REML argument to specify ML or REML estimation.
    refitting model(s) with ML (instead of REML)
    Error in texi2dvi(file = file, pdf = TRUE, clean = clean, quiet = quiet, :
     Running 'texi2dvi' on 'Ch_analysing_longitudinal_dataI.tex' failed.
    LaTeX errors:
    ! LaTeX Error: File `relsize.sty' not found.
    
    Type X to quit or <RETURN> to proceed,
    or enter new name. (Default extension: sty)
    
    est/HSAUR/vignettes/Ch_analysing_longitudinal_dataI.tex:16: ==> Fatal error oc
    curred, no output PDF file produced!
    Calls: buildVignettes -> texi2pdf -> texi2dvi
    Execution halted
Flavor: r-release-osx-x86_64-mavericks