CRAN Package Check Results for Package HSAUR

Last updated on 2014-10-25 23:46:42.

Flavor Version Tinstall Tcheck Ttotal Status Flags
r-devel-linux-x86_64-debian-clang 1.3-4 1.46 79.97 81.43 OK
r-devel-linux-x86_64-debian-gcc 1.3-4 1.41 79.12 80.53 OK
r-devel-linux-x86_64-fedora-clang 1.3-4 171.60 OK
r-devel-linux-x86_64-fedora-gcc 1.3-4 163.87 OK
r-devel-osx-x86_64-clang 1.3-4 218.30 OK
r-devel-windows-ix86+x86_64 1.3-4 6.00 139.00 145.00 OK
r-patched-linux-x86_64 1.3-4 1.62 82.73 84.35 OK
r-patched-solaris-sparc 1.3-4 1022.00 OK
r-patched-solaris-x86 1.3-4 240.20 OK
r-release-linux-ix86 1.3-4 1.98 135.94 137.92 OK
r-release-linux-x86_64 1.3-4 1.42 86.76 88.18 OK
r-release-osx-x86_64-mavericks 1.3-4 NOTE
r-release-osx-x86_64-snowleopard 1.3-4 OK
r-release-windows-ix86+x86_64 1.3-4 6.00 148.00 154.00 OK
r-oldrel-windows-ix86+x86_64 1.3-4 6.00 143.00 149.00 OK

Check Details

Version: 1.3-4
Check: re-building of vignette outputs
Result: NOTE
    Error in re-building vignettes:
     ...
    Loading required package: HSAUR
    Loading required package: Rcpp
    Warning: Argument 'method' is deprecated. Use the REML argument to specify ML or REML estimation.
    Warning: Argument 'method' is deprecated. Use the REML argument to specify ML or REML estimation.
    refitting model(s) with ML (instead of REML)
    Error in texi2dvi(file = file, pdf = TRUE, clean = clean, quiet = quiet, :
     Running 'texi2dvi' on 'Ch_analysing_longitudinal_dataI.tex' failed.
    LaTeX errors:
    ! LaTeX Error: File `relsize.sty' not found.
    
    Type X to quit or <RETURN> to proceed,
    or enter new name. (Default extension: sty)
    
    est/HSAUR/vignettes/Ch_analysing_longitudinal_dataI.tex:16: ==> Fatal error oc
    curred, no output PDF file produced!
    Calls: buildVignettes -> texi2pdf -> texi2dvi
    Execution halted
Flavor: r-release-osx-x86_64-mavericks