CRAN Package Check Results for Package HSAUR

Last updated on 2017-10-20 04:47:12.

Flavor Version Tinstall Tcheck Ttotal Status Flags
r-devel-linux-x86_64-debian-clang 1.3-9 1.25 70.77 72.01 OK
r-devel-linux-x86_64-debian-gcc 1.3-9 1.60 76.60 78.20 OK
r-devel-linux-x86_64-fedora-clang 1.3-9 141.42 OK
r-devel-linux-x86_64-fedora-gcc 1.3-9 143.87 OK
r-devel-windows-ix86+x86_64 1.3-9 6.00 300.00 306.00 OK
r-patched-linux-x86_64 1.3-9 1.38 71.11 72.50 OK
r-patched-solaris-x86 1.3-9 188.90 OK
r-release-linux-x86_64 1.3-9 1.39 71.52 72.91 OK
r-release-windows-ix86+x86_64 1.3-9 7.00 315.00 322.00 OK
r-release-osx-x86_64 1.3-9 NOTE
r-oldrel-windows-ix86+x86_64 1.3-9 5.00 293.00 298.00 OK
r-oldrel-osx-x86_64 1.3-9 OK

Check Details

Version: 1.3-9
Check: re-building of vignette outputs
Result: NOTE
    Error in re-building vignettes:
     ...
    Loading required package: HSAUR
    Loading required package: tools
    Error in texi2dvi(file = file, pdf = TRUE, clean = clean, quiet = quiet, :
     Running 'texi2dvi' on 'Ch_analysing_longitudinal_dataI.tex' failed.
    LaTeX errors:
    ! LaTeX Error: File `relsize.sty' not found.
    
    Type X to quit or <RETURN> to proceed,
    or enter new name. (Default extension: sty)
    
    ! Emergency stop.
    <read *>
    
    l.29 ^^M
    
    ! ==> Fatal error occurred, no output PDF file produced!
    Calls: buildVignettes -> texi2pdf -> texi2dvi
    Execution halted
Flavor: r-release-osx-x86_64