CRAN Package Check Results for Package HSAUR

Last updated on 2017-08-24 00:53:19.

Flavor Version Tinstall Tcheck Ttotal Status Flags
r-devel-linux-x86_64-debian-clang 1.3-9 1.26 71.63 72.89 OK
r-devel-linux-x86_64-debian-gcc 1.3-9 1.27 70.81 72.09 OK
r-devel-linux-x86_64-fedora-clang 1.3-9 139.80 OK
r-devel-linux-x86_64-fedora-gcc 1.3-9 141.47 OK
r-devel-windows-ix86+x86_64 1.3-9 9.00 226.00 235.00 OK
r-patched-linux-x86_64 1.3-9 1.27 71.64 72.91 OK
r-patched-solaris-x86 1.3-9 187.30 OK
r-release-linux-x86_64 1.3-9 1.28 72.16 73.44 OK
r-release-windows-ix86+x86_64 1.3-9 7.00 243.00 250.00 OK
r-release-osx-x86_64 1.3-9 NOTE
r-oldrel-windows-ix86+x86_64 1.3-9 7.00 305.00 312.00 OK
r-oldrel-osx-x86_64 1.3-9 OK

Check Details

Version: 1.3-9
Check: re-building of vignette outputs
Result: NOTE
    Error in re-building vignettes:
     ...
    Loading required package: HSAUR
    Loading required package: tools
    Error in texi2dvi(file = file, pdf = TRUE, clean = clean, quiet = quiet, :
     Running 'texi2dvi' on 'Ch_analysing_longitudinal_dataI.tex' failed.
    LaTeX errors:
    ! LaTeX Error: File `relsize.sty' not found.
    
    Type X to quit or <RETURN> to proceed,
    or enter new name. (Default extension: sty)
    
    ! Emergency stop.
    <read *>
    
    l.29 ^^M
    
    ! ==> Fatal error occurred, no output PDF file produced!
    Calls: buildVignettes -> texi2pdf -> texi2dvi
    Execution halted
Flavor: r-release-osx-x86_64