CRAN Package Check Results for Package HSAUR

Last updated on 2015-05-30 21:46:35.

Flavor Version Tinstall Tcheck Ttotal Status Flags
r-devel-linux-x86_64-debian-clang 1.3-6 1.23 76.18 77.42 OK
r-devel-linux-x86_64-debian-gcc 1.3-6 1.18 75.22 76.40 OK
r-devel-linux-x86_64-fedora-clang 1.3-6 158.21 OK
r-devel-linux-x86_64-fedora-gcc 1.3-6 152.43 OK
r-devel-osx-x86_64-clang 1.3-6 239.37 OK
r-devel-windows-ix86+x86_64 1.3-6 6.00 140.00 146.00 OK
r-patched-linux-x86_64 1.3-6 1.20 75.58 76.78 OK
r-patched-solaris-sparc 1.3-6 1164.30 OK
r-patched-solaris-x86 1.3-6 221.90 OK
r-release-linux-x86_64 1.3-6 1.20 78.16 79.36 OK
r-release-osx-x86_64-mavericks 1.3-6 OK
r-release-osx-x86_64-snowleopard 1.3-6 WARN
r-release-windows-ix86+x86_64 1.3-6 6.00 143.00 149.00 OK
r-oldrel-windows-ix86+x86_64 1.3-6 8.00 149.00 157.00 OK

Check Details

Version: 1.3-6
Check: package dependencies
Result: NOTE
    Package suggested but not available for checking: ‘party’
Flavor: r-release-osx-x86_64-snowleopard

Version: 1.3-6
Check: running R code from vignettes
Result: WARN
    Errors in running code in vignettes:
    when running code in ‘Ch_recursive_partitioning.Rnw’
     ...
    
    > library("randomForest")
    randomForest 4.6-10
    Type rfNews() to see new features/changes/bug fixes.
    
    > library("party")
    
     When sourcing 'Ch_recursive_partitioning.R':
    Error: there is no package called 'party'
    Execution halted
    when running code in ‘Ch_survival_analysis.Rnw’
     ...
    
    > x <- library("survival")
    
    > x <- library("coin")
    
    > x <- library("party")
    
     When sourcing 'Ch_survival_analysis.R':
    Error: there is no package called 'party'
    Execution halted
Flavor: r-release-osx-x86_64-snowleopard

Version: 1.3-6
Check: re-building of vignette outputs
Result: NOTE
    Error in re-building vignettes:
     ...
    
    The following object is masked from 'package:lattice':
    
     melanoma
    
    The following object is masked from 'package:survival':
    
     aml
    
    Warning in sub(object$syntax$docexpr, val, chunk[pos[1L]]) :
     argument 'replacement' has length > 1 and only the first element will be used
    Waiting for profiling to be done...
    Waiting for profiling to be done...
    Waiting for profiling to be done...
    Waiting for profiling to be done...
    Loading required package: grid
    Warning in cmdscale(watervoles, k = 13, eig = TRUE) :
     only 7 of the first 13 eigenvalues are > 0
    randomForest 4.6-10
    Type rfNews() to see new features/changes/bug fixes.
    
    Error: processing vignette 'Ch_recursive_partitioning.Rnw' failed with diagnostics:
     chunk 2 (label = RP-setup)
    Error in library("party") : there is no package called 'party'
    Execution halted
Flavor: r-release-osx-x86_64-snowleopard