CRAN Package Check Results for Package HSAUR

Last updated on 2017-05-24 01:49:05.

Flavor Version Tinstall Tcheck Ttotal Status Flags
r-devel-linux-x86_64-debian-clang 1.3-7 1.31 70.51 71.82 OK
r-devel-linux-x86_64-debian-gcc 1.3-7 1.35 70.74 72.09 OK
r-devel-linux-x86_64-fedora-clang 1.3-7 142.08 OK --no-stop-on-test-error
r-devel-linux-x86_64-fedora-gcc 1.3-7 138.86 OK --no-stop-on-test-error
r-devel-windows-ix86+x86_64 1.3-7 16.00 244.00 260.00 OK
r-patched-linux-x86_64 1.3-7 1.32 70.34 71.67 OK
r-patched-solaris-sparc 1.3-7 860.80 OK
r-patched-solaris-x86 1.3-7 179.60 OK
r-release-linux-x86_64 1.3-7 1.33 70.78 72.11 OK
r-release-windows-ix86+x86_64 1.3-7 7.00 241.00 248.00 OK
r-release-osx-x86_64 1.3-7 NOTE
r-oldrel-windows-ix86+x86_64 1.3-7 6.00 308.00 314.00 OK
r-oldrel-osx-x86_64 1.3-7 OK

Check Details

Version: 1.3-7
Check: re-building of vignette outputs
Result: NOTE
    Error in re-building vignettes:
     ...
    Loading required package: HSAUR
    Loading required package: tools
    Error in texi2dvi(file = file, pdf = TRUE, clean = clean, quiet = quiet, :
     Running 'texi2dvi' on 'Ch_analysing_longitudinal_dataI.tex' failed.
    LaTeX errors:
    ! LaTeX Error: File `relsize.sty' not found.
    
    Type X to quit or <RETURN> to proceed,
    or enter new name. (Default extension: sty)
    
    ! Emergency stop.
    <read *>
    
    l.29 ^^M
    
    ! ==> Fatal error occurred, no output PDF file produced!
    Calls: buildVignettes -> texi2pdf -> texi2dvi
    Execution halted
Flavor: r-release-osx-x86_64