CRAN Package Check Results for Package HSAUR

Last updated on 2014-11-26 03:47:57.

Flavor Version Tinstall Tcheck Ttotal Status Flags
r-devel-linux-x86_64-debian-clang 1.3-4 1.44 80.30 81.73 OK
r-devel-linux-x86_64-debian-gcc 1.3-4 1.54 80.65 82.19 OK
r-devel-linux-x86_64-fedora-clang 1.3-4 177.82 OK
r-devel-linux-x86_64-fedora-gcc 1.3-4 164.46 OK
r-devel-osx-x86_64-clang 1.3-4 220.38 OK
r-devel-windows-ix86+x86_64 1.3-4 5.00 137.00 142.00 OK
r-patched-linux-x86_64 1.3-4 1.46 82.00 83.47 OK
r-patched-solaris-sparc 1.3-4 1022.00 OK
r-patched-solaris-x86 1.3-4 239.10 OK
r-release-linux-ix86 1.3-4 1.93 126.82 128.76 OK
r-release-linux-x86_64 1.3-4 1.47 82.74 84.21 OK
r-release-osx-x86_64-mavericks 1.3-4 NOTE
r-release-osx-x86_64-snowleopard 1.3-4 OK
r-release-windows-ix86+x86_64 1.3-4 7.00 146.00 153.00 OK
r-oldrel-windows-ix86+x86_64 1.3-4 7.00 150.00 157.00 OK

Check Details

Version: 1.3-4
Check: re-building of vignette outputs
Result: NOTE
    Error in re-building vignettes:
     ...
    Loading required package: HSAUR
    Loading required package: Rcpp
    Warning: Argument 'method' is deprecated. Use the REML argument to specify ML or REML estimation.
    Warning: Argument 'method' is deprecated. Use the REML argument to specify ML or REML estimation.
    refitting model(s) with ML (instead of REML)
    Error in texi2dvi(file = file, pdf = TRUE, clean = clean, quiet = quiet, :
     Running 'texi2dvi' on 'Ch_analysing_longitudinal_dataI.tex' failed.
    LaTeX errors:
    ! LaTeX Error: File `relsize.sty' not found.
    
    Type X to quit or <RETURN> to proceed,
    or enter new name. (Default extension: sty)
    
    est/HSAUR/vignettes/Ch_analysing_longitudinal_dataI.tex:16: ==> Fatal error oc
    curred, no output PDF file produced!
    Calls: buildVignettes -> texi2pdf -> texi2dvi
    Execution halted
Flavor: r-release-osx-x86_64-mavericks