CRAN Package Check Results for Package HSAUR

Last updated on 2016-02-09 20:47:08.

Flavor Version Tinstall Tcheck Ttotal Status Flags
r-devel-linux-x86_64-debian-gcc 1.3-7 1.21 54.24 55.45 WARN
r-devel-linux-x86_64-fedora-clang 1.3-7 114.04 OK
r-devel-linux-x86_64-fedora-gcc 1.3-7 110.96 OK
r-devel-osx-x86_64-clang 1.3-7 144.33 OK
r-devel-windows-ix86+x86_64 1.3-7 9.00 131.00 140.00 OK
r-patched-linux-x86_64 1.3-7 1.33 77.36 78.69 OK
r-patched-solaris-sparc 1.3-7 981.10 OK
r-patched-solaris-x86 1.3-7 202.80 OK
r-release-linux-x86_64 1.3-7 1.33 77.21 78.54 OK
r-release-osx-x86_64-mavericks 1.3-7 OK
r-release-windows-ix86+x86_64 1.3-7 9.00 169.00 178.00 OK
r-oldrel-windows-ix86+x86_64 1.3-7 9.00 176.00 185.00 OK

Check Details

Version: 1.3-7
Check: re-building of vignette outputs
Result: WARN
    Error in re-building vignettes:
     ...
    Warning in plot.window(...) :
     "legend.text" is not a graphical parameter
    Warning in plot.xy(xy, type, ...) :
     "legend.bty" is not a graphical parameter
    Warning in plot.xy(xy, type, ...) :
     "legend.text" is not a graphical parameter
    Warning in axis(side = side, at = at, labels = labels, ...) :
     "legend.bty" is not a graphical parameter
    Warning in axis(side = side, at = at, labels = labels, ...) :
     "legend.text" is not a graphical parameter
    Warning in axis(side = side, at = at, labels = labels, ...) :
     "legend.bty" is not a graphical parameter
    Warning in axis(side = side, at = at, labels = labels, ...) :
     "legend.text" is not a graphical parameter
    Warning in box(...) : "legend.bty" is not a graphical parameter
    Warning in box(...) : "legend.text" is not a graphical parameter
    Warning in title(...) : "legend.bty" is not a graphical parameter
    Warning in title(...) : "legend.text" is not a graphical parameter
    Warning: 'surv_test' is deprecated. Use 'logrank_test' instead.
    
    Error: processing vignette 'Ch_survival_analysis.Rnw' failed with diagnostics:
     chunk 5 (label = SA-glioma-exact)
    Error in rowSums(is.na(s)) :
     'x' must be an array of at least two dimensions
    Execution halted
Flavor: r-devel-linux-x86_64-debian-gcc