CRAN Package Check Results for Package HSAUR

Last updated on 2014-12-20 12:47:27.

Flavor Version Tinstall Tcheck Ttotal Status Flags
r-devel-linux-x86_64-debian-clang 1.3-4 1.58 80.84 82.41 OK
r-devel-linux-x86_64-debian-gcc 1.3-4 1.49 77.89 79.38 OK
r-devel-linux-x86_64-fedora-clang 1.3-4 174.46 OK
r-devel-linux-x86_64-fedora-gcc 1.3-4 165.22 OK
r-devel-osx-x86_64-clang 1.3-4 217.88 OK
r-devel-windows-ix86+x86_64 1.3-4 9.00 154.00 163.00 OK
r-patched-linux-x86_64 1.3-4 1.46 82.67 84.13 OK
r-patched-solaris-sparc 1.3-4 1022.00 OK
r-patched-solaris-x86 1.3-4 243.40 OK
r-release-linux-ix86 1.3-4 1.94 126.73 128.66 OK
r-release-linux-x86_64 1.3-4 1.72 79.84 81.56 OK
r-release-osx-x86_64-mavericks 1.3-4 NOTE
r-release-osx-x86_64-snowleopard 1.3-4 OK
r-release-windows-ix86+x86_64 1.3-4 8.00 147.00 155.00 OK
r-oldrel-windows-ix86+x86_64 1.3-4 8.00 154.00 162.00 OK

Check Details

Version: 1.3-4
Check: re-building of vignette outputs
Result: NOTE
    Error in re-building vignettes:
     ...
    Loading required package: HSAUR
    Loading required package: Rcpp
    Warning: Argument 'method' is deprecated. Use the REML argument to specify ML or REML estimation.
    Warning: Argument 'method' is deprecated. Use the REML argument to specify ML or REML estimation.
    refitting model(s) with ML (instead of REML)
    Error in texi2dvi(file = file, pdf = TRUE, clean = clean, quiet = quiet, :
     Running 'texi2dvi' on 'Ch_analysing_longitudinal_dataI.tex' failed.
    LaTeX errors:
    ! LaTeX Error: File `relsize.sty' not found.
    
    Type X to quit or <RETURN> to proceed,
    or enter new name. (Default extension: sty)
    
    est/HSAUR/vignettes/Ch_analysing_longitudinal_dataI.tex:16: ==> Fatal error oc
    curred, no output PDF file produced!
    Calls: buildVignettes -> texi2pdf -> texi2dvi
    Execution halted
Flavor: r-release-osx-x86_64-mavericks