CRAN Package Check Results for Package HSAUR

Last updated on 2018-04-26 10:46:54 CEST.

Flavor Version Tinstall Tcheck Ttotal Status Flags
r-devel-linux-x86_64-debian-clang 1.3-9 1.62 90.17 91.79 OK
r-devel-linux-x86_64-debian-gcc 1.3-9 1.87 80.80 82.67 OK
r-devel-linux-x86_64-fedora-clang 1.3-9 135.16 OK
r-devel-linux-x86_64-fedora-gcc 1.3-9 133.64 OK
r-devel-windows-ix86+x86_64 1.3-9 9.00 212.00 221.00 OK
r-patched-linux-x86_64 1.3-9 1.58 99.79 101.37 OK
r-patched-solaris-x86 1.3-9 185.70 OK
r-release-linux-x86_64 1.3-9 1.89 99.54 101.43 OK
r-release-windows-ix86+x86_64 1.3-9 9.00 212.00 221.00 OK
r-release-osx-x86_64 1.3-9 OK
r-oldrel-windows-ix86+x86_64 1.3-9 8.00 271.00 279.00 OK
r-oldrel-osx-x86_64 1.3-9 NOTE

Check Details

Version: 1.3-9
Check: re-building of vignette outputs
Result: NOTE
    Error in re-building vignettes:
     ...
    Loading required package: HSAUR
    Loading required package: tools
    Error in texi2dvi(file = file, pdf = TRUE, clean = clean, quiet = quiet, :
     Running 'texi2dvi' on 'Ch_analysing_longitudinal_dataI.tex' failed.
    LaTeX errors:
    ! LaTeX Error: File `relsize.sty' not found.
    
    Type X to quit or <RETURN> to proceed,
    or enter new name. (Default extension: sty)
    
    ! Emergency stop.
    <read *>
    
    l.29 ^^M
    
    ! ==> Fatal error occurred, no output PDF file produced!
    Calls: buildVignettes -> texi2pdf -> texi2dvi
    Execution halted
Flavor: r-oldrel-osx-x86_64