CRAN Package Check Results for Package HSAUR

Last updated on 2017-06-29 17:50:09.

Flavor Version Tinstall Tcheck Ttotal Status Flags
r-devel-linux-x86_64-debian-clang 1.3-8 1.31 69.83 71.15 OK
r-devel-linux-x86_64-debian-gcc 1.3-8 1.34 72.90 74.24 OK
r-devel-linux-x86_64-fedora-clang 1.3-8 138.03 OK
r-devel-linux-x86_64-fedora-gcc 1.3-8 135.27 OK
r-devel-windows-ix86+x86_64 1.3-8 11.00 224.00 235.00 OK
r-patched-linux-x86_64 1.3-8 1.40 71.64 73.04 OK
r-patched-solaris-sparc 1.3-7 860.80 OK
r-patched-solaris-x86 1.3-8 182.10 OK
r-release-linux-x86_64 1.3-8 1.36 70.42 71.79 OK
r-release-windows-ix86+x86_64 1.3-8 11.00 399.00 410.00 OK
r-release-osx-x86_64 1.3-7 NOTE
r-oldrel-windows-ix86+x86_64 1.3-8 7.00 310.00 317.00 OK
r-oldrel-osx-x86_64 1.3-8 OK

Check Details

Version: 1.3-7
Check: re-building of vignette outputs
Result: NOTE
    Error in re-building vignettes:
     ...
    Loading required package: HSAUR
    Loading required package: tools
    Error in texi2dvi(file = file, pdf = TRUE, clean = clean, quiet = quiet, :
     Running 'texi2dvi' on 'Ch_analysing_longitudinal_dataI.tex' failed.
    LaTeX errors:
    ! LaTeX Error: File `relsize.sty' not found.
    
    Type X to quit or <RETURN> to proceed,
    or enter new name. (Default extension: sty)
    
    ! Emergency stop.
    <read *>
    
    l.29 ^^M
    
    ! ==> Fatal error occurred, no output PDF file produced!
    Calls: buildVignettes -> texi2pdf -> texi2dvi
    Execution halted
Flavor: r-release-osx-x86_64