CRAN Package Check Results for Package HSAUR2

Last updated on 2017-05-24 05:50:05.

Flavor Version Tinstall Tcheck Ttotal Status Flags
r-devel-linux-x86_64-debian-clang 1.1-15 1.52 95.98 97.51 OK
r-devel-linux-x86_64-debian-gcc 1.1-15 1.52 95.98 97.50 OK
r-devel-linux-x86_64-fedora-clang 1.1-15 193.33 OK --no-stop-on-test-error
r-devel-linux-x86_64-fedora-gcc 1.1-15 190.29 OK --no-stop-on-test-error
r-devel-windows-ix86+x86_64 1.1-15 7.00 302.00 309.00 OK
r-patched-linux-x86_64 1.1-15 1.40 96.79 98.19 OK
r-patched-solaris-sparc 1.1-15 1171.40 OK
r-patched-solaris-x86 1.1-15 232.90 OK
r-release-linux-x86_64 1.1-15 1.48 97.45 98.92 OK
r-release-windows-ix86+x86_64 1.1-15 8.00 297.00 305.00 OK
r-release-osx-x86_64 1.1-15 NOTE
r-oldrel-windows-ix86+x86_64 1.1-15 7.00 369.00 376.00 OK
r-oldrel-osx-x86_64 1.1-15 OK

Check Details

Version: 1.1-15
Check: re-building of vignette outputs
Result: NOTE
    Error in re-building vignettes:
     ...
    Loading required package: TH.data
    Loading required package: MASS
    
    Attaching package: 'TH.data'
    
    The following object is masked from 'package:MASS':
    
     geyser
    
    Error in texi2dvi(file = file, pdf = TRUE, clean = clean, quiet = quiet, :
     Running 'texi2dvi' on 'Ch_analysing_longitudinal_dataI.tex' failed.
    LaTeX errors:
    ! LaTeX Error: File `relsize.sty' not found.
    
    Type X to quit or <RETURN> to proceed,
    or enter new name. (Default extension: sty)
    
    ! Emergency stop.
    <read *>
    
    l.29 ^^M
    
    ! ==> Fatal error occurred, no output PDF file produced!
    Calls: buildVignettes -> texi2pdf -> texi2dvi
    Execution halted
Flavor: r-release-osx-x86_64