CRAN Package Check Results for Package HSAUR2

Last updated on 2015-05-25 23:47:25.

Flavor Version Tinstall Tcheck Ttotal Status Flags
r-devel-linux-x86_64-debian-clang 1.1-13 1.43 108.22 109.65 OK
r-devel-linux-x86_64-debian-gcc 1.1-13 1.39 108.97 110.36 OK
r-devel-linux-x86_64-fedora-clang 1.1-13 227.68 OK
r-devel-linux-x86_64-fedora-gcc 1.1-13 217.13 OK
r-devel-osx-x86_64-clang 1.1-13 267.96 OK
r-devel-windows-ix86+x86_64 1.1-13 8.00 204.00 212.00 OK
r-patched-linux-x86_64 1.1-13 1.43 108.74 110.17 OK
r-patched-solaris-sparc 1.1-13 1593.60 OK
r-patched-solaris-x86 1.1-13 302.30 OK
r-release-linux-x86_64 1.1-13 1.54 106.15 107.69 OK
r-release-osx-x86_64-mavericks 1.1-13 OK
r-release-osx-x86_64-snowleopard 1.1-13 WARN
r-release-windows-ix86+x86_64 1.1-13 7.00 205.00 212.00 OK
r-oldrel-windows-ix86+x86_64 1.1-13 9.00 214.00 223.00 OK

Check Details

Version: 1.1-13
Check: package dependencies
Result: NOTE
    Packages suggested but not available for checking:
     ‘alr3’ ‘party’ ‘multcomp’ ‘sandwich’ ‘mboost’ ‘partykit’ ‘tm’
Flavor: r-release-osx-x86_64-snowleopard

Version: 1.1-13
Check: running R code from vignettes
Result: WARN
    Errors in running code in vignettes:
    when running code in ‘Ch_analysing_longitudinal_dataI.Rnw’
     ...
    > library("Matrix")
    
    > library("lme4")
    Loading required package: Rcpp
    
    > library("multcomp")
    
     When sourcing 'Ch_analysing_longitudinal_dataI.R':
    Error: there is no package called 'multcomp'
    Execution halted
    when running code in ‘Ch_analysis_of_variance.Rnw’
     ...
    + lattice.options(default.theme = function() standard.theme("pdf",
    + color = .... [TRUNCATED]
    
    > book <- FALSE
    
    > library("tm")
    
     When sourcing 'Ch_analysis_of_variance.R':
    Error: there is no package called 'tm'
    Execution halted
    when running code in ‘Ch_gam.Rnw’
     ...
    
    > library("mgcv")
    Loading required package: nlme
    This is mgcv 1.8-5. For overview type 'help("mgcv-package")'.
    
    > library("mboost")
    
     When sourcing 'Ch_gam.R':
    Error: there is no package called 'mboost'
    Execution halted
    when running code in ‘Ch_graphical_display.Rnw’
     ...
    USA & 20 & 22 & 28 & 33 & 37 \\
    \hline
    \end{longtable}
    \end{center}
    
    > data("banknote", package = "alr3")
    
     When sourcing 'Ch_graphical_display.R':
    Error: there is no package called 'alr3'
    Execution halted
    when running code in ‘Ch_recursive_partitioning.Rnw’
     ...
    
    > library("randomForest")
    randomForest 4.6-10
    Type rfNews() to see new features/changes/bug fixes.
    
    > library("party")
    
     When sourcing 'Ch_recursive_partitioning.R':
    Error: there is no package called 'party'
    Execution halted
    when running code in ‘Ch_simultaneous_inference.Rnw’
     ...
    + lattice.options(default.theme = function() standard.theme("pdf",
    + color = .... [TRUNCATED]
    
    > book <- FALSE
    
    > library("multcomp")
    
     When sourcing 'Ch_simultaneous_inference.R':
    Error: there is no package called 'multcomp'
    Execution halted
    when running code in ‘Ch_survival_analysis.Rnw’
     ...
    
    > x <- library("survival")
    
    > x <- library("coin")
    
    > x <- library("party")
    
     When sourcing 'Ch_survival_analysis.R':
    Error: there is no package called 'party'
    Execution halted
Flavor: r-release-osx-x86_64-snowleopard

Version: 1.1-13
Check: re-building of vignette outputs
Result: NOTE
    Error in re-building vignettes:
     ...
    Loading required package: HSAUR2
    Loading required package: tools
    Loading required package: Rcpp
    
    Error: processing vignette 'Ch_analysing_longitudinal_dataI.Rnw' failed with diagnostics:
     chunk 3 (label = ALDI-setup)
    Error in library("multcomp") : there is no package called 'multcomp'
    Execution halted
Flavor: r-release-osx-x86_64-snowleopard