CRAN Package Check Results for Package HSAUR2

Last updated on 2017-10-17 23:48:31.

Flavor Version Tinstall Tcheck Ttotal Status Flags
r-devel-linux-x86_64-debian-clang 1.1-17 1.49 98.55 100.03 OK
r-devel-linux-x86_64-debian-gcc 1.1-17 1.72 99.55 101.27 OK
r-devel-linux-x86_64-fedora-clang 1.1-17 187.36 OK
r-devel-linux-x86_64-fedora-gcc 1.1-17 191.43 OK
r-devel-windows-ix86+x86_64 1.1-17 11.00 277.00 288.00 OK
r-patched-linux-x86_64 1.1-17 1.56 96.36 97.92 OK
r-patched-solaris-x86 1.1-17 240.30 OK
r-release-linux-x86_64 1.1-17 1.47 97.35 98.83 OK
r-release-windows-ix86+x86_64 1.1-17 12.00 394.00 406.00 OK
r-release-osx-x86_64 1.1-17 NOTE
r-oldrel-windows-ix86+x86_64 1.1-17 11.00 368.00 379.00 OK
r-oldrel-osx-x86_64 1.1-17 OK

Check Details

Version: 1.1-17
Check: re-building of vignette outputs
Result: NOTE
    Error in re-building vignettes:
     ...
    Loading required package: TH.data
    Loading required package: MASS
    
    Attaching package: 'TH.data'
    
    The following object is masked from 'package:MASS':
    
     geyser
    
    Error in texi2dvi(file = file, pdf = TRUE, clean = clean, quiet = quiet, :
     Running 'texi2dvi' on 'Ch_analysing_longitudinal_dataI.tex' failed.
    LaTeX errors:
    ! LaTeX Error: File `relsize.sty' not found.
    
    Type X to quit or <RETURN> to proceed,
    or enter new name. (Default extension: sty)
    
    ! Emergency stop.
    <read *>
    
    l.29 ^^M
    
    ! ==> Fatal error occurred, no output PDF file produced!
    Calls: buildVignettes -> texi2pdf -> texi2dvi
    Execution halted
Flavor: r-release-osx-x86_64