CRAN Package Check Results for Package HSAUR2

Last updated on 2017-08-21 05:48:04.

Flavor Version Tinstall Tcheck Ttotal Status Flags
r-devel-linux-x86_64-debian-clang 1.1-16 1.60 97.11 98.71 OK
r-devel-linux-x86_64-debian-gcc 1.1-16 1.56 96.79 98.35 OK
r-devel-linux-x86_64-fedora-clang 1.1-17 118.03 OK
r-devel-linux-x86_64-fedora-gcc 1.1-17 123.81 OK
r-devel-windows-ix86+x86_64 1.1-17 12.00 370.00 382.00 OK
r-patched-linux-x86_64 1.1-16 1.60 98.28 99.88 OK
r-patched-solaris-x86 1.1-17 211.00 OK
r-release-linux-x86_64 1.1-16 1.47 99.21 100.68 OK
r-release-windows-ix86+x86_64 1.1-17 8.00 300.00 308.00 OK
r-release-osx-x86_64 1.1-16 NOTE
r-oldrel-windows-ix86+x86_64 1.1-16 5.00 259.00 264.00 OK
r-oldrel-osx-x86_64 1.1-16 OK

Check Details

Version: 1.1-16
Check: re-building of vignette outputs
Result: NOTE
    Error in re-building vignettes:
     ...
    Loading required package: TH.data
    Loading required package: MASS
    
    Attaching package: 'TH.data'
    
    The following object is masked from 'package:MASS':
    
     geyser
    
    Error in texi2dvi(file = file, pdf = TRUE, clean = clean, quiet = quiet, :
     Running 'texi2dvi' on 'Ch_analysing_longitudinal_dataI.tex' failed.
    LaTeX errors:
    ! LaTeX Error: File `relsize.sty' not found.
    
    Type X to quit or <RETURN> to proceed,
    or enter new name. (Default extension: sty)
    
    ! Emergency stop.
    <read *>
    
    l.29 ^^M
    
    ! ==> Fatal error occurred, no output PDF file produced!
    Calls: buildVignettes -> texi2pdf -> texi2dvi
    Execution halted
Flavor: r-release-osx-x86_64