CRAN Package Check Results for Package HSAUR2

Last updated on 2014-10-31 06:47:20.

Flavor Version Tinstall Tcheck Ttotal Status Flags
r-devel-linux-x86_64-debian-clang 1.1-11 1.69 115.94 117.63 OK
r-devel-linux-x86_64-debian-gcc 1.1-11 1.64 113.98 115.62 OK
r-devel-linux-x86_64-fedora-clang 1.1-11 244.82 OK
r-devel-linux-x86_64-fedora-gcc 1.1-11 233.22 OK
r-devel-osx-x86_64-clang 1.1-11 272.92 OK
r-devel-windows-ix86+x86_64 1.1-11 7.00 199.00 206.00 OK
r-patched-linux-x86_64 1.1-11 1.73 117.85 119.58 OK
r-patched-solaris-sparc 1.1-11 1463.80 OK
r-patched-solaris-x86 1.1-11 334.20 OK
r-release-linux-ix86 1.1-11 2.28 161.06 163.34 OK
r-release-linux-x86_64 1.1-11 1.68 123.77 125.45 OK
r-release-osx-x86_64-mavericks 1.1-11 NOTE
r-release-osx-x86_64-snowleopard 1.1-11 OK
r-release-windows-ix86+x86_64 1.1-11 7.00 212.00 219.00 OK
r-oldrel-windows-ix86+x86_64 1.1-11 8.00 206.00 214.00 OK

Check Details

Version: 1.1-11
Check: re-building of vignette outputs
Result: NOTE
    Error in re-building vignettes:
     ...
    Loading required package: HSAUR2
    Loading required package: tools
    Loading required package: Rcpp
    Loading required package: mvtnorm
    Loading required package: survival
    Loading required package: splines
    Loading required package: TH.data
    Error in texi2dvi(file = file, pdf = TRUE, clean = clean, quiet = quiet, :
     Running 'texi2dvi' on 'Ch_analysing_longitudinal_dataI.tex' failed.
    LaTeX errors:
    ! LaTeX Error: File `relsize.sty' not found.
    
    Type X to quit or <RETURN> to proceed,
    or enter new name. (Default extension: sty)
    
    test/HSAUR2/vignettes/Ch_analysing_longitudinal_dataI.tex:16: ==> Fatal error
    occurred, no output PDF file produced!
    Calls: buildVignettes -> texi2pdf -> texi2dvi
    Execution halted
Flavor: r-release-osx-x86_64-mavericks