CRAN Package Check Results for Package HSAUR2

Last updated on 2018-04-25 08:51:05 CEST.

Flavor Version Tinstall Tcheck Ttotal Status Flags
r-devel-linux-x86_64-debian-clang 1.1-17 2.57 129.33 131.90 OK
r-devel-linux-x86_64-debian-gcc 1.1-17 2.19 104.08 106.27 OK
r-devel-linux-x86_64-fedora-clang 1.1-17 175.07 OK
r-devel-linux-x86_64-fedora-gcc 1.1-17 174.44 OK
r-devel-windows-ix86+x86_64 1.1-17 12.00 263.00 275.00 OK
r-patched-linux-x86_64 1.1-17 2.23 130.70 132.93 OK
r-patched-solaris-x86 1.1-17 236.70 OK
r-release-linux-x86_64 1.1-17 2.21 129.99 132.20 OK
r-release-windows-ix86+x86_64 1.1-17 12.00 263.00 275.00 OK
r-release-osx-x86_64 1.1-17 OK
r-oldrel-windows-ix86+x86_64 1.1-17 10.00 331.00 341.00 OK
r-oldrel-osx-x86_64 1.1-17 NOTE

Check Details

Version: 1.1-17
Check: re-building of vignette outputs
Result: NOTE
    Error in re-building vignettes:
     ...
    Loading required package: TH.data
    Loading required package: MASS
    
    Attaching package: 'TH.data'
    
    The following object is masked from 'package:MASS':
    
     geyser
    
    Error in texi2dvi(file = file, pdf = TRUE, clean = clean, quiet = quiet, :
     Running 'texi2dvi' on 'Ch_analysing_longitudinal_dataI.tex' failed.
    LaTeX errors:
    ! LaTeX Error: File `relsize.sty' not found.
    
    Type X to quit or <RETURN> to proceed,
    or enter new name. (Default extension: sty)
    
    ! Emergency stop.
    <read *>
    
    l.29 ^^M
    
    ! ==> Fatal error occurred, no output PDF file produced!
    Calls: buildVignettes -> texi2pdf -> texi2dvi
    Execution halted
Flavor: r-oldrel-osx-x86_64