CRAN Package Check Results for Package HSAUR2

Last updated on 2018-02-19 21:49:35 CET.

Flavor Version Tinstall Tcheck Ttotal Status Flags
r-devel-linux-x86_64-debian-clang 1.1-17 2.30 118.50 120.80 OK
r-devel-linux-x86_64-debian-gcc 1.1-17 1.81 102.92 104.73 OK
r-devel-linux-x86_64-fedora-clang 1.1-17 173.43 OK
r-devel-linux-x86_64-fedora-gcc 1.1-17 171.26 OK
r-devel-windows-ix86+x86_64 1.1-17 6.00 263.00 269.00 OK
r-patched-linux-x86_64 1.1-17 1.72 149.09 150.81 OK
r-patched-solaris-x86 1.1-17 238.10 OK
r-release-linux-x86_64 1.1-17 2.13 148.90 151.03 OK
r-release-windows-ix86+x86_64 1.1-17 11.00 283.00 294.00 OK
r-release-osx-x86_64 1.1-17 NOTE
r-oldrel-windows-ix86+x86_64 1.1-17 13.00 361.00 374.00 OK
r-oldrel-osx-x86_64 1.1-17 OK

Check Details

Version: 1.1-17
Check: re-building of vignette outputs
Result: NOTE
    Error in re-building vignettes:
     ...
    Loading required package: TH.data
    Loading required package: MASS
    
    Attaching package: 'TH.data'
    
    The following object is masked from 'package:MASS':
    
     geyser
    
    Error in texi2dvi(file = file, pdf = TRUE, clean = clean, quiet = quiet, :
     Running 'texi2dvi' on 'Ch_analysing_longitudinal_dataI.tex' failed.
    LaTeX errors:
    ! LaTeX Error: File `relsize.sty' not found.
    
    Type X to quit or <RETURN> to proceed,
    or enter new name. (Default extension: sty)
    
    ! Emergency stop.
    <read *>
    
    l.29 ^^M
    
    ! ==> Fatal error occurred, no output PDF file produced!
    Calls: buildVignettes -> texi2pdf -> texi2dvi
    Execution halted
Flavor: r-release-osx-x86_64