CRAN Package Check Results for Package HSAUR2

Last updated on 2014-07-29 22:46:56.

Flavor Version Tinstall Tcheck Ttotal Status Flags
r-devel-linux-x86_64-debian-clang 1.1-10 1.68 109.92 111.60 OK
r-devel-linux-x86_64-debian-gcc 1.1-10 1.64 107.12 108.76 OK
r-devel-linux-x86_64-fedora-clang 1.1-10 259.08 OK
r-devel-linux-x86_64-fedora-gcc 1.1-10 246.27 OK
r-devel-osx-x86_64-clang 1.1-10 266.99 OK
r-devel-windows-ix86+x86_64 1.1-10 6.00 196.00 202.00 OK
r-patched-linux-x86_64 1.1-10 1.65 108.36 110.01 OK
r-patched-solaris-sparc 1.1-10 1455.90 OK
r-patched-solaris-x86 1.1-10 375.70 OK
r-release-linux-ix86 1.1-10 2.32 158.66 160.97 OK
r-release-linux-x86_64 1.1-10 1.71 109.64 111.35 OK
r-release-osx-x86_64-mavericks 1.1-10 NOTE
r-release-osx-x86_64-snowleopard 1.1-10 OK
r-release-windows-ix86+x86_64 1.1-10 6.00 217.00 223.00 OK
r-oldrel-windows-ix86+x86_64 1.1-10 7.00 204.00 211.00 OK

Check Details

Version: 1.1-10
Check: re-building of vignette outputs
Result: NOTE
    Error in re-building vignettes:
     ...
    Loading required package: HSAUR2
    Loading required package: tools
    Loading required package: Rcpp
    Loading required package: mvtnorm
    Loading required package: survival
    Loading required package: splines
    Loading required package: TH.data
    Error in texi2dvi(file = file, pdf = TRUE, clean = clean, quiet = quiet, :
     Running 'texi2dvi' on 'Ch_analysing_longitudinal_dataI.tex' failed.
    LaTeX errors:
    ! LaTeX Error: File `relsize.sty' not found.
    
    Type X to quit or <RETURN> to proceed,
    or enter new name. (Default extension: sty)
    
    test/HSAUR2/vignettes/Ch_analysing_longitudinal_dataI.tex:16: ==> Fatal error
    occurred, no output PDF file produced!
    Calls: buildVignettes -> texi2pdf -> texi2dvi
    Execution halted
Flavor: r-release-osx-x86_64-mavericks