CRAN Package Check Results for Package HSROC

Last updated on 2017-02-24 11:48:16.

Flavor Version Tinstall Tcheck Ttotal Status Flags
r-devel-linux-x86_64-debian-clang 2.1.8 4.11 58.59 62.70 NOTE
r-devel-linux-x86_64-debian-gcc 2.1.8 4.48 58.52 63.00 NOTE
r-devel-linux-x86_64-fedora-clang 2.1.8 132.96 NOTE --no-stop-on-test-error
r-devel-linux-x86_64-fedora-gcc 2.1.8 135.08 NOTE --no-stop-on-test-error
r-devel-macos-x86_64-clang 2.1.8 102.21 NOTE --no-stop-on-test-error
r-devel-windows-ix86+x86_64 2.1.8 20.00 113.00 133.00 NOTE
r-patched-linux-x86_64 2.1.8 3.80 57.49 61.29 NOTE
r-patched-solaris-sparc 2.1.8 699.10 NOTE
r-patched-solaris-x86 2.1.8 157.00 NOTE
r-release-linux-x86_64 2.1.8 4.06 58.18 62.24 NOTE
r-release-osx-x86_64-mavericks 2.1.8 NOTE
r-release-windows-ix86+x86_64 2.1.8 21.00 192.00 213.00 NOTE
r-oldrel-windows-ix86+x86_64 2.1.8 18.00 214.00 232.00 OK

Check Details

Version: 2.1.8
Check: R code for possible problems
Result: NOTE
    HSROC: no visible global function definition for ‘menu’
    HSROC: no visible global function definition for ‘read.table’
    HSROC: no visible global function definition for ‘write.table’
    HSROCSummary: no visible global function definition for ‘read.table’
    HSROCSummary: no visible binding for global variable ‘sd’
    HSROCSummary: no visible global function definition for ‘pdf’
    HSROCSummary: no visible global function definition for ‘par’
    HSROCSummary: no visible global function definition for ‘plot’
    HSROCSummary: no visible global function definition for ‘lines’
    HSROCSummary: no visible global function definition for ‘dev.off’
    HSROCSummary: no visible global function definition for ‘density’
    HSROCSummary: no visible global function definition for ‘abline’
    HSROCSummary: no visible binding for global variable ‘median’
    HSROCSummary: no visible global function definition for ‘pnorm’
    HSROCSummary: no visible global function definition for ‘median’
    HSROCSummary: no visible global function definition for ‘qnorm’
    HSROCSummary: no visible global function definition for ‘quantile’
    HSROCSummary: no visible global function definition for ‘qchisq’
    HSROCSummary: no visible global function definition for ‘sd’
    HSROCSummary: no visible global function definition for ‘cor’
    HSROCSummary: no visible global function definition for ‘title’
    HSROCSummary: no visible global function definition for ‘symbols’
    HSROCSummary: no visible global function definition for ‘points’
    Initialization: no visible global function definition for ‘read.table’
    Initialization: no visible global function definition for ‘runif’
    Initialization: no visible global function definition for ‘rgamma’
    Initialization: no visible global function definition for ‘rnorm’
    Initialization: no visible global function definition for ‘rbeta’
    Initialization: no visible global function definition for ‘write.table’
    M_H2_IND: no visible global function definition for ‘runif’
    M_H2_IND2: no visible global function definition for ‘dgamma’
    M_H2_IND2: no visible global function definition for ‘runif’
    REFSTD_6_SE: no visible global function definition for ‘rbeta’
    REFSTD_6_SP: no visible global function definition for ‘rbeta’
    Restore: no visible global function definition for ‘read.table’
    Restore: no visible global function definition for ‘write.table’
    f.test: no visible global function definition for ‘rnorm’
    simdata: no visible global function definition for ‘pnorm’
    simdata: no visible global function definition for ‘rmultinom’
    simdata: no visible global function definition for ‘write.table’
    truncgamma: no visible global function definition for ‘pgamma’
    truncgamma: no visible global function definition for ‘runif’
    truncgamma: no visible global function definition for ‘qgamma’
    truncgamma2: no visible global function definition for ‘pgamma’
    truncgamma2: no visible global function definition for ‘runif’
    truncgamma2: no visible global function definition for ‘qgamma’
    truncgamma3: no visible global function definition for ‘pgamma’
    truncgamma3: no visible global function definition for ‘dunif’
    truncgamma3: no visible global function definition for ‘qgamma’
    truncnorm: no visible global function definition for ‘pnorm’
    truncnorm: no visible global function definition for ‘runif’
    truncnorm: no visible global function definition for ‘qnorm’
    truncnorm2: no visible global function definition for ‘pnorm’
    truncnorm2: no visible global function definition for ‘runif’
    truncnorm2: no visible global function definition for ‘qnorm’
    Undefined global functions or variables:
     abline cor density dev.off dgamma dunif lines median menu par pdf
     pgamma plot pnorm points qchisq qgamma qnorm quantile rbeta
     read.table rgamma rmultinom rnorm runif sd symbols title write.table
    Consider adding
     importFrom("grDevices", "dev.off", "pdf")
     importFrom("graphics", "abline", "lines", "par", "plot", "points",
     "symbols", "title")
     importFrom("stats", "cor", "density", "dgamma", "dunif", "median",
     "pgamma", "pnorm", "qchisq", "qgamma", "qnorm", "quantile",
     "rbeta", "rgamma", "rmultinom", "rnorm", "runif", "sd")
     importFrom("utils", "menu", "read.table", "write.table")
    to your NAMESPACE file.
Flavors: r-devel-linux-x86_64-debian-clang, r-devel-linux-x86_64-debian-gcc, r-devel-windows-ix86+x86_64, r-patched-linux-x86_64, r-patched-solaris-sparc, r-patched-solaris-x86, r-release-linux-x86_64, r-release-osx-x86_64-mavericks, r-release-windows-ix86+x86_64

Version: 2.1.8
Check: compiled code
Result: NOTE
    File ‘HSROC/libs/HSROC.so’:
     Found no calls to: ‘R_registerRoutines’, ‘R_useDynamicSymbols’
    
    It is good practice to register native routines and to disable symbol
    search.
    
    See ‘Writing portable packages’ in the ‘Writing R Extensions’ manual.
Flavors: r-devel-linux-x86_64-debian-clang, r-devel-linux-x86_64-debian-gcc

Version: 2.1.8
Flags: --no-stop-on-test-error
Check: R code for possible problems
Result: NOTE
    HSROC: no visible global function definition for ‘menu’
    HSROC: no visible global function definition for ‘read.table’
    HSROC: no visible global function definition for ‘write.table’
    HSROCSummary: no visible global function definition for ‘read.table’
    HSROCSummary: no visible binding for global variable ‘sd’
    HSROCSummary: no visible global function definition for ‘pdf’
    HSROCSummary: no visible global function definition for ‘par’
    HSROCSummary: no visible global function definition for ‘plot’
    HSROCSummary: no visible global function definition for ‘lines’
    HSROCSummary: no visible global function definition for ‘dev.off’
    HSROCSummary: no visible global function definition for ‘density’
    HSROCSummary: no visible global function definition for ‘abline’
    HSROCSummary: no visible binding for global variable ‘median’
    HSROCSummary: no visible global function definition for ‘pnorm’
    HSROCSummary: no visible global function definition for ‘median’
    HSROCSummary: no visible global function definition for ‘qnorm’
    HSROCSummary: no visible global function definition for ‘quantile’
    HSROCSummary: no visible global function definition for ‘qchisq’
    HSROCSummary: no visible global function definition for ‘sd’
    HSROCSummary: no visible global function definition for ‘cor’
    HSROCSummary: no visible global function definition for ‘title’
    HSROCSummary: no visible global function definition for ‘symbols’
    HSROCSummary: no visible global function definition for ‘points’
    Initialization: no visible global function definition for ‘read.table’
    Initialization: no visible global function definition for ‘runif’
    Initialization: no visible global function definition for ‘rgamma’
    Initialization: no visible global function definition for ‘rnorm’
    Initialization: no visible global function definition for ‘rbeta’
    Initialization: no visible global function definition for ‘write.table’
    M_H2_IND: no visible global function definition for ‘runif’
    M_H2_IND2: no visible global function definition for ‘dgamma’
    M_H2_IND2: no visible global function definition for ‘runif’
    REFSTD_6_SE: no visible global function definition for ‘rbeta’
    REFSTD_6_SP: no visible global function definition for ‘rbeta’
    Restore: no visible global function definition for ‘read.table’
    Restore: no visible global function definition for ‘write.table’
    f.test: no visible global function definition for ‘rnorm’
    simdata: no visible global function definition for ‘pnorm’
    simdata: no visible global function definition for ‘rmultinom’
    simdata: no visible global function definition for ‘write.table’
    truncgamma: no visible global function definition for ‘pgamma’
    truncgamma: no visible global function definition for ‘runif’
    truncgamma: no visible global function definition for ‘qgamma’
    truncgamma2: no visible global function definition for ‘pgamma’
    truncgamma2: no visible global function definition for ‘runif’
    truncgamma2: no visible global function definition for ‘qgamma’
    truncgamma3: no visible global function definition for ‘pgamma’
    truncgamma3: no visible global function definition for ‘dunif’
    truncgamma3: no visible global function definition for ‘qgamma’
    truncnorm: no visible global function definition for ‘pnorm’
    truncnorm: no visible global function definition for ‘runif’
    truncnorm: no visible global function definition for ‘qnorm’
    truncnorm2: no visible global function definition for ‘pnorm’
    truncnorm2: no visible global function definition for ‘runif’
    truncnorm2: no visible global function definition for ‘qnorm’
    Undefined global functions or variables:
     abline cor density dev.off dgamma dunif lines median menu par pdf
     pgamma plot pnorm points qchisq qgamma qnorm quantile rbeta
     read.table rgamma rmultinom rnorm runif sd symbols title write.table
    Consider adding
     importFrom("grDevices", "dev.off", "pdf")
     importFrom("graphics", "abline", "lines", "par", "plot", "points",
     "symbols", "title")
     importFrom("stats", "cor", "density", "dgamma", "dunif", "median",
     "pgamma", "pnorm", "qchisq", "qgamma", "qnorm", "quantile",
     "rbeta", "rgamma", "rmultinom", "rnorm", "runif", "sd")
     importFrom("utils", "menu", "read.table", "write.table")
    to your NAMESPACE file.
Flavors: r-devel-linux-x86_64-fedora-clang, r-devel-linux-x86_64-fedora-gcc, r-devel-macos-x86_64-clang

Version: 2.1.8
Flags: --no-stop-on-test-error
Check: compiled code
Result: NOTE
    File ‘HSROC/libs/HSROC.so’:
     Found no calls to: ‘R_registerRoutines’, ‘R_useDynamicSymbols’
    
    It is good practice to register native routines and to disable symbol
    search.
    
    See ‘Writing portable packages’ in the ‘Writing R Extensions’ manual.
Flavors: r-devel-linux-x86_64-fedora-clang, r-devel-linux-x86_64-fedora-gcc, r-devel-macos-x86_64-clang