CRAN Package Check Results for Package HSROC

Last updated on 2015-02-01 17:50:09.

Flavor Version Tinstall Tcheck Ttotal Status Flags
r-devel-linux-x86_64-debian-clang 2.1.7 2.06 34.52 36.58 WARN
r-devel-linux-x86_64-debian-gcc 2.1.7 2.11 34.06 36.17 WARN
r-devel-linux-x86_64-fedora-clang 2.1.7 41.47 WARN
r-devel-linux-x86_64-fedora-gcc 2.1.7 64.89 WARN
r-devel-osx-x86_64-clang 2.1.7 82.81 WARN
r-devel-windows-ix86+x86_64 2.1.7 15.00 58.00 73.00 WARN
r-patched-linux-x86_64 2.1.7 2.37 37.76 40.13 WARN
r-patched-solaris-sparc 2.1.7 439.10 WARN
r-patched-solaris-x86 2.1.7 106.20 WARN
r-release-linux-ix86 2.1.7 2.94 51.24 54.18 NOTE
r-release-linux-x86_64 2.1.7 2.62 38.34 40.96 NOTE
r-release-osx-x86_64-mavericks 2.1.7 NOTE
r-release-osx-x86_64-snowleopard 2.1.7 WARN
r-release-windows-ix86+x86_64 2.1.7 11.00 68.00 79.00 NOTE
r-oldrel-windows-ix86+x86_64 2.1.7 11.00 64.00 75.00 OK

Check Details

Version: 2.1.7
Check: R files for non-ASCII characters
Result: WARN
    Found the following file with non-ASCII characters:
     HSROC-internal.R
    Portable packages must use only ASCII characters in their R code,
    except perhaps in comments.
    Use \uxxxx escapes for other characters.
Flavors: r-devel-linux-x86_64-debian-clang, r-devel-linux-x86_64-debian-gcc, r-devel-linux-x86_64-fedora-clang, r-devel-linux-x86_64-fedora-gcc, r-devel-osx-x86_64-clang, r-devel-windows-ix86+x86_64, r-patched-linux-x86_64, r-patched-solaris-sparc, r-patched-solaris-x86

Version: 2.1.7
Check: R code for possible problems
Result: NOTE
    HSROCSummary: no visible global function definition for ‘as.mcmc’
Flavors: r-devel-linux-x86_64-debian-clang, r-devel-linux-x86_64-debian-gcc, r-devel-linux-x86_64-fedora-clang, r-devel-linux-x86_64-fedora-gcc, r-devel-osx-x86_64-clang, r-devel-windows-ix86+x86_64, r-patched-linux-x86_64, r-patched-solaris-sparc, r-patched-solaris-x86, r-release-linux-ix86, r-release-linux-x86_64, r-release-osx-x86_64-mavericks, r-release-windows-ix86+x86_64

Version: 2.1.7
Check: examples
Result: WARN
    checking a package with encoding 'latin1' in an ASCII locale
    
     OK
Flavor: r-release-osx-x86_64-snowleopard

Version: 2.1.7
Check: re-building of vignette outputs
Result: NOTE
    Error in re-building vignettes:
     ...
    Error in texi2dvi(file = file, pdf = TRUE, clean = clean, quiet = quiet, :
     Running 'texi2dvi' on 'Tutorial.tex' failed.
    LaTeX errors:
    ! LaTeX Error: File `wrapfig.sty' not found.
    
    Type X to quit or <RETURN> to proceed,
    or enter new name. (Default extension: sty)
    
    HSROC.Rcheck/vign_test/HSROC/vignettes/Tutorial.tex:18: ==> Fatal error occurr
    ed, no output PDF file produced!
    Calls: buildVignettes -> texi2pdf -> texi2dvi
    Execution halted
Flavor: r-release-osx-x86_64-snowleopard