CRAN Package Check Results for Package HSROC

Last updated on 2014-10-26 03:47:33.

Flavor Version Tinstall Tcheck Ttotal Status Flags
r-devel-linux-x86_64-debian-clang 2.1.7 1.95 38.43 40.38 NOTE
r-devel-linux-x86_64-debian-gcc 2.1.7 2.07 37.78 39.85 NOTE
r-devel-linux-x86_64-fedora-clang 2.1.7 74.59 NOTE
r-devel-linux-x86_64-fedora-gcc 2.1.7 68.94 NOTE
r-devel-osx-x86_64-clang 2.1.7 76.67 NOTE
r-devel-windows-ix86+x86_64 2.1.7 9.00 69.00 78.00 NOTE
r-patched-linux-x86_64 2.1.7 2.16 39.92 42.08 NOTE
r-patched-solaris-sparc 2.1.7 464.10 NOTE
r-patched-solaris-x86 2.1.7 105.70 NOTE
r-release-linux-ix86 2.1.7 3.04 48.56 51.61 OK
r-release-linux-x86_64 2.1.7 2.17 40.12 42.29 OK
r-release-osx-x86_64-mavericks 2.1.7 NOTE
r-release-osx-x86_64-snowleopard 2.1.7 WARN
r-release-windows-ix86+x86_64 2.1.7 11.00 70.00 81.00 OK
r-oldrel-windows-ix86+x86_64 2.1.7 10.00 70.00 80.00 OK

Check Details

Version: 2.1.7
Check: R code for possible problems
Result: NOTE
    HSROCSummary: no visible global function definition for ‘as.mcmc’
Flavors: r-devel-linux-x86_64-debian-clang, r-devel-linux-x86_64-debian-gcc, r-devel-linux-x86_64-fedora-clang, r-devel-linux-x86_64-fedora-gcc, r-devel-osx-x86_64-clang, r-devel-windows-ix86+x86_64, r-patched-linux-x86_64, r-patched-solaris-sparc, r-patched-solaris-x86

Version: 2.1.7
Check: re-building of vignette outputs
Result: NOTE
    Error in re-building vignettes:
     ...
    Error in texi2dvi(file = file, pdf = TRUE, clean = clean, quiet = quiet, :
     Running 'texi2dvi' on 'Tutorial.tex' failed.
    LaTeX errors:
    ! LaTeX Error: File `wrapfig.sty' not found.
    
    Type X to quit or <RETURN> to proceed,
    or enter new name. (Default extension: sty)
    
    est/HSROC/vignettes/Tutorial.tex:18: ==> Fatal error occurred, no output PDF f
    ile produced!
    Calls: buildVignettes -> texi2pdf -> texi2dvi
    Execution halted
Flavor: r-release-osx-x86_64-mavericks

Version: 2.1.7
Check: examples
Result: WARN
    checking a package with encoding 'latin1' in an ASCII locale
    
     OK
Flavor: r-release-osx-x86_64-snowleopard

Version: 2.1.7
Check: re-building of vignette outputs
Result: NOTE
    Error in re-building vignettes:
     ...
    Error in texi2dvi(file = file, pdf = TRUE, clean = clean, quiet = quiet, :
     Running 'texi2dvi' on 'Tutorial.tex' failed.
    LaTeX errors:
    ! LaTeX Error: File `wrapfig.sty' not found.
    
    Type X to quit or <RETURN> to proceed,
    or enter new name. (Default extension: sty)
    
    HSROC.Rcheck/vign_test/HSROC/vignettes/Tutorial.tex:18: ==> Fatal error occurr
    ed, no output PDF file produced!
    Calls: buildVignettes -> texi2pdf -> texi2dvi
    Execution halted
Flavor: r-release-osx-x86_64-snowleopard