CRAN Package Check Results for Package HSROC

Last updated on 2015-07-02 17:47:20.

Flavor Version Tinstall Tcheck Ttotal Status Flags
r-devel-linux-x86_64-debian-clang 2.1.8 1.83 34.49 36.32 NOTE
r-devel-linux-x86_64-debian-gcc 2.1.8 1.88 34.76 36.65 NOTE
r-devel-linux-x86_64-fedora-clang 2.1.8 68.60 NOTE
r-devel-linux-x86_64-fedora-gcc 2.1.8 63.51 NOTE
r-devel-osx-x86_64-clang 2.1.8 67.62 OK
r-devel-windows-ix86+x86_64 2.1.8 9.00 58.00 67.00 NOTE
r-patched-linux-x86_64 2.1.8 1.92 34.86 36.78 OK
r-patched-solaris-sparc 2.1.8 454.70 OK
r-patched-solaris-x86 2.1.8 98.00 OK
r-release-linux-x86_64 2.1.8 2.07 34.62 36.68 OK
r-release-osx-x86_64-mavericks 2.1.8 OK
r-release-windows-ix86+x86_64 2.1.8 10.00 66.00 76.00 OK
r-oldrel-windows-ix86+x86_64 2.1.8 11.00 69.00 80.00 OK

Check Details

Version: 2.1.8
Check: R code for possible problems
Result: NOTE
    HSROC: no visible global function definition for ‘menu’
    HSROC: no visible global function definition for ‘read.table’
    HSROC: no visible global function definition for ‘write.table’
    HSROCSummary: no visible global function definition for ‘read.table’
    HSROCSummary: no visible binding for global variable ‘sd’
    HSROCSummary: no visible global function definition for ‘pdf’
    HSROCSummary: no visible global function definition for ‘par’
    HSROCSummary: no visible global function definition for ‘plot’
    HSROCSummary: no visible global function definition for ‘lines’
    HSROCSummary: no visible global function definition for ‘dev.off’
    HSROCSummary: no visible global function definition for ‘density’
    HSROCSummary: no visible global function definition for ‘abline’
    HSROCSummary: no visible binding for global variable ‘median’
    HSROCSummary: no visible global function definition for ‘pnorm’
    HSROCSummary: no visible global function definition for ‘median’
    HSROCSummary: no visible global function definition for ‘qnorm’
    HSROCSummary: no visible global function definition for ‘quantile’
    HSROCSummary: no visible global function definition for ‘qchisq’
    HSROCSummary: no visible global function definition for ‘sd’
    HSROCSummary: no visible global function definition for ‘cor’
    HSROCSummary: no visible global function definition for ‘title’
    HSROCSummary: no visible global function definition for ‘symbols’
    HSROCSummary: no visible global function definition for ‘points’
    Initialization: no visible global function definition for ‘read.table’
    Initialization: no visible global function definition for ‘runif’
    Initialization: no visible global function definition for ‘rgamma’
    Initialization: no visible global function definition for ‘rnorm’
    Initialization: no visible global function definition for ‘rbeta’
    Initialization: no visible global function definition for ‘write.table’
    M_H2_IND: no visible global function definition for ‘runif’
    M_H2_IND2: no visible global function definition for ‘dgamma’
    M_H2_IND2: no visible global function definition for ‘runif’
    REFSTD_6_SE: no visible global function definition for ‘rbeta’
    REFSTD_6_SP: no visible global function definition for ‘rbeta’
    Restore: no visible global function definition for ‘read.table’
    Restore: no visible global function definition for ‘write.table’
    f.test: no visible global function definition for ‘rnorm’
    simdata: no visible global function definition for ‘pnorm’
    simdata: no visible global function definition for ‘rmultinom’
    simdata: no visible global function definition for ‘write.table’
    truncgamma: no visible global function definition for ‘pgamma’
    truncgamma: no visible global function definition for ‘runif’
    truncgamma: no visible global function definition for ‘qgamma’
    truncgamma2: no visible global function definition for ‘pgamma’
    truncgamma2: no visible global function definition for ‘runif’
    truncgamma2: no visible global function definition for ‘qgamma’
    truncgamma3: no visible global function definition for ‘pgamma’
    truncgamma3: no visible global function definition for ‘dunif’
    truncgamma3: no visible global function definition for ‘qgamma’
    truncnorm: no visible global function definition for ‘pnorm’
    truncnorm: no visible global function definition for ‘runif’
    truncnorm: no visible global function definition for ‘qnorm’
    truncnorm2: no visible global function definition for ‘pnorm’
    truncnorm2: no visible global function definition for ‘runif’
    truncnorm2: no visible global function definition for ‘qnorm’
Flavors: r-devel-linux-x86_64-debian-clang, r-devel-linux-x86_64-debian-gcc, r-devel-windows-ix86+x86_64

Version: 2.1.8
Check: R code for possible problems
Result: NOTE
    HSROC: no visible global function definition for ‘menu’
    HSROC: no visible global function definition for ‘read.table’
    HSROC: no visible global function definition for ‘write.table’
    HSROCSummary: no visible global function definition for ‘read.table’
    HSROCSummary: no visible binding for global variable ‘sd’
    HSROCSummary: no visible global function definition for ‘pdf’
    HSROCSummary: no visible global function definition for ‘par’
    HSROCSummary: no visible global function definition for ‘plot’
    HSROCSummary: no visible global function definition for ‘lines’
    HSROCSummary: no visible global function definition for ‘dev.off’
    HSROCSummary: no visible global function definition for ‘density’
    HSROCSummary: no visible global function definition for ‘abline’
    HSROCSummary: no visible binding for global variable ‘median’
    HSROCSummary: no visible global function definition for ‘pnorm’
    HSROCSummary: no visible global function definition for ‘median’
    HSROCSummary: no visible global function definition for ‘qnorm’
    HSROCSummary: no visible global function definition for ‘quantile’
    HSROCSummary: no visible global function definition for ‘qchisq’
    HSROCSummary: no visible global function definition for ‘sd’
    HSROCSummary: no visible global function definition for ‘cor’
    HSROCSummary: no visible global function definition for ‘title’
    HSROCSummary: no visible global function definition for ‘symbols’
    HSROCSummary: no visible global function definition for ‘points’
    Initialization: no visible global function definition for ‘read.table’
    Initialization: no visible global function definition for ‘runif’
    Initialization: no visible global function definition for ‘rgamma’
    Initialization: no visible global function definition for ‘rnorm’
    Initialization: no visible global function definition for ‘rbeta’
    Initialization: no visible global function definition for ‘write.table’
    M_H2_IND: no visible global function definition for ‘runif’
    M_H2_IND2: no visible global function definition for ‘dgamma’
    M_H2_IND2: no visible global function definition for ‘runif’
    REFSTD_6_SE: no visible global function definition for ‘rbeta’
    REFSTD_6_SP: no visible global function definition for ‘rbeta’
    Restore: no visible global function definition for ‘read.table’
    Restore: no visible global function definition for ‘write.table’
    f.test: no visible global function definition for ‘rnorm’
    simdata: no visible global function definition for ‘pnorm’
    simdata: no visible global function definition for ‘rmultinom’
    simdata: no visible global function definition for ‘write.table’
    truncgamma: no visible global function definition for ‘pgamma’
    truncgamma: no visible global function definition for ‘runif’
    truncgamma: no visible global function definition for ‘qgamma’
    truncgamma2: no visible global function definition for ‘pgamma’
    truncgamma2: no visible global function definition for ‘runif’
    truncgamma2: no visible global function definition for ‘qgamma’
    truncgamma3: no visible global function definition for ‘pgamma’
    truncgamma3: no visible global function definition for ‘dunif’
    truncgamma3: no visible global function definition for ‘qgamma’
    truncnorm: no visible global function definition for ‘pnorm’
    truncnorm: no visible global function definition for ‘runif’
    truncnorm: no visible global function definition for ‘qnorm’
    truncnorm2: no visible global function definition for ‘pnorm’
    truncnorm2: no visible global function definition for ‘runif’
    truncnorm2: no visible global function definition for ‘qnorm’
    Undefined global functions or variables:
     abline cor density dev.off dgamma dunif lines median menu par pdf
     pgamma plot pnorm points qchisq qgamma qnorm quantile rbeta
     read.table rgamma rmultinom rnorm runif sd symbols title write.table
Flavors: r-devel-linux-x86_64-fedora-clang, r-devel-linux-x86_64-fedora-gcc