CRAN Package Check Results for Package HSROC

Last updated on 2014-07-30 22:47:25.

Flavor Version Tinstall Tcheck Ttotal Status Flags
r-devel-linux-x86_64-debian-clang 2.1.7 1.93 39.39 41.32 OK
r-devel-linux-x86_64-debian-gcc 2.1.7 2.22 36.10 38.32 OK
r-devel-linux-x86_64-fedora-clang 2.1.7 76.92 OK
r-devel-linux-x86_64-fedora-gcc 2.1.7 71.06 OK
r-devel-osx-x86_64-clang 2.1.7 71.59 OK
r-devel-windows-ix86+x86_64 2.1.7 10.00 66.00 76.00 OK
r-patched-linux-x86_64 2.1.7 2.13 36.39 38.52 OK
r-patched-solaris-sparc 2.1.7 457.90 OK
r-patched-solaris-x86 2.1.7 105.20 OK
r-release-linux-ix86 2.1.7 2.98 48.48 51.46 OK
r-release-linux-x86_64 2.1.7 2.24 36.61 38.85 OK
r-release-osx-x86_64-mavericks 2.1.7 NOTE
r-release-osx-x86_64-snowleopard 2.1.7 WARN
r-release-windows-ix86+x86_64 2.1.7 9.00 71.00 80.00 OK
r-oldrel-windows-ix86+x86_64 2.1.7 17.00 88.00 105.00 OK

Check Details

Version: 2.1.7
Check: re-building of vignette outputs
Result: NOTE
    Error in re-building vignettes:
     ...
    Error in texi2dvi(file = file, pdf = TRUE, clean = clean, quiet = quiet, :
     Running 'texi2dvi' on 'Tutorial.tex' failed.
    LaTeX errors:
    ! LaTeX Error: File `wrapfig.sty' not found.
    
    Type X to quit or <RETURN> to proceed,
    or enter new name. (Default extension: sty)
    
    est/HSROC/vignettes/Tutorial.tex:18: ==> Fatal error occurred, no output PDF f
    ile produced!
    Calls: buildVignettes -> texi2pdf -> texi2dvi
    Execution halted
Flavor: r-release-osx-x86_64-mavericks

Version: 2.1.7
Check: examples
Result: WARNING
    checking a package with encoding 'latin1' in an ASCII locale
    
     OK
Flavor: r-release-osx-x86_64-snowleopard

Version: 2.1.7
Check: re-building of vignette outputs
Result: NOTE
    Error in re-building vignettes:
     ...
    Error in texi2dvi(file = file, pdf = TRUE, clean = clean, quiet = quiet, :
     Running 'texi2dvi' on 'Tutorial.tex' failed.
    LaTeX errors:
    ! LaTeX Error: File `wrapfig.sty' not found.
    
    Type X to quit or <RETURN> to proceed,
    or enter new name. (Default extension: sty)
    
    HSROC.Rcheck/vign_test/HSROC/vignettes/Tutorial.tex:18: ==> Fatal error occurr
    ed, no output PDF file produced!
    Calls: buildVignettes -> texi2pdf -> texi2dvi
    Execution halted
Flavor: r-release-osx-x86_64-snowleopard