CRAN Package Check Results for Package HSROC

Last updated on 2014-04-17 10:47:50.

Flavor Version Tinstall Tcheck Ttotal Status Flags
r-devel-linux-x86_64-debian-clang 2.1.7 2.05 37.58 39.63 OK
r-devel-linux-x86_64-debian-gcc 2.1.7 2.28 38.23 40.51 OK
r-devel-linux-x86_64-fedora-clang 2.1.7 78.67 OK
r-devel-linux-x86_64-fedora-gcc 2.1.7 75.64 OK
r-devel-macosx-x86_64-clang 2.1.7 73.45 OK
r-devel-macosx-x86_64-gcc 2.1.7 OK
r-devel-windows-ix86+x86_64 2.1.7 10.00 59.00 69.00 OK
r-patched-linux-x86_64 2.1.7 2.18 38.26 40.44 OK
r-patched-solaris-sparc 2.1.7 454.00 OK
r-patched-solaris-x86 2.1.7 109.50 OK
r-release-linux-ix86 2.1.7 6.00 64.00 70.00 OK
r-release-linux-x86_64 2.1.7 2.28 38.24 40.52 OK
r-release-macosx-x86_64 2.1.7 WARN
r-release-windows-ix86+x86_64 2.1.7 9.00 68.00 77.00 OK
r-oldrel-windows-ix86+x86_64 2.1.7 8.00 69.00 77.00 OK

Check Details

Version: 2.1.7
Check: examples
Result: WARNING
    checking a package with encoding 'latin1' in an ASCII locale
    
     OK
Flavor: r-release-macosx-x86_64

Version: 2.1.7
Check: re-building of vignette outputs
Result: NOTE
    Error in re-building vignettes:
     ...
    Error in texi2dvi(file = file, pdf = TRUE, clean = clean, quiet = quiet, :
     Running 'texi2dvi' on 'Tutorial.tex' failed.
    LaTeX errors:
    ! LaTeX Error: File `wrapfig.sty' not found.
    
    Type X to quit or <RETURN> to proceed,
    or enter new name. (Default extension: sty)
    
    HSROC.Rcheck/vign_test/HSROC/vignettes/Tutorial.tex:18: ==> Fatal error occurr
    ed, no output PDF file produced!
    Calls: buildVignettes -> texi2pdf -> texi2dvi
    Execution halted
Flavor: r-release-macosx-x86_64