CRAN Package Check Results for Package HSSVD

Last updated on 2019-06-16 21:46:40 CEST.

Flavor Version Tinstall Tcheck Ttotal Status Flags
r-devel-linux-x86_64-debian-clang 1.2 2.43 29.21 31.64 NOTE
r-devel-linux-x86_64-debian-gcc 1.2 2.02 23.37 25.39 NOTE
r-devel-linux-x86_64-fedora-clang 1.2 38.18 NOTE
r-devel-linux-x86_64-fedora-gcc 1.2 36.41 NOTE
r-devel-windows-ix86+x86_64 1.2 5.00 42.00 47.00 NOTE
r-patched-linux-x86_64 1.2 2.57 29.74 32.31 NOTE
r-patched-solaris-x86 1.2 58.80 NOTE
r-release-linux-x86_64 1.2 2.67 29.70 32.37 NOTE
r-release-windows-ix86+x86_64 1.2 4.00 63.00 67.00 NOTE
r-release-osx-x86_64 1.2 NOTE
r-oldrel-windows-ix86+x86_64 1.2 4.00 38.00 42.00 NOTE
r-oldrel-osx-x86_64 1.2 NOTE

Check Details

Version: 1.2
Check: R code for possible problems
Result: NOTE
    Huber: no visible global function definition for 'quantile'
    SSVD.iter.thresh: no visible global function definition for 'mad'
    error.est.full: no visible global function definition for 'mad'
    error.est.full : <anonymous>: no visible global function definition for
     'median'
    low_rank: no visible global function definition for 'median'
    low_rank: no visible global function definition for 'mad'
    low_rank: no visible global function definition for 'sd'
    select.indices: no visible global function definition for 'mad'
    select.indices: no visible global function definition for 'median'
    select.indices: no visible global function definition for 'pnorm'
    select.indices: no visible global function definition for 'p.adjust'
    Undefined global functions or variables:
     mad median p.adjust pnorm quantile sd
    Consider adding
     importFrom("stats", "mad", "median", "p.adjust", "pnorm", "quantile",
     "sd")
    to your NAMESPACE file.
Flavors: r-devel-linux-x86_64-debian-clang, r-devel-linux-x86_64-debian-gcc, r-devel-linux-x86_64-fedora-clang, r-devel-linux-x86_64-fedora-gcc, r-devel-windows-ix86+x86_64, r-patched-linux-x86_64, r-patched-solaris-x86, r-release-linux-x86_64, r-release-windows-ix86+x86_64, r-release-osx-x86_64, r-oldrel-windows-ix86+x86_64, r-oldrel-osx-x86_64