CRAN Package Check Results for Package HTMLUtils

Last updated on 2017-12-15 12:47:51 CET.

Flavor Version Tinstall Tcheck Ttotal Status Flags
r-devel-linux-x86_64-debian-clang 0.1.7 0.87 19.26 20.13 NOTE
r-devel-linux-x86_64-debian-gcc 0.1.7 0.56 16.20 16.76 NOTE
r-devel-linux-x86_64-fedora-clang 0.1.7 23.77 NOTE
r-devel-linux-x86_64-fedora-gcc 0.1.7 20.72 NOTE
r-devel-windows-ix86+x86_64 0.1.7 5.00 54.00 59.00 NOTE
r-patched-linux-x86_64 0.1.7 0.91 18.35 19.26 NOTE
r-patched-solaris-x86 0.1.7 32.70 NOTE
r-release-linux-x86_64 0.1.7 0.97 18.18 19.15 NOTE
r-release-windows-ix86+x86_64 0.1.7 4.00 54.00 58.00 NOTE
r-release-osx-x86_64 0.1.7 NOTE
r-oldrel-windows-ix86+x86_64 0.1.7 4.00 38.00 42.00 NOTE
r-oldrel-osx-x86_64 0.1.7 NOTE

Check Details

Version: 0.1.7
Check: R code for possible problems
Result: NOTE
    BasicHTML: no visible global function definition for ‘png’
    BasicHTML: no visible global function definition for ‘dev.list’
    BasicHTML: no visible global function definition for ‘dev.off’
    FramedHTML: no visible global function definition for ‘graphics.off’
    Undefined global functions or variables:
     dev.list dev.off graphics.off png
    Consider adding
     importFrom("grDevices", "dev.list", "dev.off", "graphics.off", "png")
    to your NAMESPACE file.
Flavors: r-devel-linux-x86_64-debian-clang, r-devel-linux-x86_64-debian-gcc, r-devel-linux-x86_64-fedora-clang, r-devel-linux-x86_64-fedora-gcc, r-devel-windows-ix86+x86_64, r-patched-linux-x86_64, r-patched-solaris-x86, r-release-linux-x86_64, r-release-windows-ix86+x86_64, r-release-osx-x86_64, r-oldrel-windows-ix86+x86_64, r-oldrel-osx-x86_64