CRAN Package Check Results for Package HTMLUtils

Last updated on 2018-10-19 13:51:02 CEST.

Flavor Version Tinstall Tcheck Ttotal Status Flags
r-devel-linux-x86_64-debian-clang 0.1.7 1.36 21.34 22.70 NOTE
r-devel-linux-x86_64-debian-gcc 0.1.7 1.14 17.62 18.76 NOTE
r-devel-linux-x86_64-fedora-clang 0.1.7 26.97 NOTE
r-devel-linux-x86_64-fedora-gcc 0.1.7 26.17 NOTE
r-devel-windows-ix86+x86_64 0.1.7 4.00 33.00 37.00 NOTE
r-patched-linux-x86_64 0.1.7 1.01 19.40 20.41 NOTE
r-patched-solaris-x86 0.1.7 38.40 NOTE
r-release-linux-x86_64 0.1.7 1.01 20.17 21.18 NOTE
r-release-windows-ix86+x86_64 0.1.7 4.00 44.00 48.00 NOTE
r-release-osx-x86_64 0.1.7 NOTE
r-oldrel-windows-ix86+x86_64 0.1.7 3.00 44.00 47.00 NOTE
r-oldrel-osx-x86_64 0.1.7 NOTE

Check Details

Version: 0.1.7
Check: R code for possible problems
Result: NOTE
    BasicHTML: no visible global function definition for ‘png’
    BasicHTML: no visible global function definition for ‘dev.list’
    BasicHTML: no visible global function definition for ‘dev.off’
    FramedHTML: no visible global function definition for ‘graphics.off’
    Undefined global functions or variables:
     dev.list dev.off graphics.off png
    Consider adding
     importFrom("grDevices", "dev.list", "dev.off", "graphics.off", "png")
    to your NAMESPACE file.
Flavors: r-devel-linux-x86_64-debian-clang, r-devel-linux-x86_64-debian-gcc, r-devel-linux-x86_64-fedora-clang, r-devel-linux-x86_64-fedora-gcc, r-devel-windows-ix86+x86_64, r-patched-linux-x86_64, r-patched-solaris-x86, r-release-linux-x86_64, r-release-windows-ix86+x86_64, r-release-osx-x86_64, r-oldrel-windows-ix86+x86_64, r-oldrel-osx-x86_64