CRAN Package Check Results for Package HTMLUtils

Last updated on 2018-07-16 06:46:57 CEST.

Flavor Version Tinstall Tcheck Ttotal Status Flags
r-devel-linux-x86_64-debian-clang 0.1.7 1.19 18.12 19.31 NOTE
r-devel-linux-x86_64-debian-gcc 0.1.7 0.97 17.00 17.97 NOTE
r-devel-linux-x86_64-fedora-clang 0.1.7 25.59 NOTE
r-devel-linux-x86_64-fedora-gcc 0.1.7 25.58 NOTE
r-devel-windows-ix86+x86_64 0.1.7 6.00 34.00 40.00 NOTE
r-patched-linux-x86_64 0.1.7 1.26 19.85 21.11 NOTE
r-patched-solaris-x86 0.1.7 39.40 NOTE
r-release-linux-x86_64 0.1.7 1.11 19.82 20.93 NOTE
r-release-windows-ix86+x86_64 0.1.7 5.00 32.00 37.00 NOTE
r-release-osx-x86_64 0.1.7 NOTE
r-oldrel-windows-ix86+x86_64 0.1.7 4.00 29.00 33.00 NOTE
r-oldrel-osx-x86_64 0.1.7 NOTE

Check Details

Version: 0.1.7
Check: R code for possible problems
Result: NOTE
    BasicHTML: no visible global function definition for ‘png’
    BasicHTML: no visible global function definition for ‘dev.list’
    BasicHTML: no visible global function definition for ‘dev.off’
    FramedHTML: no visible global function definition for ‘graphics.off’
    Undefined global functions or variables:
     dev.list dev.off graphics.off png
    Consider adding
     importFrom("grDevices", "dev.list", "dev.off", "graphics.off", "png")
    to your NAMESPACE file.
Flavors: r-devel-linux-x86_64-debian-clang, r-devel-linux-x86_64-debian-gcc, r-devel-linux-x86_64-fedora-clang, r-devel-linux-x86_64-fedora-gcc, r-devel-windows-ix86+x86_64, r-patched-linux-x86_64, r-patched-solaris-x86, r-release-linux-x86_64, r-release-windows-ix86+x86_64, r-release-osx-x86_64, r-oldrel-windows-ix86+x86_64, r-oldrel-osx-x86_64