CRAN Package Check Results for Package HTMLUtils

Last updated on 2020-09-28 04:47:34 CEST.

Flavor Version Tinstall Tcheck Ttotal Status Flags
r-devel-linux-x86_64-debian-clang 0.1.7 2.31 24.11 26.42 NOTE
r-devel-linux-x86_64-debian-gcc 0.1.7 1.85 18.64 20.49 NOTE
r-devel-linux-x86_64-fedora-clang 0.1.7 40.32 NOTE
r-devel-linux-x86_64-fedora-gcc 0.1.7 31.67 NOTE
r-devel-windows-ix86+x86_64 0.1.7 5.00 40.00 45.00 NOTE
r-patched-linux-x86_64 0.1.7 2.34 23.14 25.48 NOTE
r-patched-solaris-x86 0.1.7 48.10 NOTE
r-release-linux-x86_64 0.1.7 2.35 23.11 25.46 NOTE
r-release-macos-x86_64 0.1.7 NOTE
r-release-windows-ix86+x86_64 0.1.7 16.00 35.00 51.00 NOTE
r-oldrel-macos-x86_64 0.1.7 NOTE
r-oldrel-windows-ix86+x86_64 0.1.7 5.00 41.00 46.00 NOTE

Check Details

Version: 0.1.7
Check: R code for possible problems
Result: NOTE
    BasicHTML: no visible global function definition for 'png'
    BasicHTML: no visible global function definition for 'dev.list'
    BasicHTML: no visible global function definition for 'dev.off'
    FramedHTML: no visible global function definition for 'graphics.off'
    Undefined global functions or variables:
     dev.list dev.off graphics.off png
    Consider adding
     importFrom("grDevices", "dev.list", "dev.off", "graphics.off", "png")
    to your NAMESPACE file.
Flavors: r-devel-linux-x86_64-debian-clang, r-devel-linux-x86_64-debian-gcc, r-devel-linux-x86_64-fedora-clang, r-devel-linux-x86_64-fedora-gcc, r-devel-windows-ix86+x86_64, r-patched-linux-x86_64, r-patched-solaris-x86, r-release-linux-x86_64, r-release-macos-x86_64, r-release-windows-ix86+x86_64, r-oldrel-macos-x86_64, r-oldrel-windows-ix86+x86_64