CRAN Package Check Results for Package HTSCluster

Last updated on 2015-03-06 14:46:58.

Flavor Version Tinstall Tcheck Ttotal Status Flags
r-devel-linux-x86_64-debian-clang 2.0.4 1.53 23.93 25.46 OK
r-devel-linux-x86_64-debian-gcc 2.0.4 1.39 23.96 25.35 OK
r-devel-linux-x86_64-fedora-clang 2.0.4 50.79 OK
r-devel-linux-x86_64-fedora-gcc 2.0.4 47.50 OK
r-devel-osx-x86_64-clang 2.0.4 50.05 OK
r-devel-windows-ix86+x86_64 2.0.4 5.00 38.00 43.00 OK
r-patched-linux-x86_64 2.0.4 2.04 30.97 33.01 OK
r-patched-solaris-sparc 2.0.4 415.70 OK
r-patched-solaris-x86 2.0.4 82.40 OK
r-release-linux-ix86 2.0.4 2.51 39.72 42.22 OK
r-release-linux-x86_64 2.0.4 2.77 30.64 33.41 OK
r-release-osx-x86_64-mavericks 2.0.4 NOTE
r-release-osx-x86_64-snowleopard 2.0.4 NOTE
r-release-windows-ix86+x86_64 2.0.4 7.00 47.00 54.00 OK
r-oldrel-windows-ix86+x86_64 2.0.4 7.00 80.00 87.00 OK

Check Details

Version: 2.0.4
Check: package dependencies
Result: NOTE
    Package suggested but not available for checking: ‘HTSFilter’
Flavors: r-release-osx-x86_64-mavericks, r-release-osx-x86_64-snowleopard