CRAN Package Check Results for Package HTSCluster

Last updated on 2014-04-23 12:48:19.

Flavor Version Tinstall Tcheck Ttotal Status Flags
r-devel-linux-x86_64-debian-clang 2.0.1 2.98 61.11 64.10 OK
r-devel-linux-x86_64-debian-gcc 2.0.1 2.99 58.98 61.98 OK
r-devel-linux-x86_64-fedora-clang 2.0.1 127.53 OK
r-devel-linux-x86_64-fedora-gcc 2.0.1 123.25 OK
r-devel-osx-x86_64-clang 2.0.1 108.24 OK
r-devel-osx-x86_64-gcc 2.0.1 ERROR
r-devel-windows-ix86+x86_64 2.0.1 8.00 101.00 109.00 OK
r-patched-linux-x86_64 2.0.1 2.81 59.59 62.40 OK
r-patched-solaris-sparc 2.0.1 637.50 OK
r-patched-solaris-x86 2.0.1 146.80 OK
r-release-linux-ix86 2.0.1 5.00 89.00 94.00 OK
r-release-linux-x86_64 2.0.1 2.75 58.25 61.00 OK
r-release-osx-x86_64-mavericks 2.0.1 ERROR
r-release-osx-x86_64-snowleopard 2.0.1 ERROR
r-release-windows-ix86+x86_64 2.0.1 9.00 88.00 97.00 OK
r-oldrel-windows-ix86+x86_64 2.0.1 12.00 83.00 95.00 OK

Check Details

Version: 2.0.1
Check: package dependencies
Result: ERROR
    Packages required but not available: ‘ggplot2’ ‘edgeR’
    
    See the information on DESCRIPTION files in the chapter ‘Creating R
    packages’ of the ‘Writing R Extensions’ manual.
Flavor: r-devel-osx-x86_64-gcc

Version: 2.0.1
Check: package dependencies
Result: ERROR
    Package required but not available: ‘edgeR’
    
    See the information on DESCRIPTION files in the chapter ‘Creating R
    packages’ of the ‘Writing R Extensions’ manual.
Flavors: r-release-osx-x86_64-mavericks, r-release-osx-x86_64-snowleopard