CRAN Package Check Results for Package HTSCluster

Last updated on 2014-12-21 01:47:00.

Flavor Version Tinstall Tcheck Ttotal Status Flags
r-devel-linux-x86_64-debian-clang 2.0.4 2.19 30.70 32.88 OK
r-devel-linux-x86_64-debian-gcc 2.0.4 1.82 28.60 30.42 OK
r-devel-linux-x86_64-fedora-clang 2.0.4 66.17 OK
r-devel-linux-x86_64-fedora-gcc 2.0.4 60.36 OK
r-devel-osx-x86_64-clang 2.0.4 60.57 OK
r-devel-windows-ix86+x86_64 2.0.4 7.00 48.00 55.00 OK
r-patched-linux-x86_64 2.0.4 1.98 30.75 32.73 OK
r-patched-solaris-sparc 2.0.4 437.30 OK
r-patched-solaris-x86 2.0.4 81.90 OK
r-release-linux-ix86 2.0.4 2.46 37.10 39.56 OK
r-release-linux-x86_64 2.0.4 2.15 30.46 32.62 OK
r-release-osx-x86_64-mavericks 2.0.4 NOTE
r-release-osx-x86_64-snowleopard 2.0.4 NOTE
r-release-windows-ix86+x86_64 2.0.4 8.00 48.00 56.00 OK
r-oldrel-windows-ix86+x86_64 2.0.4 6.00 57.00 63.00 OK

Check Details

Version: 2.0.4
Check: package dependencies
Result: NOTE
    Package suggested but not available for checking: ‘HTSFilter’
Flavors: r-release-osx-x86_64-mavericks, r-release-osx-x86_64-snowleopard