CRAN Package Check Results for Package HTSCluster

Last updated on 2017-12-14 15:48:27 CET.

Flavor Version Tinstall Tcheck Ttotal Status Flags
r-devel-linux-x86_64-debian-clang 2.0.8 2.25 39.64 41.89 OK
r-devel-linux-x86_64-debian-gcc 2.0.8 2.01 36.20 38.21 OK
r-devel-linux-x86_64-fedora-clang 2.0.8 54.30 OK
r-devel-linux-x86_64-fedora-gcc 2.0.8 49.59 OK
r-devel-windows-ix86+x86_64 2.0.8 11.00 53.00 64.00 OK
r-patched-linux-x86_64 2.0.8 2.13 45.15 47.28 OK
r-patched-solaris-x86 2.0.8 68.20 OK
r-release-linux-x86_64 2.0.8 2.37 45.50 47.87 OK
r-release-windows-ix86+x86_64 2.0.8 6.00 70.00 76.00 OK
r-release-osx-x86_64 2.0.8 ERROR
r-oldrel-windows-ix86+x86_64 2.0.8 8.00 67.00 75.00 OK
r-oldrel-osx-x86_64 2.0.8 OK

Check Details

Version: 2.0.8
Check: package dependencies
Result: ERROR
    Package required but not available: ‘edgeR’
    
    Package suggested but not available for checking: ‘HTSFilter’
    
    See section ‘The DESCRIPTION file’ in the ‘Writing R Extensions’
    manual.
Flavor: r-release-osx-x86_64