CRAN Package Check Results for Package HTSCluster

Last updated on 2018-06-23 16:46:42 CEST.

Flavor Version Tinstall Tcheck Ttotal Status Flags
r-devel-linux-x86_64-debian-clang 2.0.8 3.60 50.04 53.64 OK
r-devel-linux-x86_64-debian-gcc 2.0.8 4.05 38.64 42.69 OK
r-devel-linux-x86_64-fedora-clang 2.0.8 62.96 OK
r-devel-linux-x86_64-fedora-gcc 2.0.8 60.26 OK
r-devel-windows-ix86+x86_64 2.0.8 12.00 80.00 92.00 OK
r-patched-linux-x86_64 2.0.8 4.39 42.88 47.27 OK
r-patched-solaris-x86 2.0.8 78.50 OK
r-release-linux-x86_64 2.0.8 4.32 43.16 47.48 OK
r-release-windows-ix86+x86_64 2.0.8 9.00 58.00 67.00 OK
r-release-osx-x86_64 2.0.8 NOTE
r-oldrel-windows-ix86+x86_64 2.0.8 9.00 75.00 84.00 OK
r-oldrel-osx-x86_64 2.0.8 NOTE

Check Details

Version: 2.0.8
Check: package dependencies
Result: NOTE
    Package suggested but not available for checking: ‘HTSFilter’
Flavors: r-release-osx-x86_64, r-oldrel-osx-x86_64