CRAN Package Check Results for Package HTSCluster

Last updated on 2015-01-31 17:49:39.

Flavor Version Tinstall Tcheck Ttotal Status Flags
r-devel-linux-x86_64-debian-clang 2.0.4 1.42 23.56 24.98 NOTE
r-devel-linux-x86_64-debian-gcc 2.0.4 1.97 23.00 24.97 NOTE
r-devel-linux-x86_64-fedora-clang 2.0.4 61.59 OK
r-devel-linux-x86_64-fedora-gcc 2.0.4 56.58 OK
r-devel-osx-x86_64-clang 2.0.4 60.87 OK
r-devel-windows-ix86+x86_64 2.0.4 8.00 34.00 42.00 OK
r-patched-linux-x86_64 2.0.4 2.08 30.51 32.58 OK
r-patched-solaris-sparc 2.0.4 400.00 OK
r-patched-solaris-x86 2.0.4 81.20 OK
r-release-linux-ix86 2.0.4 2.48 39.66 42.13 OK
r-release-linux-x86_64 2.0.4 2.23 30.19 32.42 OK
r-release-osx-x86_64-mavericks 2.0.4 NOTE
r-release-osx-x86_64-snowleopard 2.0.4 NOTE
r-release-windows-ix86+x86_64 2.0.4 7.00 51.00 58.00 OK
r-oldrel-windows-ix86+x86_64 2.0.4 7.00 56.00 63.00 OK

Check Details

Version: 2.0.4
Check: package dependencies
Result: NOTE
    Packages suggested but not available for checking: ‘HTSFilter’ ‘Biobase’
Flavors: r-devel-linux-x86_64-debian-clang, r-devel-linux-x86_64-debian-gcc

Version: 2.0.4
Check: package dependencies
Result: NOTE
    Package suggested but not available for checking: ‘HTSFilter’
Flavors: r-release-osx-x86_64-mavericks, r-release-osx-x86_64-snowleopard