CRAN Package Check Results for Package HTSCluster

Last updated on 2014-10-25 21:46:29.

Flavor Version Tinstall Tcheck Ttotal Status Flags
r-devel-linux-x86_64-debian-clang 2.0.4 1.92 29.89 31.81 OK
r-devel-linux-x86_64-debian-gcc 2.0.4 1.88 29.70 31.58 OK
r-devel-linux-x86_64-fedora-clang 2.0.4 67.76 OK
r-devel-linux-x86_64-fedora-gcc 2.0.4 62.26 OK
r-devel-osx-x86_64-clang 2.0.4 60.60 OK
r-devel-windows-ix86+x86_64 2.0.4 6.00 43.00 49.00 OK
r-patched-linux-x86_64 2.0.4 2.00 31.07 33.07 OK
r-patched-solaris-sparc 2.0.4 437.30 OK
r-patched-solaris-x86 2.0.4 81.40 OK
r-release-linux-ix86 2.0.4 2.60 45.00 47.60 OK
r-release-linux-x86_64 2.0.4 2.01 35.50 37.51 OK
r-release-osx-x86_64-mavericks 2.0.4 NOTE
r-release-osx-x86_64-snowleopard 2.0.4 NOTE
r-release-windows-ix86+x86_64 2.0.4 6.00 54.00 60.00 OK
r-oldrel-windows-ix86+x86_64 2.0.4 7.00 51.00 58.00 OK

Check Details

Version: 2.0.4
Check: package dependencies
Result: NOTE
    Package suggested but not available for checking: ‘HTSFilter’
Flavors: r-release-osx-x86_64-mavericks, r-release-osx-x86_64-snowleopard