CRAN Package Check Results for Package HTSCluster

Last updated on 2022-05-26 05:57:50 CEST.

Flavor Version Tinstall Tcheck Ttotal Status Flags
r-devel-linux-x86_64-debian-clang 2.0.8 7.75 67.97 75.72 OK
r-devel-linux-x86_64-debian-gcc 2.0.8 5.64 58.91 64.55 OK
r-devel-linux-x86_64-fedora-clang 2.0.8 94.21 OK
r-devel-linux-x86_64-fedora-gcc 2.0.8 89.05 OK
r-devel-windows-x86_64 2.0.8 41.00 88.00 129.00 OK
r-patched-linux-x86_64 2.0.8 8.44 64.72 73.16 OK
r-release-linux-x86_64 2.0.8 OK
r-release-macos-arm64 2.0.8 27.00 OK
r-release-macos-x86_64 2.0.8 37.00 NOTE
r-release-windows-x86_64 2.0.8 25.00 90.00 115.00 OK
r-oldrel-macos-arm64 2.0.8 43.00 NOTE
r-oldrel-macos-x86_64 2.0.8 70.00 NOTE
r-oldrel-windows-ix86+x86_64 2.0.8 14.00 79.00 93.00 OK

Check Details

Version: 2.0.8
Check: package dependencies
Result: NOTE
    Package suggested but not available for checking: ‘HTSFilter’
Flavors: r-release-macos-x86_64, r-oldrel-macos-arm64, r-oldrel-macos-x86_64