CRAN Package Check Results for Package HTSCluster

Last updated on 2018-02-23 06:54:54 CET.

Flavor Version Tinstall Tcheck Ttotal Status Flags
r-devel-linux-x86_64-debian-clang 2.0.8 4.25 37.91 42.16 OK
r-devel-linux-x86_64-debian-gcc 2.0.8 3.57 33.29 36.86 OK
r-devel-windows-ix86+x86_64 2.0.8 13.00 75.00 88.00 OK
r-patched-linux-x86_64 2.0.8 2.50 44.83 47.33 OK
r-patched-solaris-x86 2.0.8 69.40 OK
r-release-linux-x86_64 2.0.8 2.74 44.88 47.62 OK
r-release-windows-ix86+x86_64 2.0.8 7.00 75.00 82.00 OK
r-release-osx-x86_64 2.0.8 ERROR
r-oldrel-windows-ix86+x86_64 2.0.8 6.00 71.00 77.00 OK
r-oldrel-osx-x86_64 2.0.8 OK

Check Details

Version: 2.0.8
Check: package dependencies
Result: ERROR
    Package required but not available: ‘edgeR’
    
    Package suggested but not available for checking: ‘HTSFilter’
    
    See section ‘The DESCRIPTION file’ in the ‘Writing R Extensions’
    manual.
Flavor: r-release-osx-x86_64