CRAN Package Check Results for Package HTSCluster

Last updated on 2017-06-28 03:48:31.

Flavor Version Tinstall Tcheck Ttotal Status Flags
r-devel-linux-x86_64-debian-clang 2.0.8 1.48 27.32 28.80 OK
r-devel-linux-x86_64-debian-gcc 2.0.8 1.46 27.35 28.81 OK
r-devel-linux-x86_64-fedora-clang 2.0.8 51.61 OK
r-devel-linux-x86_64-fedora-gcc 2.0.8 49.99 OK
r-devel-windows-ix86+x86_64 2.0.8 9.00 53.00 62.00 OK
r-patched-linux-x86_64 2.0.8 1.75 27.08 28.83 OK
r-patched-solaris-sparc 2.0.8 304.40 OK
r-patched-solaris-x86 2.0.8 62.50 OK
r-release-linux-x86_64 2.0.8 1.50 26.84 28.34 OK
r-release-windows-ix86+x86_64 2.0.8 10.00 73.00 83.00 OK
r-release-osx-x86_64 2.0.8 ERROR
r-oldrel-windows-ix86+x86_64 2.0.8 8.00 63.00 71.00 OK
r-oldrel-osx-x86_64 2.0.8 OK

Check Details

Version: 2.0.8
Check: package dependencies
Result: ERROR
    Package required but not available: ‘edgeR’
    
    Package suggested but not available for checking: ‘HTSFilter’
    
    See section ‘The DESCRIPTION file’ in the ‘Writing R Extensions’
    manual.
Flavor: r-release-osx-x86_64