Last updated on 2023-06-09 02:52:15 CEST.
Flavor | Version | Tinstall | Tcheck | Ttotal | Status | Flags |
---|---|---|---|---|---|---|
r-devel-linux-x86_64-debian-clang | 2.0.10 | 7.75 | 60.67 | 68.42 | OK | |
r-devel-linux-x86_64-debian-gcc | 2.0.10 | 6.22 | 45.67 | 51.89 | OK | |
r-devel-linux-x86_64-fedora-clang | 2.0.10 | 87.04 | OK | |||
r-devel-linux-x86_64-fedora-gcc | 2.0.10 | 94.28 | OK | |||
r-devel-windows-x86_64 | 2.0.10 | 7.00 | 73.00 | 80.00 | OK | |
r-patched-linux-x86_64 | 2.0.10 | 8.49 | 57.48 | 65.97 | OK | |
r-release-linux-x86_64 | 2.0.10 | 8.04 | 57.89 | 65.93 | OK | |
r-release-macos-arm64 | 2.0.10 | 32.00 | NOTE | |||
r-release-macos-x86_64 | 2.0.10 | 60.00 | NOTE | |||
r-release-windows-x86_64 | 2.0.10 | 6.00 | 81.00 | 87.00 | OK | |
r-oldrel-macos-arm64 | 2.0.10 | 27.00 | OK | |||
r-oldrel-macos-x86_64 | 2.0.10 | 37.00 | NOTE | |||
r-oldrel-windows-x86_64 | 2.0.10 | 9.00 | 80.00 | 89.00 | OK |
Version: 2.0.10
Check: package dependencies
Result: NOTE
Package suggested but not available for checking: ‘HTSFilter’
Flavors: r-release-macos-arm64, r-release-macos-x86_64, r-oldrel-macos-x86_64