CRAN Package Check Results for Package HTSCluster

Last updated on 2018-04-19 10:46:49 CEST.

Flavor Version Tinstall Tcheck Ttotal Status Flags
r-devel-linux-x86_64-debian-clang 2.0.8 4.31 37.95 42.26 OK
r-devel-linux-x86_64-debian-gcc 2.0.8 3.29 33.23 36.52 OK
r-devel-linux-x86_64-fedora-clang 2.0.8 54.33 OK
r-devel-linux-x86_64-fedora-gcc 2.0.8 56.57 OK
r-devel-windows-ix86+x86_64 2.0.8 10.00 84.00 94.00 OK
r-devel-osx-x86_64 2.0.8 NOTE
r-patched-linux-x86_64 2.0.8 3.26 42.07 45.33 OK
r-patched-solaris-x86 2.0.8 79.60 OK
r-release-linux-x86_64 2.0.8 2.75 45.46 48.21 OK
r-release-windows-ix86+x86_64 2.0.8 5.00 77.00 82.00 OK
r-release-osx-x86_64 2.0.8 NOTE
r-oldrel-windows-ix86+x86_64 2.0.8 7.00 62.00 69.00 OK

Check Details

Version: 2.0.8
Check: package dependencies
Result: NOTE
    Package suggested but not available for checking: ‘HTSFilter’
Flavors: r-devel-osx-x86_64, r-release-osx-x86_64