CRAN Package Check Results for Package HTSCluster

Last updated on 2015-07-28 23:47:35.

Flavor Version Tinstall Tcheck Ttotal Status Flags
r-devel-linux-x86_64-debian-clang 2.0.4 1.36 24.36 25.71 NOTE
r-devel-linux-x86_64-debian-gcc 2.0.4 1.41 23.02 24.44 NOTE
r-devel-linux-x86_64-fedora-clang 2.0.4 49.73 NOTE
r-devel-linux-x86_64-fedora-gcc 2.0.4 46.00 NOTE
r-devel-osx-x86_64-clang 2.0.4 46.11 OK
r-devel-windows-ix86+x86_64 2.0.4 5.00 38.00 43.00 NOTE
r-patched-linux-x86_64 2.0.4 1.94 23.50 25.44 OK
r-patched-solaris-sparc 2.0.4 309.60 OK
r-patched-solaris-x86 2.0.4 62.40 OK
r-release-linux-x86_64 2.0.4 1.59 23.29 24.88 OK
r-release-osx-x86_64-mavericks 2.0.4 NOTE
r-release-windows-ix86+x86_64 2.0.4 7.00 61.00 68.00 OK
r-oldrel-windows-ix86+x86_64 2.0.4 8.00 69.00 77.00 OK

Check Details

Version: 2.0.4
Check: R code for possible problems
Result: NOTE
    .myprobafxn: no visible global function definition for ‘dpois’
    PoisMixClus: no visible binding for global variable ‘quantile’
    PoisMixClus: no visible binding for global variable ‘median’
    PoisMixClus : <anonymous>: no visible global function definition for
     ‘median’
    PoisMixClusWrapper: no visible binding for global variable ‘quantile’
    PoisMixClusWrapper: no visible binding for global variable ‘median’
    PoisMixClusWrapper : <anonymous>: no visible global function definition
     for ‘median’
    PoisMixSim: no visible global function definition for ‘rexp’
    PoisMixSim: no visible global function definition for ‘runif’
    PoisMixSim: no visible global function definition for ‘rmultinom’
    kmeanInit: no visible binding for global variable ‘quantile’
    kmeanInit: no visible binding for global variable ‘median’
    kmeanInit : <anonymous>: no visible global function definition for
     ‘median’
    kmeanInit: no visible global function definition for ‘kmeans’
    mylogLikePoisMixObs: no visible global function definition for ‘dpois’
    plot.HTSCluster: no visible global function definition for ‘pdf’
    plot.HTSCluster: no visible global function definition for ‘par’
    plot.HTSCluster: no visible global function definition for ‘hist’
    plot.HTSCluster: no visible global function definition for ‘boxplot’
    plot.HTSCluster: no visible global function definition for ‘mtext’
    plot.HTSCluster: no visible global function definition for ‘points’
    plot.HTSCluster: no visible global function definition for ‘lines’
    plot.HTSCluster: no visible global function definition for ‘barplot’
    plot.HTSCluster: no visible global function definition for ‘axis’
    plot.HTSCluster: no visible global function definition for ‘abline’
    plot.HTSCluster: no visible global function definition for ‘text’
    plot.HTSCluster: no visible global function definition for ‘dev.off’
    plot.HTSClusterWrapper: no visible global function definition for ‘pdf’
    plot.HTSClusterWrapper: no visible global function definition for ‘par’
    plot.HTSClusterWrapper: no visible global function definition for
     ‘lines’
    plot.HTSClusterWrapper: no visible global function definition for
     ‘points’
    plot.HTSClusterWrapper: no visible global function definition for
     ‘dev.off’
    probaPost: no visible global function definition for ‘dist’
    probaPostInit: no visible binding for global variable ‘quantile’
    probaPostInit: no visible binding for global variable ‘median’
    probaPostInit : <anonymous>: no visible global function definition for
     ‘median’
    splitEMInit: no visible global function definition for ‘runif’
    Undefined global functions or variables:
     abline axis barplot boxplot dev.off dist dpois hist kmeans lines
     median mtext par pdf points quantile rexp rmultinom runif text
    Consider adding
     importFrom("grDevices", "dev.off", "pdf")
     importFrom("graphics", "abline", "axis", "barplot", "boxplot", "hist",
     "lines", "mtext", "par", "points", "text")
     importFrom("stats", "dist", "dpois", "kmeans", "median", "quantile",
     "rexp", "rmultinom", "runif")
    to your NAMESPACE.
Flavors: r-devel-linux-x86_64-debian-clang, r-devel-linux-x86_64-debian-gcc, r-devel-linux-x86_64-fedora-clang, r-devel-linux-x86_64-fedora-gcc

Version: 2.0.4
Check: R code for possible problems
Result: NOTE
    .myprobafxn: no visible global function definition for 'dpois'
    .onAttach: no visible global function definition for 'winMenuAddItem'
    PoisMixClus: no visible binding for global variable 'quantile'
    PoisMixClus: no visible binding for global variable 'median'
    PoisMixClus : <anonymous>: no visible global function definition for
     'median'
    PoisMixClusWrapper: no visible binding for global variable 'quantile'
    PoisMixClusWrapper: no visible binding for global variable 'median'
    PoisMixClusWrapper : <anonymous>: no visible global function definition
     for 'median'
    PoisMixSim: no visible global function definition for 'rexp'
    PoisMixSim: no visible global function definition for 'runif'
    PoisMixSim: no visible global function definition for 'rmultinom'
    kmeanInit: no visible binding for global variable 'quantile'
    kmeanInit: no visible binding for global variable 'median'
    kmeanInit : <anonymous>: no visible global function definition for
     'median'
    kmeanInit: no visible global function definition for 'kmeans'
    mylogLikePoisMixObs: no visible global function definition for 'dpois'
    plot.HTSCluster: no visible global function definition for 'pdf'
    plot.HTSCluster: no visible global function definition for 'par'
    plot.HTSCluster: no visible global function definition for 'hist'
    plot.HTSCluster: no visible global function definition for 'boxplot'
    plot.HTSCluster: no visible global function definition for 'mtext'
    plot.HTSCluster: no visible global function definition for 'points'
    plot.HTSCluster: no visible global function definition for 'lines'
    plot.HTSCluster: no visible global function definition for 'barplot'
    plot.HTSCluster: no visible global function definition for 'axis'
    plot.HTSCluster: no visible global function definition for 'abline'
    plot.HTSCluster: no visible global function definition for 'text'
    plot.HTSCluster: no visible global function definition for 'dev.off'
    plot.HTSClusterWrapper: no visible global function definition for 'pdf'
    plot.HTSClusterWrapper: no visible global function definition for 'par'
    plot.HTSClusterWrapper: no visible global function definition for
     'lines'
    plot.HTSClusterWrapper: no visible global function definition for
     'points'
    plot.HTSClusterWrapper: no visible global function definition for
     'dev.off'
    probaPost: no visible global function definition for 'dist'
    probaPostInit: no visible binding for global variable 'quantile'
    probaPostInit: no visible binding for global variable 'median'
    probaPostInit : <anonymous>: no visible global function definition for
     'median'
    splitEMInit: no visible global function definition for 'runif'
    Undefined global functions or variables:
     abline axis barplot boxplot dev.off dist dpois hist kmeans lines
     median mtext par pdf points quantile rexp rmultinom runif text
     winMenuAddItem
    Consider adding
     importFrom("grDevices", "dev.off", "pdf")
     importFrom("graphics", "abline", "axis", "barplot", "boxplot", "hist",
     "lines", "mtext", "par", "points", "text")
     importFrom("stats", "dist", "dpois", "kmeans", "median", "quantile",
     "rexp", "rmultinom", "runif")
     importFrom("utils", "winMenuAddItem")
    to your NAMESPACE.
Flavor: r-devel-windows-ix86+x86_64

Version: 2.0.4
Check: package dependencies
Result: NOTE
    Package suggested but not available for checking: ‘HTSFilter’
Flavor: r-release-osx-x86_64-mavericks