CRAN Package Check Results for Package HTSCluster

Last updated on 2015-05-28 11:48:24.

Flavor Version Tinstall Tcheck Ttotal Status Flags
r-devel-linux-x86_64-debian-clang 2.0.4 1.36 24.76 26.12 OK
r-devel-linux-x86_64-debian-gcc 2.0.4 1.34 23.48 24.82 OK
r-devel-linux-x86_64-fedora-clang 2.0.4 52.85 OK
r-devel-linux-x86_64-fedora-gcc 2.0.4 46.45 OK
r-devel-osx-x86_64-clang 2.0.4 48.18 OK
r-devel-windows-ix86+x86_64 2.0.4 5.00 36.00 41.00 OK
r-patched-linux-x86_64 2.0.4 1.35 23.22 24.57 OK
r-patched-solaris-sparc 2.0.4 301.00 OK
r-patched-solaris-x86 2.0.4 62.30 OK
r-release-linux-x86_64 2.0.4 1.32 23.33 24.65 OK
r-release-osx-x86_64-mavericks 2.0.4 NOTE
r-release-osx-x86_64-snowleopard 2.0.4 ERROR
r-release-windows-ix86+x86_64 2.0.4 6.00 39.00 45.00 OK
r-oldrel-windows-ix86+x86_64 2.0.4 7.00 74.00 81.00 OK

Check Details

Version: 2.0.4
Check: package dependencies
Result: NOTE
    Package suggested but not available for checking: ‘HTSFilter’
Flavor: r-release-osx-x86_64-mavericks

Version: 2.0.4
Check: package dependencies
Result: ERROR
    Package required but not available: ‘edgeR’
    
    Packages suggested but not available for checking: ‘HTSFilter’ ‘Biobase’
    
    See section ‘The DESCRIPTION file’ in the ‘Writing R Extensions’
    manual.
Flavor: r-release-osx-x86_64-snowleopard