CRAN Package Check Results for Package HTSCluster

Last updated on 2017-05-24 01:49:05.

Flavor Version Tinstall Tcheck Ttotal Status Flags
r-devel-linux-x86_64-debian-clang 2.0.8 1.64 27.81 29.45 OK
r-devel-linux-x86_64-debian-gcc 2.0.8 1.58 27.36 28.93 OK
r-devel-linux-x86_64-fedora-clang 2.0.8 52.04 OK --no-stop-on-test-error
r-devel-linux-x86_64-fedora-gcc 2.0.8 51.24 OK --no-stop-on-test-error
r-devel-windows-ix86+x86_64 2.0.8 10.00 54.00 64.00 OK
r-patched-linux-x86_64 2.0.8 1.60 26.96 28.57 OK
r-patched-solaris-sparc 2.0.8 304.40 OK
r-patched-solaris-x86 2.0.8 62.40 OK
r-release-linux-x86_64 2.0.8 1.54 26.87 28.41 OK
r-release-windows-ix86+x86_64 2.0.8 5.00 71.00 76.00 OK
r-release-osx-x86_64 2.0.8 ERROR
r-oldrel-windows-ix86+x86_64 2.0.8 7.00 65.00 72.00 OK
r-oldrel-osx-x86_64 2.0.8 OK

Check Details

Version: 2.0.8
Check: package dependencies
Result: ERROR
    Package required but not available: ‘edgeR’
    
    Package suggested but not available for checking: ‘HTSFilter’
    
    See section ‘The DESCRIPTION file’ in the ‘Writing R Extensions’
    manual.
Flavor: r-release-osx-x86_64