CRAN Package Check Results for Package HTSCluster

Last updated on 2017-10-17 00:51:45.

Flavor Version Tinstall Tcheck Ttotal Status Flags
r-devel-linux-x86_64-debian-clang 2.0.8 1.70 29.39 31.10 OK
r-devel-linux-x86_64-debian-gcc 2.0.8 2.24 31.33 33.56 OK
r-devel-linux-x86_64-fedora-clang 2.0.8 55.53 OK
r-devel-linux-x86_64-fedora-gcc 2.0.8 56.58 OK
r-devel-windows-ix86+x86_64 2.0.8 5.00 55.00 60.00 OK
r-patched-linux-x86_64 2.0.8 1.66 28.85 30.51 OK
r-patched-solaris-x86 2.0.8 68.80 OK
r-release-linux-x86_64 2.0.8 1.66 27.35 29.01 OK
r-release-windows-ix86+x86_64 2.0.8 5.00 46.00 51.00 OK
r-release-osx-x86_64 2.0.8 ERROR
r-oldrel-windows-ix86+x86_64 2.0.8 6.00 60.00 66.00 OK
r-oldrel-osx-x86_64 2.0.8 OK

Check Details

Version: 2.0.8
Check: package dependencies
Result: ERROR
    Package required but not available: ‘edgeR’
    
    Package suggested but not available for checking: ‘HTSFilter’
    
    See section ‘The DESCRIPTION file’ in the ‘Writing R Extensions’
    manual.
Flavor: r-release-osx-x86_64