CRAN Package Check Results for Package HTSCluster

Last updated on 2017-08-17 18:46:40.

Flavor Version Tinstall Tcheck Ttotal Status Flags
r-devel-linux-x86_64-debian-clang 2.0.8 1.44 28.80 30.24 OK
r-devel-linux-x86_64-debian-gcc 2.0.8 1.45 27.77 29.22 OK
r-devel-linux-x86_64-fedora-clang 2.0.8 53.16 OK
r-devel-linux-x86_64-fedora-gcc 2.0.8 55.74 OK
r-devel-windows-ix86+x86_64 2.0.8 5.00 47.00 52.00 OK
r-patched-linux-x86_64 2.0.8 1.52 28.18 29.69 OK
r-patched-solaris-x86 2.0.8 63.10 OK
r-release-linux-x86_64 2.0.8 1.50 27.35 28.86 OK
r-release-windows-ix86+x86_64 2.0.8 4.00 52.00 56.00 OK
r-release-osx-x86_64 2.0.8 ERROR
r-oldrel-windows-ix86+x86_64 2.0.8 6.00 46.00 52.00 OK
r-oldrel-osx-x86_64 2.0.8 OK

Check Details

Version: 2.0.8
Check: package dependencies
Result: ERROR
    Package required but not available: ‘edgeR’
    
    Package suggested but not available for checking: ‘HTSFilter’
    
    See section ‘The DESCRIPTION file’ in the ‘Writing R Extensions’
    manual.
Flavor: r-release-osx-x86_64