CRAN Package Check Results for Package HTSCluster

Last updated on 2014-08-22 13:46:53.

Flavor Version Tinstall Tcheck Ttotal Status Flags
r-devel-linux-x86_64-debian-clang 2.0.3 2.68 46.73 49.41 OK
r-devel-linux-x86_64-debian-gcc 2.0.3 2.50 45.03 47.53 OK
r-devel-linux-x86_64-fedora-clang 2.0.3 103.67 OK
r-devel-linux-x86_64-fedora-gcc 2.0.3 98.81 OK
r-devel-osx-x86_64-clang 2.0.3 90.24 OK
r-devel-windows-ix86+x86_64 2.0.3 8.00 76.00 84.00 OK
r-patched-linux-x86_64 2.0.3 3.52 45.95 49.47 OK
r-patched-solaris-sparc 2.0.3 585.50 OK
r-patched-solaris-x86 2.0.3 125.10 OK
r-release-linux-ix86 2.0.3 3.60 56.26 59.85 OK
r-release-linux-x86_64 2.0.3 2.72 47.64 50.37 OK
r-release-osx-x86_64-mavericks 2.0.3 NOTE
r-release-osx-x86_64-snowleopard 2.0.3 OK
r-release-windows-ix86+x86_64 2.0.3 10.00 74.00 84.00 OK
r-oldrel-windows-ix86+x86_64 2.0.3 11.00 71.00 82.00 OK

Check Details

Version: 2.0.3
Check: re-building of vignette outputs
Result: NOTE
    Error in re-building vignettes:
     ...
    Error in texi2dvi(file = file, pdf = TRUE, clean = clean, quiet = quiet, :
     Running 'texi2dvi' on 'HTSCluster.tex' failed.
    LaTeX errors:
    ! LaTeX Error: File `sectsty.sty' not found.
    
    Type X to quit or <RETURN> to proceed,
    or enter new name. (Default extension: sty)
    
    ./whbiocvignette.sty:36: ==> Fatal error occurred, no output PDF file produced
    !
    Calls: buildVignettes -> texi2pdf -> texi2dvi
    Execution halted
Flavor: r-release-osx-x86_64-mavericks