CRAN Package Check Results for Package HTSCluster

Last updated on 2014-09-02 20:48:51.

Flavor Version Tinstall Tcheck Ttotal Status Flags
r-devel-linux-x86_64-debian-clang 2.0.4 1.92 29.96 31.88 OK
r-devel-linux-x86_64-debian-gcc 2.0.4 1.90 28.77 30.67 OK
r-devel-linux-x86_64-fedora-clang 2.0.4 67.79 OK
r-devel-linux-x86_64-fedora-gcc 2.0.4 62.95 OK
r-devel-osx-x86_64-clang 2.0.4 57.10 OK
r-devel-windows-ix86+x86_64 2.0.4 6.00 47.00 53.00 OK
r-patched-linux-x86_64 2.0.4 2.60 33.59 36.19 OK
r-patched-solaris-sparc 2.0.4 462.40 OK
r-patched-solaris-x86 2.0.4 95.50 OK
r-release-linux-ix86 2.0.4 2.58 44.32 46.89 OK
r-release-linux-x86_64 2.0.4 2.03 34.11 36.14 OK
r-release-osx-x86_64-mavericks 2.0.4 NOTE
r-release-osx-x86_64-snowleopard 2.0.4 NOTE
r-release-windows-ix86+x86_64 2.0.4 6.00 57.00 63.00 OK
r-oldrel-windows-ix86+x86_64 2.0.4 6.00 52.00 58.00 OK

Check Details

Version: 2.0.4
Check: package dependencies
Result: NOTE
    Package suggested but not available for checking: ‘HTSFilter’
Flavors: r-release-osx-x86_64-mavericks, r-release-osx-x86_64-snowleopard