CRAN Package Check Results for Package HTSDiff

Last updated on 2014-11-25 20:47:57.

Flavor Version Tinstall Tcheck Ttotal Status Flags
r-devel-linux-x86_64-debian-clang 1.0.5 2.29 80.10 82.39 OK
r-devel-linux-x86_64-debian-gcc 1.0.5 2.30 78.94 81.25 OK
r-devel-linux-x86_64-fedora-clang 1.0.5 170.08 OK
r-devel-linux-x86_64-fedora-gcc 1.0.5 156.01 OK
r-devel-osx-x86_64-clang 1.0.5 133.03 OK
r-devel-windows-ix86+x86_64 1.0.5 7.00 116.00 123.00 OK
r-patched-linux-x86_64 1.0.5 2.30 80.95 83.25 OK
r-patched-solaris-sparc 1.0.5 946.80 OK
r-patched-solaris-x86 1.0.5 203.60 OK
r-release-linux-ix86 1.0.5 2.86 107.59 110.46 OK
r-release-linux-x86_64 1.0.5 2.43 78.38 80.82 OK
r-release-osx-x86_64-mavericks 1.0.5 NOTE
r-release-osx-x86_64-snowleopard 1.0.5 OK
r-release-windows-ix86+x86_64 1.0.5 7.00 122.00 129.00 OK
r-oldrel-windows-ix86+x86_64 1.0.5 7.00 119.00 126.00 NOTE

Check Details

Version: 1.0.5
Check: re-building of vignette outputs
Result: NOTE
    Error in re-building vignettes:
     ...
    Loading required package: plotrix
    Loading required package: HTSCluster
    Loading required package: capushe
    Loading required package: MASS
    Loading required package: limma
    Error in texi2dvi(file = file, pdf = TRUE, clean = clean, quiet = quiet, :
     Running 'texi2dvi' on 'HTSDiff.tex' failed.
    LaTeX errors:
    ! LaTeX Error: File `sectsty.sty' not found.
    
    Type X to quit or <RETURN> to proceed,
    or enter new name. (Default extension: sty)
    
    ./whbiocvignette.sty:36: ==> Fatal error occurred, no output PDF file produced
    !
    Calls: buildVignettes -> texi2pdf -> texi2dvi
    Execution halted
Flavor: r-release-osx-x86_64-mavericks

Version: 1.0.5
Check: dependencies in R code
Result: NOTE
    Missing or unexported object: 'HTSDiff::initialDataset'
    See the information on DESCRIPTION files in the chapter 'Creating R
    packages' of the 'Writing R Extensions' manual.
Flavor: r-oldrel-windows-ix86+x86_64