CRAN Package Check Results for Package HTSDiff

Last updated on 2014-10-31 11:47:24.

Flavor Version Tinstall Tcheck Ttotal Status Flags
r-devel-linux-x86_64-debian-clang 1.0.5 2.35 76.62 78.96 OK
r-devel-linux-x86_64-debian-gcc 1.0.5 2.26 76.03 78.30 OK
r-devel-linux-x86_64-fedora-clang 1.0.5 165.34 OK
r-devel-linux-x86_64-fedora-gcc 1.0.5 148.22 OK
r-devel-osx-x86_64-clang 1.0.5 99.46 OK
r-devel-windows-ix86+x86_64 1.0.5 9.00 110.00 119.00 OK
r-patched-linux-x86_64 1.0.5 2.32 78.83 81.15 OK
r-patched-solaris-sparc 1.0.5 946.80 OK
r-patched-solaris-x86 1.0.5 169.50 OK
r-release-linux-ix86 1.0.2 3.03 35.40 38.43 OK
r-release-linux-x86_64 1.0.2 2.38 27.06 29.43 OK
r-release-osx-x86_64-mavericks 1.0.5 NOTE
r-release-osx-x86_64-snowleopard 1.0.5 OK
r-release-windows-ix86+x86_64 1.0.5 8.00 124.00 132.00 NOTE
r-oldrel-windows-ix86+x86_64 1.0.5 10.00 122.00 132.00 NOTE

Check Details

Version: 1.0.5
Check: re-building of vignette outputs
Result: NOTE
    Error in re-building vignettes:
     ...
    Loading required package: plotrix
    Loading required package: HTSCluster
    Loading required package: capushe
    Loading required package: MASS
    Loading required package: limma
    Error in texi2dvi(file = file, pdf = TRUE, clean = clean, quiet = quiet, :
     Running 'texi2dvi' on 'HTSDiff.tex' failed.
    LaTeX errors:
    ! LaTeX Error: File `sectsty.sty' not found.
    
    Type X to quit or <RETURN> to proceed,
    or enter new name. (Default extension: sty)
    
    ./whbiocvignette.sty:36: ==> Fatal error occurred, no output PDF file produced
    !
    Calls: buildVignettes -> texi2pdf -> texi2dvi
    Execution halted
Flavor: r-release-osx-x86_64-mavericks

Version: 1.0.5
Check: dependencies in R code
Result: NOTE
    Missing or unexported object: 'HTSDiff::initialDataset'
    See the information on DESCRIPTION files in the chapter 'Creating R
    packages' of the 'Writing R Extensions' manual.
Flavors: r-release-windows-ix86+x86_64, r-oldrel-windows-ix86+x86_64