CRAN Package Check Results for Package HTSDiff

Last updated on 2014-04-25 05:47:17.

Flavor Version Tinstall Tcheck Ttotal Status Flags
r-devel-linux-x86_64-debian-clang 1.0.1 3.34 127.24 130.58 OK
r-devel-linux-x86_64-debian-gcc 1.0.1 3.26 34.16 37.42 OK
r-devel-linux-x86_64-fedora-clang 1.0.1 76.40 OK
r-devel-linux-x86_64-fedora-gcc 1.0.1 72.39 OK
r-devel-osx-x86_64-clang 1.0.1 77.34 OK
r-devel-osx-x86_64-gcc 1.0.1 ERROR
r-devel-windows-ix86+x86_64 1.0.1 9.00 49.00 58.00 OK
r-patched-linux-x86_64 1.0.1 3.34 34.46 37.80 OK
r-patched-solaris-sparc 1.0.1 423.30 OK
r-patched-solaris-x86 1.0.1 95.90 OK
r-release-linux-ix86 1.0.1 5.00 59.00 64.00 OK
r-release-linux-x86_64 1.0.1 3.17 33.66 36.83 OK
r-release-osx-x86_64-mavericks 1.0.1 ERROR
r-release-osx-x86_64-snowleopard 1.0.1 OK
r-release-windows-ix86+x86_64 1.0.1 11.00 53.00 64.00 OK
r-oldrel-windows-ix86+x86_64 1.0.1 11.00 53.00 64.00 OK

Check Details

Version: 1.0.1
Check: package dependencies
Result: ERROR
    Packages required but not available: ‘HTSCluster’ ‘edgeR’
    
    See the information on DESCRIPTION files in the chapter ‘Creating R
    packages’ of the ‘Writing R Extensions’ manual.
Flavors: r-devel-osx-x86_64-gcc, r-release-osx-x86_64-mavericks