CRAN Package Check Results for Package HTSDiff

Last updated on 2014-12-23 05:48:50.

Flavor Version Tinstall Tcheck Ttotal Status Flags
r-devel-linux-x86_64-debian-clang 1.0.5 2.33 79.94 82.27 OK
r-devel-linux-x86_64-debian-gcc 1.0.5 2.22 75.16 77.39 OK
r-devel-linux-x86_64-fedora-clang 1.0.5 161.33 OK
r-devel-linux-x86_64-fedora-gcc 1.0.5 155.49 OK
r-devel-osx-x86_64-clang 1.0.5 132.38 OK
r-devel-windows-ix86+x86_64 1.0.5 7.00 123.00 130.00 OK
r-patched-linux-x86_64 1.0.5 2.37 81.46 83.83 OK
r-patched-solaris-sparc 1.0.5 1030.20 OK
r-patched-solaris-x86 1.0.5 204.70 OK
r-release-linux-ix86 1.0.5 2.86 107.56 110.42 OK
r-release-linux-x86_64 1.0.5 2.34 79.10 81.44 OK
r-release-osx-x86_64-mavericks 1.0.5 NOTE
r-release-osx-x86_64-snowleopard 1.0.5 OK
r-release-windows-ix86+x86_64 1.0.5 8.00 119.00 127.00 OK
r-oldrel-windows-ix86+x86_64 1.0.5 7.00 118.00 125.00 NOTE

Check Details

Version: 1.0.5
Check: re-building of vignette outputs
Result: NOTE
    Error in re-building vignettes:
     ...
    Loading required package: plotrix
    Loading required package: HTSCluster
    Loading required package: capushe
    Loading required package: MASS
    Loading required package: limma
    Error in texi2dvi(file = file, pdf = TRUE, clean = clean, quiet = quiet, :
     Running 'texi2dvi' on 'HTSDiff.tex' failed.
    LaTeX errors:
    ! LaTeX Error: File `sectsty.sty' not found.
    
    Type X to quit or <RETURN> to proceed,
    or enter new name. (Default extension: sty)
    
    ./whbiocvignette.sty:36: ==> Fatal error occurred, no output PDF file produced
    !
    Calls: buildVignettes -> texi2pdf -> texi2dvi
    Execution halted
Flavor: r-release-osx-x86_64-mavericks

Version: 1.0.5
Check: dependencies in R code
Result: NOTE
    Missing or unexported object: 'HTSDiff::initialDataset'
    See the information on DESCRIPTION files in the chapter 'Creating R
    packages' of the 'Writing R Extensions' manual.
Flavor: r-oldrel-windows-ix86+x86_64