CRAN Package Check Results for Package HTSDiff

Last updated on 2014-09-02 10:51:49.

Flavor Version Tinstall Tcheck Ttotal Status Flags
r-devel-linux-x86_64-debian-clang 1.0.2 2.40 25.40 27.80 NOTE
r-devel-linux-x86_64-debian-gcc 1.0.2 2.18 24.42 26.60 NOTE
r-devel-linux-x86_64-fedora-clang 1.0.2 59.92 NOTE
r-devel-linux-x86_64-fedora-gcc 1.0.2 55.27 NOTE
r-devel-osx-x86_64-clang 1.0.2 55.76 NOTE
r-devel-windows-ix86+x86_64 1.0.2 6.00 45.00 51.00 NOTE
r-patched-linux-x86_64 1.0.2 2.30 26.00 28.30 OK
r-patched-solaris-sparc 1.0.2 442.50 OK
r-patched-solaris-x86 1.0.2 75.40 OK
r-release-linux-ix86 1.0.2 3.06 35.02 38.08 OK
r-release-linux-x86_64 1.0.2 2.32 26.79 29.11 OK
r-release-osx-x86_64-mavericks 1.0.2 NOTE
r-release-osx-x86_64-snowleopard 1.0.2 OK
r-release-windows-ix86+x86_64 1.0.2 9.00 48.00 57.00 OK
r-oldrel-windows-ix86+x86_64 1.0.2 11.00 48.00 59.00 OK

Check Details

Version: 1.0.2
Check: R code for possible problems
Result: NOTE
    syntheticData: no visible binding for global variable ‘initialDataset’
Flavors: r-devel-linux-x86_64-debian-clang, r-devel-linux-x86_64-debian-gcc, r-devel-linux-x86_64-fedora-clang, r-devel-linux-x86_64-fedora-gcc, r-devel-osx-x86_64-clang, r-devel-windows-ix86+x86_64

Version: 1.0.2
Check: re-building of vignette outputs
Result: NOTE
    Error in re-building vignettes:
     ...
    Error in texi2dvi(file = file, pdf = TRUE, clean = clean, quiet = quiet, :
     Running 'texi2dvi' on 'HTSDiff.tex' failed.
    LaTeX errors:
    ! LaTeX Error: File `sectsty.sty' not found.
    
    Type X to quit or <RETURN> to proceed,
    or enter new name. (Default extension: sty)
    
    ./whbiocvignette.sty:36: ==> Fatal error occurred, no output PDF file produced
    !
    Calls: buildVignettes -> texi2pdf -> texi2dvi
    Execution halted
Flavor: r-release-osx-x86_64-mavericks