CRAN Package Check Results for Package HWEBayes

Last updated on 2015-04-26 00:47:29.

Flavor Version Tinstall Tcheck Ttotal Status Flags
r-devel-linux-x86_64-debian-clang 1.4 1.01 30.28 31.28 NOTE
r-devel-linux-x86_64-debian-gcc 1.4 0.79 30.38 31.18 NOTE
r-devel-linux-x86_64-fedora-clang 1.4 61.28 NOTE
r-devel-linux-x86_64-fedora-gcc 1.4 61.59 NOTE
r-devel-osx-x86_64-clang 1.4 57.75 NOTE
r-devel-windows-ix86+x86_64 1.4 4.00 54.00 58.00 NOTE
r-patched-linux-x86_64 1.4 0.86 29.92 30.77 NOTE
r-patched-solaris-sparc 1.4 414.00 NOTE
r-patched-solaris-x86 1.4 74.20 NOTE
r-release-linux-x86_64 1.4 0.82 30.51 31.33 NOTE
r-release-osx-x86_64-mavericks 1.4 NOTE
r-release-osx-x86_64-snowleopard 1.4 NOTE
r-release-windows-ix86+x86_64 1.4 3.00 51.00 54.00 NOTE
r-oldrel-windows-ix86+x86_64 1.4 4.00 56.00 60.00 OK

Check Details

Version: 1.4
Check: DESCRIPTION meta-information
Result: NOTE
    Malformed Title field: should not end in a period.
Flavors: r-devel-windows-ix86+x86_64, r-release-windows-ix86+x86_64