CRAN Package Check Results for Package HWEBayes

Last updated on 2015-06-30 19:47:49.

Flavor Version Tinstall Tcheck Ttotal Status Flags
r-devel-linux-x86_64-debian-clang 1.4 0.76 29.50 30.25 NOTE
r-devel-linux-x86_64-debian-gcc 1.4 0.74 29.36 30.11 NOTE
r-devel-linux-x86_64-fedora-clang 1.4 59.23 NOTE
r-devel-linux-x86_64-fedora-gcc 1.4 55.72 NOTE
r-devel-osx-x86_64-clang 1.4 56.98 NOTE
r-devel-windows-ix86+x86_64 1.4 8.00 76.00 84.00 NOTE
r-patched-linux-x86_64 1.4 0.78 30.40 31.18 NOTE
r-patched-solaris-sparc 1.4 390.90 NOTE
r-patched-solaris-x86 1.4 75.20 NOTE
r-release-linux-x86_64 1.4 0.77 29.89 30.66 NOTE
r-release-osx-x86_64-mavericks 1.4 NOTE
r-release-windows-ix86+x86_64 1.4 4.00 58.00 62.00 NOTE
r-oldrel-windows-ix86+x86_64 1.4 5.00 66.00 71.00 OK

Check Details

Version: 1.4
Check: DESCRIPTION meta-information
Result: NOTE
    Malformed Title field: should not end in a period.
Flavors: r-devel-linux-x86_64-debian-clang, r-devel-linux-x86_64-debian-gcc, r-devel-linux-x86_64-fedora-clang, r-devel-linux-x86_64-fedora-gcc, r-devel-osx-x86_64-clang, r-devel-windows-ix86+x86_64, r-patched-linux-x86_64, r-patched-solaris-sparc, r-patched-solaris-x86, r-release-linux-x86_64, r-release-osx-x86_64-mavericks, r-release-windows-ix86+x86_64

Version: 1.4
Check: R code for possible problems
Result: NOTE
    HWEImportSamp: no visible global function definition for ‘dnorm’
    HWEImportSamp: no visible global function definition for ‘rnorm’
    HWEmodelsMLE: no visible global function definition for ‘optim’
    HWEsimdat: no visible global function definition for ‘rmultinom’
    LambdaOptim: no visible global function definition for ‘rnorm’
    LambdaOptim : LambdaPriorChoice: no visible global function definition
     for ‘quantile’
    LambdaOptim: no visible global function definition for ‘optim’
    SinglefPrior: no visible global function definition for ‘rnorm’
    SinglefReject: no visible global function definition for ‘runif’
    TriangNormHWE: no visible global function definition for ‘pbeta’
Flavors: r-devel-linux-x86_64-debian-clang, r-devel-linux-x86_64-debian-gcc, r-devel-linux-x86_64-fedora-clang, r-devel-windows-ix86+x86_64