CRAN Package Check Results for Package HWEBayes

Last updated on 2014-10-24 11:47:16.

Flavor Version Tinstall Tcheck Ttotal Status Flags
r-devel-linux-x86_64-debian-clang 1.4 1.02 33.96 34.98 OK
r-devel-linux-x86_64-debian-gcc 1.4 1.02 35.07 36.08 OK
r-devel-linux-x86_64-fedora-clang 1.4 70.87 OK
r-devel-linux-x86_64-fedora-gcc 1.4 64.42 OK
r-devel-osx-x86_64-clang 1.4 62.29 OK
r-devel-windows-ix86+x86_64 1.4 4.00 52.00 56.00 OK
r-patched-linux-x86_64 1.4 1.03 36.04 37.07 OK
r-patched-solaris-sparc 1.4 437.40 OK
r-patched-solaris-x86 1.4 85.60 OK
r-release-linux-ix86 1.4 1.40 46.03 47.43 OK
r-release-linux-x86_64 1.4 1.01 36.52 37.53 OK
r-release-osx-x86_64-mavericks 1.4 NOTE
r-release-osx-x86_64-snowleopard 1.4 NOTE
r-release-windows-ix86+x86_64 1.4 4.00 56.00 60.00 OK
r-oldrel-windows-ix86+x86_64 1.4 4.00 53.00 57.00 OK

Check Details

Version: 1.4
Check: re-building of vignette outputs
Result: NOTE
    Error in re-building vignettes:
     ...
    Error in texi2dvi(file = file, pdf = TRUE, clean = clean, quiet = quiet, :
     Running 'texi2dvi' on 'HWEBayes-Guide.tex' failed.
    LaTeX errors:
    ! LaTeX Error: File `subfigure.sty' not found.
    
    Type X to quit or <RETURN> to proceed,
    or enter new name. (Default extension: sty)
    
    n_test/HWEBayes/vignettes/HWEBayes-Guide.tex:6: ==> Fatal error occurred, no o
    utput PDF file produced!
    Calls: buildVignettes -> texi2pdf -> texi2dvi
    Execution halted
Flavor: r-release-osx-x86_64-mavericks

Version: 1.4
Check: re-building of vignette outputs
Result: NOTE
    Error in re-building vignettes:
     ...
    Error in texi2dvi(file = file, pdf = TRUE, clean = clean, quiet = quiet, :
     Running 'texi2dvi' on 'HWEBayes-Guide.tex' failed.
    LaTeX errors:
    ! LaTeX Error: File `subfigure.sty' not found.
    
    Type X to quit or <RETURN> to proceed,
    or enter new name. (Default extension: sty)
    Calls: buildVignettes -> texi2pdf -> texi2dvi
    Execution halted
Flavor: r-release-osx-x86_64-snowleopard