CRAN Package Check Results for Package HWEBayes

Last updated on 2015-02-27 22:49:19.

Flavor Version Tinstall Tcheck Ttotal Status Flags
r-devel-linux-x86_64-debian-clang 1.4 0.88 29.98 30.86 NOTE
r-devel-linux-x86_64-debian-gcc 1.4 0.79 28.77 29.56 NOTE
r-devel-linux-x86_64-fedora-clang 1.4 61.16 NOTE
r-devel-linux-x86_64-fedora-gcc 1.4 61.72 NOTE
r-devel-osx-x86_64-clang 1.4 59.75 NOTE
r-devel-windows-ix86+x86_64 1.4 5.00 46.00 51.00 NOTE
r-patched-linux-x86_64 1.4 1.04 36.54 37.58 OK
r-patched-solaris-sparc 1.4 463.50 OK
r-patched-solaris-x86 OK
r-release-linux-ix86 1.4 1.47 46.98 48.45 OK
r-release-linux-x86_64 1.4 1.02 37.70 38.72 OK
r-release-osx-x86_64-mavericks 1.4 OK
r-release-osx-x86_64-snowleopard 1.4 NOTE
r-release-windows-ix86+x86_64 1.4 4.00 65.00 69.00 OK
r-oldrel-windows-ix86+x86_64 1.4 4.00 67.00 71.00 OK

Check Details

Version: 1.4
Check: DESCRIPTION meta-information
Result: NOTE
    Malformed Title field: should not end in a period.
Flavors: r-devel-linux-x86_64-debian-clang, r-devel-linux-x86_64-debian-gcc, r-devel-linux-x86_64-fedora-clang, r-devel-linux-x86_64-fedora-gcc, r-devel-osx-x86_64-clang, r-devel-windows-ix86+x86_64

Version: 1.4
Check: re-building of vignette outputs
Result: NOTE
    Error in re-building vignettes:
     ...
    Error in texi2dvi(file = file, pdf = TRUE, clean = clean, quiet = quiet, :
     Running 'texi2dvi' on 'HWEBayes-Guide.tex' failed.
    LaTeX errors:
    ! LaTeX Error: File `subfigure.sty' not found.
    
    Type X to quit or <RETURN> to proceed,
    or enter new name. (Default extension: sty)
    Calls: buildVignettes -> texi2pdf -> texi2dvi
    Execution halted
Flavor: r-release-osx-x86_64-snowleopard