CRAN Package Check Results for Package HWEBayes

Last updated on 2014-04-23 17:47:46.

Flavor Version Tinstall Tcheck Ttotal Status Flags
r-devel-linux-x86_64-debian-clang 1.4 1.08 35.61 36.68 OK
r-devel-linux-x86_64-debian-gcc 1.4 1.12 37.35 38.47 OK
r-devel-linux-x86_64-fedora-clang 1.4 75.83 OK
r-devel-linux-x86_64-fedora-gcc 1.4 70.12 OK
r-devel-osx-x86_64-clang 1.4 65.44 OK
r-devel-osx-x86_64-gcc 1.4 OK
r-devel-windows-ix86+x86_64 1.4 4.00 56.00 60.00 OK
r-patched-linux-x86_64 1.4 1.14 36.70 37.84 OK
r-patched-solaris-sparc 1.4 422.90 OK
r-patched-solaris-x86 1.4 86.90 OK
r-release-linux-ix86 1.4 2.00 60.00 62.00 OK
r-release-linux-x86_64 1.4 1.12 35.14 36.25 OK
r-release-osx-x86_64-mavericks 1.4 NOTE
r-release-osx-x86_64-snowleopard 1.4 NOTE
r-release-windows-ix86+x86_64 1.4 4.00 55.00 59.00 OK
r-oldrel-windows-ix86+x86_64 1.4 4.00 56.00 60.00 OK

Check Details

Version: 1.4
Check: re-building of vignette outputs
Result: NOTE
    Error in re-building vignettes:
     ...
    Error in texi2dvi(file = file, pdf = TRUE, clean = clean, quiet = quiet, :
     Running 'texi2dvi' on 'HWEBayes-Guide.tex' failed.
    LaTeX errors:
    ! LaTeX Error: File `subfigure.sty' not found.
    
    Type X to quit or <RETURN> to proceed,
    or enter new name. (Default extension: sty)
    
    n_test/HWEBayes/vignettes/HWEBayes-Guide.tex:6: ==> Fatal error occurred, no o
    utput PDF file produced!
    Calls: buildVignettes -> texi2pdf -> texi2dvi
    Execution halted
Flavor: r-release-osx-x86_64-mavericks

Version: 1.4
Check: re-building of vignette outputs
Result: NOTE
    Error in re-building vignettes:
     ...
    Error in texi2dvi(file = file, pdf = TRUE, clean = clean, quiet = quiet, :
     Running 'texi2dvi' on 'HWEBayes-Guide.tex' failed.
    LaTeX errors:
    ! LaTeX Error: File `subfigure.sty' not found.
    
    Type X to quit or <RETURN> to proceed,
    or enter new name. (Default extension: sty)
    Calls: buildVignettes -> texi2pdf -> texi2dvi
    Execution halted
Flavor: r-release-osx-x86_64-snowleopard