CRAN Package Check Results for Package HWEBayes

Last updated on 2015-03-31 13:48:15.

Flavor Version Tinstall Tcheck Ttotal Status Flags
r-devel-linux-x86_64-debian-clang 1.4 1.00 30.43 31.43 NOTE
r-devel-linux-x86_64-debian-gcc 1.4 0.88 29.08 29.96 NOTE
r-devel-linux-x86_64-fedora-clang 1.4 63.20 NOTE
r-devel-linux-x86_64-fedora-gcc 1.4 57.93 NOTE
r-devel-osx-x86_64-clang 1.4 64.19 NOTE
r-prerel-windows-ix86+x86_64 1.4 4.00 52.00 56.00 NOTE
r-prerel-linux-x86_64 1.4 0.78 29.36 30.15 NOTE
r-prerel-solaris-sparc 1.4 414.00 NOTE
r-prerel-solaris-x86 1.4 71.90 NOTE
r-release-linux-x86_64 1.4 1.02 34.93 35.95 OK
r-release-osx-x86_64-mavericks 1.4 OK
r-release-osx-x86_64-snowleopard 1.4 NOTE
r-release-windows-ix86+x86_64 1.4 5.00 65.00 70.00 OK
r-oldrel-windows-ix86+x86_64 1.4 5.00 57.00 62.00 OK

Check Details

Version: 1.4
Check: DESCRIPTION meta-information
Result: NOTE
    Malformed Title field: should not end in a period.
Flavors: r-devel-linux-x86_64-debian-clang, r-devel-linux-x86_64-debian-gcc, r-devel-linux-x86_64-fedora-clang, r-devel-linux-x86_64-fedora-gcc, r-devel-osx-x86_64-clang, r-prerel-windows-ix86+x86_64, r-prerel-linux-x86_64, r-prerel-solaris-sparc, r-prerel-solaris-x86

Version: 1.4
Check: re-building of vignette outputs
Result: NOTE
    Error in re-building vignettes:
     ...
    Error in texi2dvi(file = file, pdf = TRUE, clean = clean, quiet = quiet, :
     Running 'texi2dvi' on 'HWEBayes-Guide.tex' failed.
    LaTeX errors:
    ! LaTeX Error: File `subfigure.sty' not found.
    
    Type X to quit or <RETURN> to proceed,
    or enter new name. (Default extension: sty)
    Calls: buildVignettes -> texi2pdf -> texi2dvi
    Execution halted
Flavor: r-release-osx-x86_64-snowleopard