CRAN Package Check Results for Package HWEBayes

Last updated on 2015-09-03 03:48:28.

Flavor Version Tinstall Tcheck Ttotal Status Flags
r-devel-linux-x86_64-debian-clang 1.4 0.77 30.80 31.57 NOTE
r-devel-linux-x86_64-debian-gcc 1.4 0.74 28.74 29.48 NOTE
r-devel-linux-x86_64-fedora-clang 1.4 58.73 NOTE
r-devel-linux-x86_64-fedora-gcc 1.4 58.85 NOTE
r-devel-osx-x86_64-clang 1.4 51.99 NOTE
r-devel-windows-ix86+x86_64 1.4 7.00 76.00 83.00 NOTE
r-patched-linux-x86_64 1.4 0.76 29.96 30.72 NOTE
r-patched-solaris-sparc 1.4 390.00 NOTE
r-patched-solaris-x86 1.4 75.50 NOTE
r-release-linux-x86_64 1.4 0.79 30.46 31.25 NOTE
r-release-osx-x86_64-mavericks 1.4 NOTE
r-release-windows-ix86+x86_64 1.4 5.00 50.00 55.00 NOTE
r-oldrel-windows-ix86+x86_64 1.4 7.00 72.00 79.00 OK

Check Details

Version: 1.4
Check: DESCRIPTION meta-information
Result: NOTE
    Malformed Title field: should not end in a period.
Flavors: r-devel-linux-x86_64-debian-clang, r-devel-linux-x86_64-debian-gcc, r-devel-linux-x86_64-fedora-clang, r-devel-linux-x86_64-fedora-gcc, r-devel-osx-x86_64-clang, r-devel-windows-ix86+x86_64, r-patched-linux-x86_64, r-patched-solaris-sparc, r-patched-solaris-x86, r-release-linux-x86_64, r-release-osx-x86_64-mavericks, r-release-windows-ix86+x86_64

Version: 1.4
Check: R code for possible problems
Result: NOTE
    HWEImportSamp: no visible global function definition for ‘dnorm’
    HWEImportSamp: no visible global function definition for ‘rnorm’
    HWEmodelsMLE: no visible global function definition for ‘optim’
    HWEsimdat: no visible global function definition for ‘rmultinom’
    LambdaOptim: no visible global function definition for ‘rnorm’
    LambdaOptim : LambdaPriorChoice: no visible global function definition
     for ‘quantile’
    LambdaOptim: no visible global function definition for ‘optim’
    SinglefPrior: no visible global function definition for ‘rnorm’
    SinglefReject: no visible global function definition for ‘runif’
    TriangNormHWE: no visible global function definition for ‘pbeta’
    Undefined global functions or variables:
     dnorm optim pbeta quantile rmultinom rnorm runif
    Consider adding
     importFrom("stats", "dnorm", "optim", "pbeta", "quantile", "rmultinom",
     "rnorm", "runif")
    to your NAMESPACE.
Flavors: r-devel-linux-x86_64-debian-clang, r-devel-linux-x86_64-debian-gcc, r-devel-linux-x86_64-fedora-clang, r-devel-linux-x86_64-fedora-gcc, r-devel-windows-ix86+x86_64