CRAN Package Check Results for Package HWEBayes

Last updated on 2017-11-24 20:50:44 CET.

Flavor Version Tinstall Tcheck Ttotal Status Flags
r-devel-linux-x86_64-debian-clang 1.4 4.00 116.31 120.31 NOTE
r-devel-linux-x86_64-debian-gcc 1.4 2.86 104.54 107.40 NOTE
r-devel-linux-x86_64-fedora-clang 1.4 98.46 NOTE
r-devel-linux-x86_64-fedora-gcc 1.4 97.97 NOTE
r-devel-windows-ix86+x86_64 1.4 8.00 117.00 125.00 NOTE
r-patched-linux-x86_64 1.4 4.04 122.03 126.07 NOTE
r-patched-solaris-x86 1.4 152.00 NOTE
r-release-linux-x86_64 1.4 4.02 118.04 122.06 NOTE
r-release-windows-ix86+x86_64 1.4 9.00 93.00 102.00 NOTE
r-release-osx-x86_64 1.4 NOTE
r-oldrel-windows-ix86+x86_64 1.4 8.00 91.00 99.00 NOTE
r-oldrel-osx-x86_64 1.4 NOTE

Check Details

Version: 1.4
Check: DESCRIPTION meta-information
Result: NOTE
    Malformed Title field: should not end in a period.
Flavors: r-devel-linux-x86_64-debian-clang, r-devel-linux-x86_64-debian-gcc, r-devel-linux-x86_64-fedora-clang, r-devel-linux-x86_64-fedora-gcc, r-devel-windows-ix86+x86_64, r-patched-linux-x86_64, r-patched-solaris-x86, r-release-linux-x86_64, r-release-windows-ix86+x86_64, r-release-osx-x86_64, r-oldrel-windows-ix86+x86_64, r-oldrel-osx-x86_64

Version: 1.4
Check: R code for possible problems
Result: NOTE
    HWEImportSamp: no visible global function definition for ‘dnorm’
    HWEImportSamp: no visible global function definition for ‘rnorm’
    HWEmodelsMLE: no visible global function definition for ‘optim’
    HWEsimdat: no visible global function definition for ‘rmultinom’
    LambdaOptim: no visible global function definition for ‘rnorm’
    LambdaOptim : LambdaPriorChoice: no visible global function definition
     for ‘quantile’
    LambdaOptim: no visible global function definition for ‘optim’
    SinglefPrior: no visible global function definition for ‘rnorm’
    SinglefReject: no visible global function definition for ‘runif’
    TriangNormHWE: no visible global function definition for ‘pbeta’
    Undefined global functions or variables:
     dnorm optim pbeta quantile rmultinom rnorm runif
    Consider adding
     importFrom("stats", "dnorm", "optim", "pbeta", "quantile", "rmultinom",
     "rnorm", "runif")
    to your NAMESPACE file.
Flavors: r-devel-linux-x86_64-debian-clang, r-devel-linux-x86_64-debian-gcc, r-devel-linux-x86_64-fedora-clang, r-devel-linux-x86_64-fedora-gcc, r-devel-windows-ix86+x86_64, r-patched-linux-x86_64, r-patched-solaris-x86, r-release-linux-x86_64, r-release-windows-ix86+x86_64, r-release-osx-x86_64, r-oldrel-windows-ix86+x86_64, r-oldrel-osx-x86_64

Version: 1.4
Check: re-building of vignette outputs
Result: NOTE
    Error in re-building vignettes:
     ...
    Error in texi2dvi(file = file, pdf = TRUE, clean = clean, quiet = quiet, :
     Running 'texi2dvi' on 'HWEBayes-Guide.tex' failed.
    LaTeX errors:
    ! LaTeX Error: File `subfigure.sty' not found.
    
    Type X to quit or <RETURN> to proceed,
    or enter new name. (Default extension: sty)
    
    ! Emergency stop.
    <read *>
    
    l.6 \renewcommand
     {\baselinestretch}{1}^^M
    ! ==> Fatal error occurred, no output PDF file produced!
    Calls: buildVignettes -> texi2pdf -> texi2dvi
    Execution halted
Flavor: r-release-osx-x86_64