CRAN Package Check Results for Package HWEBayes

Last updated on 2017-02-23 15:48:23.

Flavor Version Tinstall Tcheck Ttotal Status Flags
r-devel-linux-x86_64-debian-clang 1.4 2.72 49.69 52.41 NOTE
r-devel-linux-x86_64-debian-gcc 1.4 2.87 48.83 51.70 NOTE
r-devel-linux-x86_64-fedora-clang 1.4 114.83 NOTE --no-stop-on-test-error
r-devel-linux-x86_64-fedora-gcc 1.4 121.33 NOTE --no-stop-on-test-error
r-devel-macos-x86_64-clang 1.4 86.15 NOTE --no-stop-on-test-error
r-devel-windows-ix86+x86_64 1.4 12.00 115.00 127.00 NOTE
r-patched-linux-x86_64 1.4 2.76 46.59 49.34 NOTE
r-patched-solaris-sparc 1.4 608.30 NOTE
r-patched-solaris-x86 1.4 131.30 NOTE
r-release-linux-x86_64 1.4 2.82 45.19 48.01 NOTE
r-release-osx-x86_64-mavericks 1.4 NOTE
r-release-windows-ix86+x86_64 1.4 11.00 104.00 115.00 NOTE
r-oldrel-windows-ix86+x86_64 1.4 9.00 133.00 142.00 NOTE

Check Details

Version: 1.4
Check: DESCRIPTION meta-information
Result: NOTE
    Malformed Title field: should not end in a period.
Flavors: r-devel-linux-x86_64-debian-clang, r-devel-linux-x86_64-debian-gcc, r-devel-windows-ix86+x86_64, r-patched-linux-x86_64, r-patched-solaris-sparc, r-patched-solaris-x86, r-release-linux-x86_64, r-release-osx-x86_64-mavericks, r-release-windows-ix86+x86_64, r-oldrel-windows-ix86+x86_64

Version: 1.4
Check: R code for possible problems
Result: NOTE
    HWEImportSamp: no visible global function definition for ‘dnorm’
    HWEImportSamp: no visible global function definition for ‘rnorm’
    HWEmodelsMLE: no visible global function definition for ‘optim’
    HWEsimdat: no visible global function definition for ‘rmultinom’
    LambdaOptim: no visible global function definition for ‘rnorm’
    LambdaOptim : LambdaPriorChoice: no visible global function definition
     for ‘quantile’
    LambdaOptim: no visible global function definition for ‘optim’
    SinglefPrior: no visible global function definition for ‘rnorm’
    SinglefReject: no visible global function definition for ‘runif’
    TriangNormHWE: no visible global function definition for ‘pbeta’
    Undefined global functions or variables:
     dnorm optim pbeta quantile rmultinom rnorm runif
    Consider adding
     importFrom("stats", "dnorm", "optim", "pbeta", "quantile", "rmultinom",
     "rnorm", "runif")
    to your NAMESPACE file.
Flavors: r-devel-linux-x86_64-debian-clang, r-devel-linux-x86_64-debian-gcc, r-devel-windows-ix86+x86_64, r-patched-linux-x86_64, r-patched-solaris-sparc, r-patched-solaris-x86, r-release-linux-x86_64, r-release-osx-x86_64-mavericks, r-release-windows-ix86+x86_64

Version: 1.4
Flags: --no-stop-on-test-error
Check: DESCRIPTION meta-information
Result: NOTE
    Malformed Title field: should not end in a period.
Flavors: r-devel-linux-x86_64-fedora-clang, r-devel-linux-x86_64-fedora-gcc, r-devel-macos-x86_64-clang

Version: 1.4
Flags: --no-stop-on-test-error
Check: R code for possible problems
Result: NOTE
    HWEImportSamp: no visible global function definition for ‘dnorm’
    HWEImportSamp: no visible global function definition for ‘rnorm’
    HWEmodelsMLE: no visible global function definition for ‘optim’
    HWEsimdat: no visible global function definition for ‘rmultinom’
    LambdaOptim: no visible global function definition for ‘rnorm’
    LambdaOptim : LambdaPriorChoice: no visible global function definition
     for ‘quantile’
    LambdaOptim: no visible global function definition for ‘optim’
    SinglefPrior: no visible global function definition for ‘rnorm’
    SinglefReject: no visible global function definition for ‘runif’
    TriangNormHWE: no visible global function definition for ‘pbeta’
    Undefined global functions or variables:
     dnorm optim pbeta quantile rmultinom rnorm runif
    Consider adding
     importFrom("stats", "dnorm", "optim", "pbeta", "quantile", "rmultinom",
     "rnorm", "runif")
    to your NAMESPACE file.
Flavors: r-devel-linux-x86_64-fedora-clang, r-devel-linux-x86_64-fedora-gcc, r-devel-macos-x86_64-clang