CRAN Package Check Results for Package HWEBayes

Last updated on 2016-05-04 23:46:56.

Flavor Version Tinstall Tcheck Ttotal Status Flags
r-devel-linux-x86_64-debian-gcc 1.4 3.20 47.39 50.58 NOTE
r-devel-linux-x86_64-fedora-clang 1.4 99.53 NOTE
r-devel-linux-x86_64-fedora-gcc 1.4 92.35 NOTE
r-devel-osx-x86_64-clang 1.4 108.29 NOTE
r-devel-windows-ix86+x86_64 1.4 12.00 89.00 101.00 NOTE
r-patched-linux-x86_64 1.4 3.42 45.43 48.85 NOTE
r-patched-solaris-sparc 1.4 711.40 NOTE
r-patched-solaris-x86 1.4 125.50 NOTE
r-release-linux-x86_64 1.4 2.96 46.23 49.18 NOTE
r-release-osx-x86_64-mavericks 1.4 NOTE
r-release-windows-ix86+x86_64 1.4 12.00 89.00 101.00 NOTE
r-oldrel-windows-ix86+x86_64 1.4 14.00 125.00 139.00 NOTE

Check Details

Version: 1.4
Check: DESCRIPTION meta-information
Result: NOTE
    Malformed Title field: should not end in a period.
Flavors: r-devel-linux-x86_64-debian-gcc, r-devel-linux-x86_64-fedora-clang, r-devel-linux-x86_64-fedora-gcc, r-devel-osx-x86_64-clang, r-devel-windows-ix86+x86_64, r-patched-linux-x86_64, r-patched-solaris-sparc, r-patched-solaris-x86, r-release-linux-x86_64, r-release-osx-x86_64-mavericks, r-release-windows-ix86+x86_64, r-oldrel-windows-ix86+x86_64

Version: 1.4
Check: R code for possible problems
Result: NOTE
    HWEImportSamp: no visible global function definition for ‘dnorm’
    HWEImportSamp: no visible global function definition for ‘rnorm’
    HWEmodelsMLE: no visible global function definition for ‘optim’
    HWEsimdat: no visible global function definition for ‘rmultinom’
    LambdaOptim: no visible global function definition for ‘rnorm’
    LambdaOptim : LambdaPriorChoice: no visible global function definition
     for ‘quantile’
    LambdaOptim: no visible global function definition for ‘optim’
    SinglefPrior: no visible global function definition for ‘rnorm’
    SinglefReject: no visible global function definition for ‘runif’
    TriangNormHWE: no visible global function definition for ‘pbeta’
    Undefined global functions or variables:
     dnorm optim pbeta quantile rmultinom rnorm runif
    Consider adding
     importFrom("stats", "dnorm", "optim", "pbeta", "quantile", "rmultinom",
     "rnorm", "runif")
    to your NAMESPACE file.
Flavors: r-devel-linux-x86_64-debian-gcc, r-devel-linux-x86_64-fedora-clang, r-devel-linux-x86_64-fedora-gcc, r-devel-osx-x86_64-clang, r-devel-windows-ix86+x86_64, r-patched-linux-x86_64, r-patched-solaris-sparc, r-patched-solaris-x86, r-release-linux-x86_64, r-release-windows-ix86+x86_64