CRAN Package Check Results for Package HadoopStreaming

Last updated on 2015-08-28 19:47:15.

Flavor Version Tinstall Tcheck Ttotal Status Flags
r-devel-linux-x86_64-debian-clang 0.2 0.52 8.49 9.01 NOTE
r-devel-linux-x86_64-debian-gcc 0.2 0.56 8.63 9.19 NOTE
r-devel-linux-x86_64-fedora-clang 0.2 17.53 NOTE
r-devel-linux-x86_64-fedora-gcc 0.2 16.42 NOTE
r-devel-osx-x86_64-clang 0.2 18.25 OK
r-devel-windows-ix86+x86_64 0.2 5.00 21.00 26.00 NOTE
r-patched-linux-x86_64 0.2 0.64 9.03 9.67 NOTE
r-patched-solaris-sparc 0.2 125.00 OK
r-patched-solaris-x86 0.2 28.40 OK
r-release-linux-x86_64 0.2 0.56 9.05 9.60 NOTE
r-release-osx-x86_64-mavericks 0.2 OK
r-release-windows-ix86+x86_64 0.2 3.00 19.00 22.00 OK
r-oldrel-windows-ix86+x86_64 0.2 4.00 20.00 24.00 OK

Check Details

Version: 0.2
Check: R code for possible problems
Result: NOTE
    hsTableReader: no visible global function definition for ‘object.size’
    hsWriteTable: no visible global function definition for ‘write.table’
    Undefined global functions or variables:
     object.size write.table
    Consider adding
     importFrom("utils", "object.size", "write.table")
    to your NAMESPACE.
Flavors: r-devel-linux-x86_64-debian-clang, r-devel-linux-x86_64-debian-gcc, r-devel-linux-x86_64-fedora-clang, r-devel-linux-x86_64-fedora-gcc, r-devel-windows-ix86+x86_64

Version: 0.2
Check: Rd line widths
Result: NOTE
    Rd file 'hsKeyValReader.Rd':
     \usage lines wider than 90 characters:
     hsKeyValReader(file = "", chunkSize = -1, skip = 0, sep = "\t",FUN = function(k, v) cat(paste(k, v, sep = ": "), sep = "\n"))
    
    Rd file 'hsLineReader.Rd':
     \examples lines wider than 100 characters:
     str <- "Hello here are some\nlines of text\nto read in, chunkSize\nlines at a time.\nHow interesting.\nhuh?"
    
    Rd file 'hsTableReader.Rd':
     \examples lines wider than 100 characters:
     str <- "key1\t3.9\nkey1\t8.9\nkey1\t1.2\nkey1\t3.9\nkey1\t8.9\nkey1\t1.2\nkey2\t9.9\nkey2\t10.1\nkey3\t1.0\nkey3\t3.4\nkey4\t9.4\n"
     hsTableReader(con,cols,chunkSize=5,FUN=reducerFullKeys,ignoreKey=FALSE,singleKey=FALSE,PFUN=reducerPartialKey)
     hsTableReader(con,cols,chunkSize=6,FUN=reducerKeyAtOnce,ignoreKey=FALSE,singleKey=TRUE,PFUN=reducerPartialKey)
     hsTableReader(con,cols,chunkSize=6,FUN=reducerManyCompleteKeys,ignoreKey=FALSE,singleKey=FALSE,PFUN=reducerPartialKey)
    
    These lines will be truncated in the PDF manual.
Flavors: r-devel-linux-x86_64-debian-clang, r-devel-linux-x86_64-debian-gcc, r-devel-linux-x86_64-fedora-clang, r-devel-linux-x86_64-fedora-gcc, r-patched-linux-x86_64, r-release-linux-x86_64