CRAN Package Check Results for Package HadoopStreaming

Last updated on 2014-04-19 11:48:51.

Flavor Version Tinstall Tcheck Ttotal Status Flags
r-devel-linux-x86_64-debian-clang 0.2 0.58 9.72 10.30 OK
r-devel-linux-x86_64-debian-gcc 0.2 0.59 9.89 10.48 OK
r-devel-linux-x86_64-fedora-clang 0.2 20.05 NOTE
r-devel-linux-x86_64-fedora-gcc 0.2 19.51 NOTE
r-devel-macosx-x86_64-clang 0.2 24.83 OK
r-devel-macosx-x86_64-gcc 0.2 OK
r-devel-windows-ix86+x86_64 0.2 2.00 22.00 24.00 OK
r-patched-linux-x86_64 0.2 0.63 9.86 10.49 OK
r-patched-solaris-sparc 0.2 115.80 OK
r-patched-solaris-x86 0.2 30.60 OK
r-release-linux-ix86 0.2 2.00 22.00 24.00 OK
r-release-linux-x86_64 0.2 0.58 9.81 10.39 OK
r-release-macosx-x86_64 0.2 OK
r-release-windows-ix86+x86_64 0.2 4.00 22.00 26.00 OK
r-oldrel-windows-ix86+x86_64 0.2 2.00 18.00 20.00 OK

Check Details

Version: 0.2
Check: Rd line widths
Result: NOTE
    Rd file 'hsKeyValReader.Rd':
     \usage lines wider than 90 characters:
     hsKeyValReader(file = "", chunkSize = -1, skip = 0, sep = "\t",FUN = function(k, v) cat(paste(k, v, sep = ": "), sep = "\n"))
    
    Rd file 'hsLineReader.Rd':
     \examples lines wider than 100 characters:
     str <- "Hello here are some\nlines of text\nto read in, chunkSize\nlines at a time.\nHow interesting.\nhuh?"
    
    Rd file 'hsTableReader.Rd':
     \examples lines wider than 100 characters:
     str <- "key1\t3.9\nkey1\t8.9\nkey1\t1.2\nkey1\t3.9\nkey1\t8.9\nkey1\t1.2\nkey2\t9.9\nkey2\t10.1\nkey3\t1.0\nkey3\t3.4\nkey4\t9.4\n"
     hsTableReader(con,cols,chunkSize=5,FUN=reducerFullKeys,ignoreKey=FALSE,singleKey=FALSE,PFUN=reducerPartialKey)
     hsTableReader(con,cols,chunkSize=6,FUN=reducerKeyAtOnce,ignoreKey=FALSE,singleKey=TRUE,PFUN=reducerPartialKey)
     hsTableReader(con,cols,chunkSize=6,FUN=reducerManyCompleteKeys,ignoreKey=FALSE,singleKey=FALSE,PFUN=reducerPartialKey)
    
    These lines will be truncated in the PDF manual.
Flavors: r-devel-linux-x86_64-fedora-clang, r-devel-linux-x86_64-fedora-gcc