CRAN Package Check Results for Package HadoopStreaming

Last updated on 2016-09-26 21:51:34.

Flavor Version Tinstall Tcheck Ttotal Status Flags
r-devel-linux-x86_64-debian-clang 0.2 0.56 9.25 9.80 NOTE
r-devel-linux-x86_64-debian-gcc 0.2 0.59 9.48 10.07 NOTE
r-devel-linux-x86_64-fedora-clang 0.2 16.38 NOTE
r-devel-linux-x86_64-fedora-gcc 0.2 16.78 NOTE
r-devel-macos-x86_64-clang 0.2 15.59 NOTE
r-devel-windows-ix86+x86_64 0.2 5.00 33.00 38.00 NOTE
r-patched-linux-x86_64 0.2 0.56 9.13 9.69 NOTE
r-patched-solaris-sparc 0.2 93.90 NOTE
r-patched-solaris-x86 0.2 20.80 NOTE
r-release-linux-x86_64 0.2 0.56 9.45 10.01 NOTE
r-release-osx-x86_64-mavericks 0.2 NOTE
r-release-windows-ix86+x86_64 0.2 4.00 36.00 40.00 NOTE
r-oldrel-windows-ix86+x86_64 0.2 5.00 30.00 35.00 OK

Check Details

Version: 0.2
Check: R code for possible problems
Result: NOTE
    hsTableReader: no visible global function definition for ‘object.size’
    hsWriteTable: no visible global function definition for ‘write.table’
    Undefined global functions or variables:
     object.size write.table
    Consider adding
     importFrom("utils", "object.size", "write.table")
    to your NAMESPACE file.
Flavors: r-devel-linux-x86_64-debian-clang, r-devel-linux-x86_64-debian-gcc, r-devel-linux-x86_64-fedora-clang, r-devel-linux-x86_64-fedora-gcc, r-devel-macos-x86_64-clang, r-devel-windows-ix86+x86_64, r-patched-linux-x86_64, r-patched-solaris-sparc, r-patched-solaris-x86, r-release-linux-x86_64, r-release-osx-x86_64-mavericks, r-release-windows-ix86+x86_64

Version: 0.2
Check: Rd line widths
Result: NOTE
    Rd file 'hsKeyValReader.Rd':
     \usage lines wider than 90 characters:
     hsKeyValReader(file = "", chunkSize = -1, skip = 0, sep = "\t",FUN = function(k, v) cat(paste(k, v, sep = ": "), sep = "\n"))
    
    Rd file 'hsLineReader.Rd':
     \examples lines wider than 100 characters:
     str <- "Hello here are some\nlines of text\nto read in, chunkSize\nlines at a time.\nHow interesting.\nhuh?"
    
    Rd file 'hsTableReader.Rd':
     \examples lines wider than 100 characters:
     str <- "key1\t3.9\nkey1\t8.9\nkey1\t1.2\nkey1\t3.9\nkey1\t8.9\nkey1\t1.2\nkey2\t9.9\nkey2\t10.1\nkey3\t1.0\nkey3\t3.4\nkey4\t9.4\n"
     hsTableReader(con,cols,chunkSize=5,FUN=reducerFullKeys,ignoreKey=FALSE,singleKey=FALSE,PFUN=reducerPartialKey)
     hsTableReader(con,cols,chunkSize=6,FUN=reducerKeyAtOnce,ignoreKey=FALSE,singleKey=TRUE,PFUN=reducerPartialKey)
     hsTableReader(con,cols,chunkSize=6,FUN=reducerManyCompleteKeys,ignoreKey=FALSE,singleKey=FALSE,PFUN=reducerPartialKey)
    
    These lines will be truncated in the PDF manual.
Flavors: r-devel-linux-x86_64-debian-clang, r-devel-linux-x86_64-debian-gcc, r-devel-linux-x86_64-fedora-clang, r-devel-linux-x86_64-fedora-gcc, r-patched-linux-x86_64, r-release-linux-x86_64